{"id":3005,"date":"2022-09-23T19:42:07","date_gmt":"2022-09-23T19:42:07","guid":{"rendered":"https:\/\/tlatelolcounam.mx\/uva\/?post_type=tribe_events&#038;p=3005"},"modified":"2022-09-23T19:42:07","modified_gmt":"2022-09-23T19:42:07","slug":"libros-que-abrazan-10-3","status":"publish","type":"tribe_events","link":"https:\/\/tlatelolcounam.mx\/uva\/event\/libros-que-abrazan-10-3\/","title":{"rendered":"\ud83d\udc76\ud83c\udffd LIBROS QUE ABRAZAN"},"content":{"rendered":"<p>Acomp\u00e1\u00f1anos y escuchemos las historias y consejos de nuestra querida Leticia Jim\u00e9nez, mediadora de amplia experiencia y especializada en primeras infancias.<\/p>\n<p>\u00bfTienes dudas, inquietudes o quieres compartir experiencias propias con tu beb\u00e9 y sus lecturas? \u00a1Este es el espacio para ustedes!<\/p>\n<p>&nbsp;<\/p>\n<p>&nbsp;<\/p>\n","protected":false},"excerpt":{"rendered":"<p>Acomp\u00e1\u00f1anos y escuchemos las historias y consejos de nuestra querida Leticia Jim\u00e9nez, mediadora de amplia experiencia y especializada en primeras&nbsp;<a href=\"https:\/\/tlatelolcounam.mx\/uva\/event\/libros-que-abrazan-10-3\/\">&hellip;<\/a><\/p>\n","protected":false},"author":2,"featured_media":2995,"template":"","meta":{"_tribe_events_status":"","_tribe_events_status_reason":"","footnotes":""},"tags":[66,42,48,47],"tribe_events_cat":[39],"class_list":["post-3005","tribe_events","type-tribe_events","status-publish","has-post-thumbnail","hentry","tag-bebes","tag-cartelera","tag-crecer-entre-libros","tag-libros-que-abrazan","tribe_events_cat-cartelera","cat_cartelera","odd"],"_links":{"self":[{"href":"https:\/\/tlatelolcounam.mx\/uva\/wp-json\/wp\/v2\/tribe_events\/3005","targetHints":{"allow":["GET"]}}],"collection":[{"href":"https:\/\/tlatelolcounam.mx\/uva\/wp-json\/wp\/v2\/tribe_events"}],"about":[{"href":"https:\/\/tlatelolcounam.mx\/uva\/wp-json\/wp\/v2\/types\/tribe_events"}],"author":[{"embeddable":true,"href":"https:\/\/tlatelolcounam.mx\/uva\/wp-json\/wp\/v2\/users\/2"}],"version-history":[{"count":1,"href":"https:\/\/tlatelolcounam.mx\/uva\/wp-json\/wp\/v2\/tribe_events\/3005\/revisions"}],"predecessor-version":[{"id":3006,"href":"https:\/\/tlatelolcounam.mx\/uva\/wp-json\/wp\/v2\/tribe_events\/3005\/revisions\/3006"}],"wp:featuredmedia":[{"embeddable":true,"href":"https:\/\/tlatelolcounam.mx\/uva\/wp-json\/wp\/v2\/media\/2995"}],"wp:attachment":[{"href":"https:\/\/tlatelolcounam.mx\/uva\/wp-json\/wp\/v2\/media?parent=3005"}],"wp:term":[{"taxonomy":"post_tag","embeddable":true,"href":"https:\/\/tlatelolcounam.mx\/uva\/wp-json\/wp\/v2\/tags?post=3005"},{"taxonomy":"tribe_events_cat","embeddable":true,"href":"https:\/\/tlatelolcounam.mx\/uva\/wp-json\/wp\/v2\/tribe_events_cat?post=3005"}],"curies":[{"name":"wp","href":"https:\/\/api.w.org\/{rel}","templated":true}]}}

<p>Acompáñanos y escuchemos las historias y consejos de nuestra querida Leticia Jiménez, mediadora de amplia experiencia y especializada en primeras infancias.</p>
<p>¿Tienes dudas, inquietudes o quieres compartir experiencias propias con tu bebé y sus lecturas? ¡Este es el espacio para ustedes!</p>
<p>&nbsp;</p>
<p>&nbsp;</p>

<p>Acompáñanos y escuchemos las historias y consejos de nuestra querida Leticia Jiménez, mediadora de amplia experiencia y especializada en primeras&nbsp;<a href="https://tlatelolcounam.mx/uva/event/libros-que-abrazan-10-3/">&hellip;</a></p>
