{"id":2973,"date":"2022-08-29T19:52:43","date_gmt":"2022-08-29T19:52:43","guid":{"rendered":"https:\/\/tlatelolcounam.mx\/uva\/?post_type=tribe_events&#038;p=2973"},"modified":"2022-08-29T19:52:43","modified_gmt":"2022-08-29T19:52:43","slug":"atth-cuentos-9-3","status":"publish","type":"tribe_events","link":"https:\/\/tlatelolcounam.mx\/uva\/event\/atth-cuentos-9-3\/","title":{"rendered":"\ud83e\uddf6\ud83d\udcd6\u00a1AQU\u00cd T\u00da TEJES HISTORIAS!: Ecos del M\u00e9xico independiente"},"content":{"rendered":"<p>\u00a1Volvamos a escuchar cuentos en vivo! \ud83d\ude46\ud83c\udffd\u200d\u2640\ufe0f\ud83d\ude46\ud83c\udffd\u200d\u2640\ufe0f\ud83d\ude46\ud83c\udffd\u200d\u2640\ufe0f<\/p>\n<p>\u00a1Funci\u00f3n presencial de cuentacuentos con Juan Castrej\u00f3n!\ud83d\ude0e<\/p>\n<p>&#8220;\u00a1Aqu\u00ed t\u00fa tejes historias!&#8221; es un programa de Universo de Letras (Literatura UNAM).<\/p>\n","protected":false},"excerpt":{"rendered":"<p>\u00a1Volvamos a escuchar cuentos en vivo! \ud83d\ude46\ud83c\udffd\u200d\u2640\ufe0f\ud83d\ude46\ud83c\udffd\u200d\u2640\ufe0f\ud83d\ude46\ud83c\udffd\u200d\u2640\ufe0f \u00a1Funci\u00f3n presencial de cuentacuentos con Juan Castrej\u00f3n!\ud83d\ude0e &#8220;\u00a1Aqu\u00ed t\u00fa tejes historias!&#8221; es un&nbsp;<a href=\"https:\/\/tlatelolcounam.mx\/uva\/event\/atth-cuentos-9-3\/\">&hellip;<\/a><\/p>\n","protected":false},"author":2,"featured_media":2966,"template":"","meta":{"_tribe_events_status":"","_tribe_events_status_reason":"","footnotes":""},"tags":[61,42,48],"tribe_events_cat":[39],"class_list":["post-2973","tribe_events","type-tribe_events","status-publish","has-post-thumbnail","hentry","tag-aqui-tu-tejes-historias","tag-cartelera","tag-crecer-entre-libros","tribe_events_cat-cartelera","cat_cartelera","odd"],"_links":{"self":[{"href":"https:\/\/tlatelolcounam.mx\/uva\/wp-json\/wp\/v2\/tribe_events\/2973","targetHints":{"allow":["GET"]}}],"collection":[{"href":"https:\/\/tlatelolcounam.mx\/uva\/wp-json\/wp\/v2\/tribe_events"}],"about":[{"href":"https:\/\/tlatelolcounam.mx\/uva\/wp-json\/wp\/v2\/types\/tribe_events"}],"author":[{"embeddable":true,"href":"https:\/\/tlatelolcounam.mx\/uva\/wp-json\/wp\/v2\/users\/2"}],"version-history":[{"count":1,"href":"https:\/\/tlatelolcounam.mx\/uva\/wp-json\/wp\/v2\/tribe_events\/2973\/revisions"}],"predecessor-version":[{"id":2974,"href":"https:\/\/tlatelolcounam.mx\/uva\/wp-json\/wp\/v2\/tribe_events\/2973\/revisions\/2974"}],"wp:featuredmedia":[{"embeddable":true,"href":"https:\/\/tlatelolcounam.mx\/uva\/wp-json\/wp\/v2\/media\/2966"}],"wp:attachment":[{"href":"https:\/\/tlatelolcounam.mx\/uva\/wp-json\/wp\/v2\/media?parent=2973"}],"wp:term":[{"taxonomy":"post_tag","embeddable":true,"href":"https:\/\/tlatelolcounam.mx\/uva\/wp-json\/wp\/v2\/tags?post=2973"},{"taxonomy":"tribe_events_cat","embeddable":true,"href":"https:\/\/tlatelolcounam.mx\/uva\/wp-json\/wp\/v2\/tribe_events_cat?post=2973"}],"curies":[{"name":"wp","href":"https:\/\/api.w.org\/{rel}","templated":true}]}}

🧶📖¡AQUÍ TÚ TEJES HISTORIAS!: Ecos del México independiente

<p>¡Volvamos a escuchar cuentos en vivo! 🙆🏽‍♀️🙆🏽‍♀️🙆🏽‍♀️</p>
<p>¡Función presencial de cuentacuentos con Juan Castrejón!😎</p>
<p>&#8220;¡Aquí tú tejes historias!&#8221; es un programa de Universo de Letras (Literatura UNAM).</p>

<p>¡Volvamos a escuchar cuentos en vivo! 🙆🏽‍♀️🙆🏽‍♀️🙆🏽‍♀️ ¡Función presencial de cuentacuentos con Juan Castrejón!😎 &#8220;¡Aquí tú tejes historias!&#8221; es un&nbsp;<a href="https://tlatelolcounam.mx/uva/event/atth-cuentos-9-3/">&hellip;</a></p>
