{"id":2924,"date":"2022-08-18T18:56:43","date_gmt":"2022-08-18T18:56:43","guid":{"rendered":"https:\/\/tlatelolcounam.mx\/uva\/?post_type=tribe_events&#038;p=2924"},"modified":"2022-08-22T18:02:24","modified_gmt":"2022-08-22T18:02:24","slug":"mira-libritos-8","status":"publish","type":"tribe_events","link":"https:\/\/tlatelolcounam.mx\/uva\/event\/mira-libritos-8\/","title":{"rendered":"\ud83d\udcf0\ud83c\udfa8\ud83d\uddef\ufe0fMIRAR LIBRITOS. Publicaciones independientes y alternativas"},"content":{"rendered":"<p>\u00a1ARRIBA LAS AUTOPUBLICACIONES Y LA AUTONOM\u00cdA EDITORIAL!<\/p>\n<p>De la mano de la genial Carola Diez, una de las grandes formadoras de mediadorxs de lectura del pa\u00eds, y DianVicius, joven fanzinera e investigadora independiente, vamos a echar un vistazo a un mundo que no siempre es considerado parte del fomento a la lectura.<\/p>\n<p><span style=\"font-weight: 400;\">Compartamos y exploremos en colectivo lecturas de diferentes or\u00edgenes para ni\u00f1xs y j\u00f3venes; qu\u00e9 nos provocan, qu\u00e9 hemos hecho con ellos, qu\u00e9 les han hecho a las personas a nuestro alrededor y qu\u00e9 podr\u00eda hacerse con ellos en otros contextos.<\/span><\/p>\n<p>&nbsp;<\/p>\n","protected":false},"excerpt":{"rendered":"<p>\u00a1ARRIBA LAS AUTOPUBLICACIONES Y LA AUTONOM\u00cdA EDITORIAL! De la mano de la genial Carola Diez, una de las grandes formadoras&nbsp;<a href=\"https:\/\/tlatelolcounam.mx\/uva\/event\/mira-libritos-8\/\">&hellip;<\/a><\/p>\n","protected":false},"author":2,"featured_media":2898,"template":"","meta":{"_tribe_events_status":"","_tribe_events_status_reason":"","footnotes":""},"tags":[57,42,58],"tribe_events_cat":[39],"class_list":["post-2924","tribe_events","type-tribe_events","status-publish","has-post-thumbnail","hentry","tag-bibliotecas-y-cultura-de-paz","tag-cartelera","tag-mediacion-lectora","tribe_events_cat-cartelera","cat_cartelera","odd"],"_links":{"self":[{"href":"https:\/\/tlatelolcounam.mx\/uva\/wp-json\/wp\/v2\/tribe_events\/2924","targetHints":{"allow":["GET"]}}],"collection":[{"href":"https:\/\/tlatelolcounam.mx\/uva\/wp-json\/wp\/v2\/tribe_events"}],"about":[{"href":"https:\/\/tlatelolcounam.mx\/uva\/wp-json\/wp\/v2\/types\/tribe_events"}],"author":[{"embeddable":true,"href":"https:\/\/tlatelolcounam.mx\/uva\/wp-json\/wp\/v2\/users\/2"}],"version-history":[{"count":4,"href":"https:\/\/tlatelolcounam.mx\/uva\/wp-json\/wp\/v2\/tribe_events\/2924\/revisions"}],"predecessor-version":[{"id":2962,"href":"https:\/\/tlatelolcounam.mx\/uva\/wp-json\/wp\/v2\/tribe_events\/2924\/revisions\/2962"}],"wp:featuredmedia":[{"embeddable":true,"href":"https:\/\/tlatelolcounam.mx\/uva\/wp-json\/wp\/v2\/media\/2898"}],"wp:attachment":[{"href":"https:\/\/tlatelolcounam.mx\/uva\/wp-json\/wp\/v2\/media?parent=2924"}],"wp:term":[{"taxonomy":"post_tag","embeddable":true,"href":"https:\/\/tlatelolcounam.mx\/uva\/wp-json\/wp\/v2\/tags?post=2924"},{"taxonomy":"tribe_events_cat","embeddable":true,"href":"https:\/\/tlatelolcounam.mx\/uva\/wp-json\/wp\/v2\/tribe_events_cat?post=2924"}],"curies":[{"name":"wp","href":"https:\/\/api.w.org\/{rel}","templated":true}]}}

<p>¡ARRIBA LAS AUTOPUBLICACIONES Y LA AUTONOMÍA EDITORIAL!</p>
<p>De la mano de la genial Carola Diez, una de las grandes formadoras de mediadorxs de lectura del país, y DianVicius, joven fanzinera e investigadora independiente, vamos a echar un vistazo a un mundo que no siempre es considerado parte del fomento a la lectura.</p>
<p><span style="font-weight: 400;">Compartamos y exploremos en colectivo lecturas de diferentes orígenes para niñxs y jóvenes; qué nos provocan, qué hemos hecho con ellos, qué les han hecho a las personas a nuestro alrededor y qué podría hacerse con ellos en otros contextos.</span></p>
<p>&nbsp;</p>

<p>¡ARRIBA LAS AUTOPUBLICACIONES Y LA AUTONOMÍA EDITORIAL! De la mano de la genial Carola Diez, una de las grandes formadoras&nbsp;<a href="https://tlatelolcounam.mx/uva/event/mira-libritos-8/">&hellip;</a></p>
