{"id":753,"date":"2020-09-01T05:27:56","date_gmt":"2020-09-01T05:27:56","guid":{"rendered":"http:\/\/tlatelolcounam.mx\/uva\/2020\/?post_type=agc_course&#038;p=753"},"modified":"2026-04-15T17:26:10","modified_gmt":"2026-04-15T17:26:10","slug":"tecnica-alexander","status":"publish","type":"agc_course","link":"https:\/\/tlatelolcounam.mx\/uva\/classes\/tecnica-alexander\/","title":{"rendered":"T\u00e9cnica Alexander: laboratorio sobre nuestro cuerpo, mente, movimiento, respiraci\u00f3n y voz"},"content":{"rendered":"\n<p><span style=\"font-weight: 400;\">A partir de la T\u00e9cnica Alexander, explora las posturas del cuerpo y c\u00f3mo condicionan la vida cotidiana en este laboratorio de exploraci\u00f3n sobre la postura como una conducci\u00f3n \u00e9tica y est\u00e9tica en la vida. La T\u00e9cnica Alexander es un sistema de reeducaci\u00f3n psicof\u00edsica que impulsa a favorecer las posibilidades de hablar, moverse, cantar, bailar, actuar y tocar. Las herramientas que ofrece esta t\u00e9cnica, benefician las conexiones entre mente, emoci\u00f3n, movimiento y voz que ayudan a mejorar el desempe\u00f1o de nuestras actividades ya sean art\u00edsticas, deportivas o cotidianas.<\/span><\/p>\n\n\n\n<p><b>Lunes<\/b><\/p>\n\n\n\n<p><b>Grupo 1 (P\u00fablico en general): De 9:00 a 11:00 h<\/b><strong> \u00a1AGOTADO!<\/strong><\/p>\n\n\n\n<p><b>Grupo 2 (Artistas esc\u00e9nicxs): De 11:00 a 13:00 h &nbsp;&nbsp;<\/b><\/p>\n\n\n\n<p><span style=\"font-weight: 400;\">Edad: 15 a\u00f1os en adelante<\/span><\/p>\n\n\n\n<p><span style=\"font-weight: 400;\">Cupo: 10 participantes por grupo<\/span><\/p>\n\n\n\n<p><b>$1,650<\/b><\/p>\n\n\n\n<h3 class=\"wp-block-heading has-vivid-purple-color has-text-color has-link-color has-large-font-size wp-elements-5c0d33c70754d370e2e10f3dafd898bc\"><strong>Ciclo 2026-1 | Mentes sanas, seres en paz<\/strong><\/h3>\n\n\n\n<p class=\"has-vivid-purple-color has-text-color has-link-color has-medium-font-size wp-elements-0b73b9b3ea159c5f44e6238dabe0c5e0\"><strong>Del 16 de febrero al 13 de junio<\/strong><\/p>\n\n\n\n<p class=\"has-medium-font-size\"><strong>Pr\u00f3ximas inscripciones:\u00a0Julio 2026<\/strong><\/p>\n\n\n\n<div class=\"wp-block-columns is-layout-flex wp-container-core-columns-is-layout-9d6595d7 wp-block-columns-is-layout-flex\">\n<div class=\"wp-block-column is-layout-flow wp-block-column-is-layout-flow\"><\/div>\n<\/div>\n\n\n\n<div class=\"wp-block-columns is-layout-flex wp-container-core-columns-is-layout-9d6595d7 wp-block-columns-is-layout-flex\">\n<div class=\"wp-block-column is-layout-flow wp-block-column-is-layout-flow\" style=\"flex-basis:50%\"><\/div>\n<\/div>\n\n\n\n<div class=\"wp-block-columns is-layout-flex wp-container-core-columns-is-layout-9d6595d7 wp-block-columns-is-layout-flex\">\n<div class=\"wp-block-column is-layout-flow wp-block-column-is-layout-flow\" style=\"flex-basis:50%\">\n<div class=\"wp-block-buttons is-content-justification-center is-layout-flex wp-container-core-buttons-is-layout-16018d1d wp-block-buttons-is-layout-flex\"><\/div>\n<\/div>\n\n\n\n<div class=\"wp-block-column is-layout-flow wp-block-column-is-layout-flow\" style=\"flex-basis:50%\">\n<div class=\"wp-block-buttons is-content-justification-center is-layout-flex wp-container-core-buttons-is-layout-16018d1d wp-block-buttons-is-layout-flex\"><\/div>\n<\/div>\n<\/div>\n\n\n\n<p class=\"has-medium-font-size\"><\/p>\n","protected":false},"excerpt":{"rendered":"<p>Lunes<br \/>\nGrupo 1 (P\u00fablico en general): De 9:00 a 11:00 h \u00a0\u00a0\u00a0\u00a0\u00a0\u00a0<br \/>\nGrupo 2 (Artistas esc\u00e9nicos): De 11:00 a 13:00 h<br \/>\nEdad: 15 a\u00f1os en adelante<\/p>\n","protected":false},"featured_media":5048,"template":"","class_list":["post-753","agc_course","type-agc_course","status-publish","has-post-thumbnail","hentry","agc_course_category-talleres-jovenes-y-adultos","odd"],"_links":{"self":[{"href":"https:\/\/tlatelolcounam.mx\/uva\/wp-json\/wp\/v2\/agc_course\/753","targetHints":{"allow":["GET"]}}],"collection":[{"href":"https:\/\/tlatelolcounam.mx\/uva\/wp-json\/wp\/v2\/agc_course"}],"about":[{"href":"https:\/\/tlatelolcounam.mx\/uva\/wp-json\/wp\/v2\/types\/agc_course"}],"wp:featuredmedia":[{"embeddable":true,"href":"https:\/\/tlatelolcounam.mx\/uva\/wp-json\/wp\/v2\/media\/5048"}],"wp:attachment":[{"href":"https:\/\/tlatelolcounam.mx\/uva\/wp-json\/wp\/v2\/media?parent=753"}],"curies":[{"name":"wp","href":"https:\/\/api.w.org\/{rel}","templated":true}]}}

Técnica Alexander: laboratorio sobre nuestro cuerpo, mente, movimiento, respiración y voz

<p><span style="font-weight: 400;">A partir de la Técnica Alexander, explora las posturas del cuerpo y cómo condicionan la vida cotidiana en este laboratorio de exploración sobre la postura como una conducción ética y estética en la vida. La Técnica Alexander es un sistema de reeducación psicofísica que impulsa a favorecer las posibilidades de hablar, moverse, cantar, bailar, actuar y tocar. Las herramientas que ofrece esta técnica, benefician las conexiones entre mente, emoción, movimiento y voz que ayudan a mejorar el desempeño de nuestras actividades ya sean artísticas, deportivas o cotidianas.</span></p>



<p><b>Lunes</b></p>



<p><b>Grupo 1 (Público en general): De 9:00 a 11:00 h</b><strong> ¡AGOTADO!</strong></p>



<p><b>Grupo 2 (Artistas escénicxs): De 11:00 a 13:00 h &nbsp;&nbsp;</b></p>



<p><span style="font-weight: 400;">Edad: 15 años en adelante</span></p>



<p><span style="font-weight: 400;">Cupo: 10 participantes por grupo</span></p>



<p><b>$1,650</b></p>



<h3 class="wp-block-heading has-vivid-purple-color has-text-color has-link-color has-large-font-size wp-elements-5c0d33c70754d370e2e10f3dafd898bc"><strong>Ciclo 2026-1 | Mentes sanas, seres en paz</strong></h3>



<p class="has-vivid-purple-color has-text-color has-link-color has-medium-font-size wp-elements-0b73b9b3ea159c5f44e6238dabe0c5e0"><strong>Del 16 de febrero al 13 de junio</strong></p>



<p class="has-medium-font-size"><strong>Próximas inscripciones: Julio 2026</strong></p>



<div class="wp-block-columns is-layout-flex wp-container-core-columns-is-layout-9d6595d7 wp-block-columns-is-layout-flex">
<div class="wp-block-column is-layout-flow wp-block-column-is-layout-flow"></div>
</div>



<div class="wp-block-columns is-layout-flex wp-container-core-columns-is-layout-9d6595d7 wp-block-columns-is-layout-flex">
<div class="wp-block-column is-layout-flow wp-block-column-is-layout-flow" style="flex-basis:50%"></div>
</div>



<div class="wp-block-columns is-layout-flex wp-container-core-columns-is-layout-9d6595d7 wp-block-columns-is-layout-flex">
<div class="wp-block-column is-layout-flow wp-block-column-is-layout-flow" style="flex-basis:50%">
<div class="wp-block-buttons is-content-justification-center is-layout-flex wp-container-core-buttons-is-layout-16018d1d wp-block-buttons-is-layout-flex"></div>
</div>



<div class="wp-block-column is-layout-flow wp-block-column-is-layout-flow" style="flex-basis:50%">
<div class="wp-block-buttons is-content-justification-center is-layout-flex wp-container-core-buttons-is-layout-16018d1d wp-block-buttons-is-layout-flex"></div>
</div>
</div>



<p class="has-medium-font-size"></p>

<p>Lunes<br />
Grupo 1 (Público en general): De 9:00 a 11:00 h       <br />
Grupo 2 (Artistas escénicos): De 11:00 a 13:00 h<br />
Edad: 15 años en adelante</p>
