{"id":747,"date":"2020-09-01T05:23:49","date_gmt":"2020-09-01T05:23:49","guid":{"rendered":"http:\/\/tlatelolcounam.mx\/uva\/2020\/?post_type=agc_course&#038;p=747"},"modified":"2026-04-15T17:25:52","modified_gmt":"2026-04-15T17:25:52","slug":"taller-de-poesia","status":"publish","type":"agc_course","link":"https:\/\/tlatelolcounam.mx\/uva\/classes\/taller-de-poesia\/","title":{"rendered":"Taller de poes\u00eda &#8220;Siempre a deshoras&#8221;"},"content":{"rendered":"<p><span style=\"color: black;\">\u00bfHas llegado a sentir que la forma com\u00fan de ver y escribir el mundo no es suficiente para expresar lo que deseas, que algo puede transformar los d\u00edas tediosos, pero no sabes qu\u00e9 es? \u00bfY si intentaras explorar la vida con una mirada po\u00e9tica?<\/span><\/p>\n<p><span style=\"color: black;\">El taller parte del entorno cercano y el lenguaje escrito para desarrollar un sentido po\u00e9tico que explore distintas formas de generar un poema; desde las tradicionales \u2013 en donde la pluma y el papel bastan \u2013 hasta formatos que impliquen la interacci\u00f3n con otras disciplinas como la m\u00fasica, las artes visuales y el performance.<\/span><\/p>\n<p><span style=\"color: black;\">A partir de ejemplos y ejercicios de escritura creativa se motivar\u00e1 la intuici\u00f3n po\u00e9tica para generar una obra propia desde el espacio inmediato y lo cotidiano, adem\u00e1s de conocer el desarrollo hist\u00f3rico que ha tenido el g\u00e9nero de la poes\u00eda escrita y sus resonancias en otros campos.<br \/><\/span><\/p>\n<p><b>Mi\u00e9rcoles de 18:00 a 21:00 h<\/b><\/p>\n<p><span style=\"font-weight: 400;\">Edad: 16 a\u00f1os en adelante<\/span><\/p>\n<p><span style=\"font-weight: 400;\">Cupo: 20 participantes<\/span><\/p>\n<p><b>$1,850<\/b><\/p>\n\n\n<p class=\"has-vivid-purple-color has-text-color has-link-color has-large-font-size wp-elements-821a3bb05587eaa6d95d19319a03e287\"><strong>Ciclo 2026-1 | Mentes sanas, seres en paz<\/strong><\/p>\n\n\n\n<p class=\"has-vivid-purple-color has-text-color has-link-color has-medium-font-size wp-elements-0b73b9b3ea159c5f44e6238dabe0c5e0\"><strong>Del 16 de febrero al 13 de junio<\/strong><\/p>\n\n\n\n<p style=\"font-size:20px\"><strong>Pr\u00f3ximas inscripciones:\u00a0Julio 2026<\/strong><\/p>\n\n\n\n<div class=\"wp-block-columns is-layout-flex wp-container-core-columns-is-layout-9d6595d7 wp-block-columns-is-layout-flex\">\n<div class=\"wp-block-column is-layout-flow wp-block-column-is-layout-flow\"><\/div>\n<\/div>\n\n\n\n<div class=\"wp-block-columns is-layout-flex wp-container-core-columns-is-layout-9d6595d7 wp-block-columns-is-layout-flex\">\n<div class=\"wp-block-column is-layout-flow wp-block-column-is-layout-flow\" style=\"flex-basis:50%\">\n<div class=\"wp-block-buttons is-content-justification-center is-layout-flex wp-container-core-buttons-is-layout-16018d1d wp-block-buttons-is-layout-flex\"><\/div>\n<\/div>\n\n\n\n<div class=\"wp-block-column is-layout-flow wp-block-column-is-layout-flow\" style=\"flex-basis:50%\">\n<div class=\"wp-block-buttons is-content-justification-center is-layout-flex wp-container-core-buttons-is-layout-16018d1d wp-block-buttons-is-layout-flex\"><\/div>\n<\/div>\n<\/div>\n\n\n\n<p><\/p>\n","protected":false},"excerpt":{"rendered":"<p>Mi\u00e9rcoles de 18:00 a 21:00 h<br \/>\nEdad: 16 a\u00f1os en adelante<\/p>\n","protected":false},"featured_media":5037,"template":"","class_list":["post-747","agc_course","type-agc_course","status-publish","has-post-thumbnail","hentry","agc_course_category-talleres-jovenes-y-adultos","odd"],"_links":{"self":[{"href":"https:\/\/tlatelolcounam.mx\/uva\/wp-json\/wp\/v2\/agc_course\/747","targetHints":{"allow":["GET"]}}],"collection":[{"href":"https:\/\/tlatelolcounam.mx\/uva\/wp-json\/wp\/v2\/agc_course"}],"about":[{"href":"https:\/\/tlatelolcounam.mx\/uva\/wp-json\/wp\/v2\/types\/agc_course"}],"wp:featuredmedia":[{"embeddable":true,"href":"https:\/\/tlatelolcounam.mx\/uva\/wp-json\/wp\/v2\/media\/5037"}],"wp:attachment":[{"href":"https:\/\/tlatelolcounam.mx\/uva\/wp-json\/wp\/v2\/media?parent=747"}],"curies":[{"name":"wp","href":"https:\/\/api.w.org\/{rel}","templated":true}]}}

Taller de poesía &#8220;Siempre a deshoras&#8221;

<p><span style="color: black;">¿Has llegado a sentir que la forma común de ver y escribir el mundo no es suficiente para expresar lo que deseas, que algo puede transformar los días tediosos, pero no sabes qué es? ¿Y si intentaras explorar la vida con una mirada poética?</span></p>
<p><span style="color: black;">El taller parte del entorno cercano y el lenguaje escrito para desarrollar un sentido poético que explore distintas formas de generar un poema; desde las tradicionales – en donde la pluma y el papel bastan – hasta formatos que impliquen la interacción con otras disciplinas como la música, las artes visuales y el performance.</span></p>
<p><span style="color: black;">A partir de ejemplos y ejercicios de escritura creativa se motivará la intuición poética para generar una obra propia desde el espacio inmediato y lo cotidiano, además de conocer el desarrollo histórico que ha tenido el género de la poesía escrita y sus resonancias en otros campos.<br /></span></p>
<p><b>Miércoles de 18:00 a 21:00 h</b></p>
<p><span style="font-weight: 400;">Edad: 16 años en adelante</span></p>
<p><span style="font-weight: 400;">Cupo: 20 participantes</span></p>
<p><b>$1,850</b></p>


<p class="has-vivid-purple-color has-text-color has-link-color has-large-font-size wp-elements-821a3bb05587eaa6d95d19319a03e287"><strong>Ciclo 2026-1 | Mentes sanas, seres en paz</strong></p>



<p class="has-vivid-purple-color has-text-color has-link-color has-medium-font-size wp-elements-0b73b9b3ea159c5f44e6238dabe0c5e0"><strong>Del 16 de febrero al 13 de junio</strong></p>



<p style="font-size:20px"><strong>Próximas inscripciones: Julio 2026</strong></p>



<div class="wp-block-columns is-layout-flex wp-container-core-columns-is-layout-9d6595d7 wp-block-columns-is-layout-flex">
<div class="wp-block-column is-layout-flow wp-block-column-is-layout-flow"></div>
</div>



<div class="wp-block-columns is-layout-flex wp-container-core-columns-is-layout-9d6595d7 wp-block-columns-is-layout-flex">
<div class="wp-block-column is-layout-flow wp-block-column-is-layout-flow" style="flex-basis:50%">
<div class="wp-block-buttons is-content-justification-center is-layout-flex wp-container-core-buttons-is-layout-16018d1d wp-block-buttons-is-layout-flex"></div>
</div>



<div class="wp-block-column is-layout-flow wp-block-column-is-layout-flow" style="flex-basis:50%">
<div class="wp-block-buttons is-content-justification-center is-layout-flex wp-container-core-buttons-is-layout-16018d1d wp-block-buttons-is-layout-flex"></div>
</div>
</div>



<p></p>

<p>Miércoles de 18:00 a 21:00 h<br />
Edad: 16 años en adelante</p>
