{"id":745,"date":"2020-09-01T05:22:25","date_gmt":"2020-09-01T05:22:25","guid":{"rendered":"http:\/\/tlatelolcounam.mx\/uva\/2020\/?post_type=agc_course&#038;p=745"},"modified":"2026-04-15T17:16:38","modified_gmt":"2026-04-15T17:16:38","slug":"taller-de-cuento-nocaut","status":"publish","type":"agc_course","link":"https:\/\/tlatelolcounam.mx\/uva\/classes\/taller-de-cuento-nocaut\/","title":{"rendered":"Taller de cuento \u201cNocaut\u201d"},"content":{"rendered":"<p><span style=\"color: #000000;\">A decir de Julio Cort\u00e1zar, la diferencia entre una novela y un cuento es que la primera siempre gana por decisi\u00f3n y el segundo por Nocaut; esto hace alusi\u00f3n a la brevedad y contundencia con que regularmente est\u00e1n escritos los buenos cuentos.\u00a0\u00a0<\/span><\/p>\n<p><span style=\"color: #000000;\">En estos tiempos inciertos, tanto aprender el oficio del cuentista como la historia del g\u00e9nero, pueden ser un buen remedio para canalizar las emociones y la creatividad en un cuaderno donde surjan nuevas historias.\u00a0\u00a0<\/span><\/p>\n<p><span style=\"color: black;\">En este taller \u2013 a partir del trabajo de algunos escritores y de varios ejercicios de escritura creativa \u2013 se detonar\u00e1 la imaginaci\u00f3n y la intuici\u00f3n de lxs alumnxs para que puedan desarrollar, cada vez con un arsenal de recursos m\u00e1s amplio, sus propios cuentos. De alguna forma, el tr\u00e1nsito por el taller tambi\u00e9n les ayudar\u00e1 a ampliar sus posibilidades creativas para acompa\u00f1ar estos tiempos de incertidumbre que nos toca transitar.<\/span><\/p>\n<p><b>Lunes de 18:00 a 21:00 h<\/b><\/p>\n<p><span style=\"font-weight: 400;\">Edad: 16 a\u00f1os en adelante<\/span><\/p>\n<p><span style=\"font-weight: 400;\">Cupo: 20 participantes<\/span><\/p>\n<h3><b>$1,850<\/b><\/h3>\n\n\n<p class=\"has-vivid-purple-color has-text-color has-link-color has-large-font-size wp-elements-821a3bb05587eaa6d95d19319a03e287\"><strong>Ciclo 2026-1 | Mentes sanas, seres en paz<\/strong><\/p>\n\n\n\n<p class=\"has-vivid-purple-color has-text-color has-link-color has-medium-font-size wp-elements-0b73b9b3ea159c5f44e6238dabe0c5e0\"><strong>Del 16 de febrero al 13 de junio<\/strong><\/p>\n\n\n\n<p style=\"font-size:20px\"><strong>Pr\u00f3ximas inscripciones:\u00a0Julio 2026<\/strong><\/p>\n\n\n\n<div class=\"wp-block-columns is-layout-flex wp-container-core-columns-is-layout-9d6595d7 wp-block-columns-is-layout-flex\">\n<div class=\"wp-block-column is-layout-flow wp-block-column-is-layout-flow\"><\/div>\n<\/div>\n\n\n\n<div class=\"wp-block-columns is-layout-flex wp-container-core-columns-is-layout-9d6595d7 wp-block-columns-is-layout-flex\">\n<div class=\"wp-block-column is-layout-flow wp-block-column-is-layout-flow\" style=\"flex-basis:50%\">\n<div class=\"wp-block-buttons is-content-justification-center is-layout-flex wp-container-core-buttons-is-layout-16018d1d wp-block-buttons-is-layout-flex\"><\/div>\n<\/div>\n\n\n\n<div class=\"wp-block-column is-layout-flow wp-block-column-is-layout-flow\" style=\"flex-basis:50%\">\n<div class=\"wp-block-buttons is-content-justification-center is-layout-flex wp-container-core-buttons-is-layout-16018d1d wp-block-buttons-is-layout-flex\"><\/div>\n<\/div>\n<\/div>\n\n\n\n<p><\/p>\n","protected":false},"excerpt":{"rendered":"<p>Lunes de 18:00 a 21:00 h<br \/>\nEdad: 16 a\u00f1os en adelante<\/p>\n","protected":false},"featured_media":5035,"template":"","class_list":["post-745","agc_course","type-agc_course","status-publish","has-post-thumbnail","hentry","agc_course_category-talleres-jovenes-y-adultos","odd"],"_links":{"self":[{"href":"https:\/\/tlatelolcounam.mx\/uva\/wp-json\/wp\/v2\/agc_course\/745","targetHints":{"allow":["GET"]}}],"collection":[{"href":"https:\/\/tlatelolcounam.mx\/uva\/wp-json\/wp\/v2\/agc_course"}],"about":[{"href":"https:\/\/tlatelolcounam.mx\/uva\/wp-json\/wp\/v2\/types\/agc_course"}],"wp:featuredmedia":[{"embeddable":true,"href":"https:\/\/tlatelolcounam.mx\/uva\/wp-json\/wp\/v2\/media\/5035"}],"wp:attachment":[{"href":"https:\/\/tlatelolcounam.mx\/uva\/wp-json\/wp\/v2\/media?parent=745"}],"curies":[{"name":"wp","href":"https:\/\/api.w.org\/{rel}","templated":true}]}}

<p><span style="color: #000000;">A decir de Julio Cortázar, la diferencia entre una novela y un cuento es que la primera siempre gana por decisión y el segundo por Nocaut; esto hace alusión a la brevedad y contundencia con que regularmente están escritos los buenos cuentos.  </span></p>
<p><span style="color: #000000;">En estos tiempos inciertos, tanto aprender el oficio del cuentista como la historia del género, pueden ser un buen remedio para canalizar las emociones y la creatividad en un cuaderno donde surjan nuevas historias.  </span></p>
<p><span style="color: black;">En este taller – a partir del trabajo de algunos escritores y de varios ejercicios de escritura creativa – se detonará la imaginación y la intuición de lxs alumnxs para que puedan desarrollar, cada vez con un arsenal de recursos más amplio, sus propios cuentos. De alguna forma, el tránsito por el taller también les ayudará a ampliar sus posibilidades creativas para acompañar estos tiempos de incertidumbre que nos toca transitar.</span></p>
<p><b>Lunes de 18:00 a 21:00 h</b></p>
<p><span style="font-weight: 400;">Edad: 16 años en adelante</span></p>
<p><span style="font-weight: 400;">Cupo: 20 participantes</span></p>
<h3><b>$1,850</b></h3>


<p class="has-vivid-purple-color has-text-color has-link-color has-large-font-size wp-elements-821a3bb05587eaa6d95d19319a03e287"><strong>Ciclo 2026-1 | Mentes sanas, seres en paz</strong></p>



<p class="has-vivid-purple-color has-text-color has-link-color has-medium-font-size wp-elements-0b73b9b3ea159c5f44e6238dabe0c5e0"><strong>Del 16 de febrero al 13 de junio</strong></p>



<p style="font-size:20px"><strong>Próximas inscripciones: Julio 2026</strong></p>



<div class="wp-block-columns is-layout-flex wp-container-core-columns-is-layout-9d6595d7 wp-block-columns-is-layout-flex">
<div class="wp-block-column is-layout-flow wp-block-column-is-layout-flow"></div>
</div>



<div class="wp-block-columns is-layout-flex wp-container-core-columns-is-layout-9d6595d7 wp-block-columns-is-layout-flex">
<div class="wp-block-column is-layout-flow wp-block-column-is-layout-flow" style="flex-basis:50%">
<div class="wp-block-buttons is-content-justification-center is-layout-flex wp-container-core-buttons-is-layout-16018d1d wp-block-buttons-is-layout-flex"></div>
</div>



<div class="wp-block-column is-layout-flow wp-block-column-is-layout-flow" style="flex-basis:50%">
<div class="wp-block-buttons is-content-justification-center is-layout-flex wp-container-core-buttons-is-layout-16018d1d wp-block-buttons-is-layout-flex"></div>
</div>
</div>



<p></p>

<p>Lunes de 18:00 a 21:00 h<br />
Edad: 16 años en adelante</p>
