{"id":723,"date":"2020-09-01T05:05:49","date_gmt":"2020-09-01T05:05:49","guid":{"rendered":"http:\/\/tlatelolcounam.mx\/uva\/2020\/?post_type=agc_course&#038;p=723"},"modified":"2026-04-15T17:10:34","modified_gmt":"2026-04-15T17:10:34","slug":"creacion-de-repertorio","status":"publish","type":"agc_course","link":"https:\/\/tlatelolcounam.mx\/uva\/classes\/creacion-de-repertorio\/","title":{"rendered":"Creaci\u00f3n de repertorio para narradores"},"content":{"rendered":"\n<p>Espacio para el encuentro entre colegas narradores que ya tienen los conocimientos b\u00e1sicos en el arte de contar cuentos y lo han hecho frente a un p\u00fablico de manera virtual o presencial. El taller acompa\u00f1a a las y los narradores ya formados, en su proceso creativo, en la ampliaci\u00f3n de su repertorio y en el trabajo en conjunto para retroalimentar, enriquecer y potenciar sus cualidades esc\u00e9nicas, para que est\u00e9n <span style=\"font-weight: 400;\">preparados para presentarse en cualquier lugar y circunstancias posibles.<br><\/span><\/p>\n\n\n\n<p><b>Grupo presencial: Lunes de 18:00 a 20:00 h <br><\/b><\/p>\n\n\n\n<p><b>Grupo virtual: Martes de 18:00 a 20:00 h<\/b><\/p>\n\n\n\n<p><span style=\"font-weight: 400;\">Edad: 16 a\u00f1os en adelante<\/span><\/p>\n\n\n\n<p><span style=\"font-weight: 400;\">Requisito: H<\/span><span style=\"font-weight: 400;\">aber cursado el taller \u201cEl gozo de contar cuentos\u201d <\/span><\/p>\n\n\n\n<p><span style=\"font-weight: 400;\">Cupo: 20 participantes por grupo<\/span><\/p>\n\n\n\n<p><strong><b>$1,650<\/b><\/strong><\/p>\n\n\n\n<h3 class=\"wp-block-heading has-vivid-purple-color has-text-color has-link-color has-large-font-size wp-elements-5c0d33c70754d370e2e10f3dafd898bc\"><strong>Ciclo 2026-1 | Mentes sanas, seres en paz<\/strong><\/h3>\n\n\n\n<p class=\"has-vivid-purple-color has-text-color has-link-color has-medium-font-size wp-elements-0b73b9b3ea159c5f44e6238dabe0c5e0\"><strong>Del 16 de febrero al 13 de junio<\/strong><\/p>\n\n\n\n<p style=\"font-size:20px\"><strong>Pr\u00f3ximas inscripciones:\u00a0Julio 2026<\/strong><\/p>\n\n\n\n<div class=\"wp-block-columns is-layout-flex wp-container-core-columns-is-layout-9d6595d7 wp-block-columns-is-layout-flex\">\n<div class=\"wp-block-column is-layout-flow wp-block-column-is-layout-flow\"><\/div>\n<\/div>\n\n\n\n<div class=\"wp-block-columns is-layout-flex wp-container-core-columns-is-layout-9d6595d7 wp-block-columns-is-layout-flex\">\n<div class=\"wp-block-column is-layout-flow wp-block-column-is-layout-flow\" style=\"flex-basis:50%\">\n<div class=\"wp-block-buttons is-content-justification-center is-layout-flex wp-container-core-buttons-is-layout-16018d1d wp-block-buttons-is-layout-flex\"><\/div>\n<\/div>\n\n\n\n<div class=\"wp-block-column is-layout-flow wp-block-column-is-layout-flow\" style=\"flex-basis:50%\">\n<div class=\"wp-block-buttons is-content-justification-center is-layout-flex wp-container-core-buttons-is-layout-16018d1d wp-block-buttons-is-layout-flex\"><\/div>\n<\/div>\n<\/div>\n\n\n\n<div class=\"wp-block-columns is-layout-flex wp-container-core-columns-is-layout-9d6595d7 wp-block-columns-is-layout-flex\">\n<div class=\"wp-block-column is-layout-flow wp-block-column-is-layout-flow\" style=\"flex-basis:50%\">\n<div class=\"wp-block-buttons is-content-justification-center is-layout-flex wp-container-core-buttons-is-layout-16018d1d wp-block-buttons-is-layout-flex\"><\/div>\n<\/div>\n\n\n\n<div class=\"wp-block-column is-layout-flow wp-block-column-is-layout-flow\" style=\"flex-basis:50%\">\n<div class=\"wp-block-buttons is-content-justification-center is-layout-flex wp-container-core-buttons-is-layout-16018d1d wp-block-buttons-is-layout-flex\"><\/div>\n<\/div>\n<\/div>\n\n\n\n<div class=\"wp-block-columns is-layout-flex wp-container-core-columns-is-layout-9d6595d7 wp-block-columns-is-layout-flex\">\n<div class=\"wp-block-column is-layout-flow wp-block-column-is-layout-flow\" style=\"flex-basis:50%\"><\/div>\n\n\n\n<div class=\"wp-block-column is-layout-flow wp-block-column-is-layout-flow\" style=\"flex-basis:50%\"><\/div>\n<\/div>\n\n\n\n<p><\/p>\n","protected":false},"excerpt":{"rendered":"<p>Grupo presencial: Lunes de 18:00 a 20:00 h<br \/>\nGrupo virtual: Martes de 18:00 a 20:00 h<br \/>\nEdad: 16 a\u00f1os en adelante\u00a0\u00a0<\/p>\n","protected":false},"featured_media":5147,"template":"","class_list":["post-723","agc_course","type-agc_course","status-publish","has-post-thumbnail","hentry","agc_course_category-talleres-jovenes-y-adultos","odd"],"_links":{"self":[{"href":"https:\/\/tlatelolcounam.mx\/uva\/wp-json\/wp\/v2\/agc_course\/723","targetHints":{"allow":["GET"]}}],"collection":[{"href":"https:\/\/tlatelolcounam.mx\/uva\/wp-json\/wp\/v2\/agc_course"}],"about":[{"href":"https:\/\/tlatelolcounam.mx\/uva\/wp-json\/wp\/v2\/types\/agc_course"}],"wp:featuredmedia":[{"embeddable":true,"href":"https:\/\/tlatelolcounam.mx\/uva\/wp-json\/wp\/v2\/media\/5147"}],"wp:attachment":[{"href":"https:\/\/tlatelolcounam.mx\/uva\/wp-json\/wp\/v2\/media?parent=723"}],"curies":[{"name":"wp","href":"https:\/\/api.w.org\/{rel}","templated":true}]}}

Creación de repertorio para narradores

<p>Espacio para el encuentro entre colegas narradores que ya tienen los conocimientos básicos en el arte de contar cuentos y lo han hecho frente a un público de manera virtual o presencial. El taller acompaña a las y los narradores ya formados, en su proceso creativo, en la ampliación de su repertorio y en el trabajo en conjunto para retroalimentar, enriquecer y potenciar sus cualidades escénicas, para que estén <span style="font-weight: 400;">preparados para presentarse en cualquier lugar y circunstancias posibles.<br></span></p>



<p><b>Grupo presencial: Lunes de 18:00 a 20:00 h <br></b></p>



<p><b>Grupo virtual: Martes de 18:00 a 20:00 h</b></p>



<p><span style="font-weight: 400;">Edad: 16 años en adelante</span></p>



<p><span style="font-weight: 400;">Requisito: H</span><span style="font-weight: 400;">aber cursado el taller “El gozo de contar cuentos” </span></p>



<p><span style="font-weight: 400;">Cupo: 20 participantes por grupo</span></p>



<p><strong><b>$1,650</b></strong></p>



<h3 class="wp-block-heading has-vivid-purple-color has-text-color has-link-color has-large-font-size wp-elements-5c0d33c70754d370e2e10f3dafd898bc"><strong>Ciclo 2026-1 | Mentes sanas, seres en paz</strong></h3>



<p class="has-vivid-purple-color has-text-color has-link-color has-medium-font-size wp-elements-0b73b9b3ea159c5f44e6238dabe0c5e0"><strong>Del 16 de febrero al 13 de junio</strong></p>



<p style="font-size:20px"><strong>Próximas inscripciones: Julio 2026</strong></p>



<div class="wp-block-columns is-layout-flex wp-container-core-columns-is-layout-9d6595d7 wp-block-columns-is-layout-flex">
<div class="wp-block-column is-layout-flow wp-block-column-is-layout-flow"></div>
</div>



<div class="wp-block-columns is-layout-flex wp-container-core-columns-is-layout-9d6595d7 wp-block-columns-is-layout-flex">
<div class="wp-block-column is-layout-flow wp-block-column-is-layout-flow" style="flex-basis:50%">
<div class="wp-block-buttons is-content-justification-center is-layout-flex wp-container-core-buttons-is-layout-16018d1d wp-block-buttons-is-layout-flex"></div>
</div>



<div class="wp-block-column is-layout-flow wp-block-column-is-layout-flow" style="flex-basis:50%">
<div class="wp-block-buttons is-content-justification-center is-layout-flex wp-container-core-buttons-is-layout-16018d1d wp-block-buttons-is-layout-flex"></div>
</div>
</div>



<div class="wp-block-columns is-layout-flex wp-container-core-columns-is-layout-9d6595d7 wp-block-columns-is-layout-flex">
<div class="wp-block-column is-layout-flow wp-block-column-is-layout-flow" style="flex-basis:50%">
<div class="wp-block-buttons is-content-justification-center is-layout-flex wp-container-core-buttons-is-layout-16018d1d wp-block-buttons-is-layout-flex"></div>
</div>



<div class="wp-block-column is-layout-flow wp-block-column-is-layout-flow" style="flex-basis:50%">
<div class="wp-block-buttons is-content-justification-center is-layout-flex wp-container-core-buttons-is-layout-16018d1d wp-block-buttons-is-layout-flex"></div>
</div>
</div>



<div class="wp-block-columns is-layout-flex wp-container-core-columns-is-layout-9d6595d7 wp-block-columns-is-layout-flex">
<div class="wp-block-column is-layout-flow wp-block-column-is-layout-flow" style="flex-basis:50%"></div>



<div class="wp-block-column is-layout-flow wp-block-column-is-layout-flow" style="flex-basis:50%"></div>
</div>



<p></p>

<p>Grupo presencial: Lunes de 18:00 a 20:00 h<br />
Grupo virtual: Martes de 18:00 a 20:00 h<br />
Edad: 16 años en adelante  </p>
