{"id":661,"date":"2020-09-01T02:53:27","date_gmt":"2020-09-01T02:53:27","guid":{"rendered":"http:\/\/tlatelolcounam.mx\/uva\/2020\/?post_type=agc_course&#038;p=661"},"modified":"2026-04-15T17:05:22","modified_gmt":"2026-04-15T17:05:22","slug":"artesplasticaparaninxs","status":"publish","type":"agc_course","link":"https:\/\/tlatelolcounam.mx\/uva\/classes\/artesplasticaparaninxs\/","title":{"rendered":"Artes pl\u00e1sticas para ni\u00f1xs"},"content":{"rendered":"<p><span style=\"font-weight: 400;\"><span class=\"TextRun SCXW54124560 BCX4\" lang=\"ES-MX\" xml:lang=\"ES-MX\" data-contrast=\"auto\"><span class=\"NormalTextRun SCXW54124560 BCX4\"> Taller de expresi\u00f3n pl\u00e1stica para ni\u00f1xs a partir del aprendizaje de un lenguaje visual en la exploraci\u00f3n y experimentaci\u00f3n vivencial de las t\u00e9cnicas y los materiales. Esta vez, para construir obra a trav\u00e9s del descubrimiento de ciertas narrativas pl\u00e1sticas espec\u00edficas de algunos artistas, que nos invitaran a la creaci\u00f3n. Aprenderemos un poco de historia de la pl\u00e1stica, an\u00e9cdotas chistosas, porciones y t\u00e9cnicas m\u00e1gicas que los artistas tienen para crear, jugaremos con los materiales para expresar y comunicar lo que sentimos y pensamos, en colores, formas y texturas.\u00a0 \u00a0\u00a0\u00a0\u00a0<\/span><\/span><\/span><\/p>\n<p><b>Mi\u00e9rcoles y jueves de 16:30 a 18:30 h<\/b><\/p>\n<p><span style=\"font-weight: 400;\">Edad: de 5 a 12 a\u00f1os\u00a0<\/span><\/p>\n<p><span style=\"font-weight: 400;\">Cupo: 15 participantes<\/span><\/p>\n<p><b>$1,650<\/b><\/p>\n\n\n<p class=\"has-vivid-purple-color has-text-color has-link-color has-large-font-size wp-elements-821a3bb05587eaa6d95d19319a03e287\"><strong>Ciclo 2026-1 | Mentes sanas, seres en paz<\/strong><\/p>\n\n\n\n<p class=\"has-vivid-purple-color has-text-color has-link-color has-medium-font-size wp-elements-0b73b9b3ea159c5f44e6238dabe0c5e0\"><strong>Del 16 de febrero al 13 de junio<\/strong><\/p>\n\n\n\n<p class=\"has-medium-font-size\"><strong>Pr\u00f3ximas inscripciones: Julio 2026<\/strong><\/p>\n\n\n\n<div class=\"wp-block-columns is-layout-flex wp-container-core-columns-is-layout-9d6595d7 wp-block-columns-is-layout-flex\">\n<div class=\"wp-block-column is-layout-flow wp-block-column-is-layout-flow\"><\/div>\n<\/div>\n\n\n\n<div class=\"wp-block-columns is-layout-flex wp-container-core-columns-is-layout-9d6595d7 wp-block-columns-is-layout-flex\">\n<div class=\"wp-block-column is-layout-flow wp-block-column-is-layout-flow\" style=\"flex-basis:50%\">\n<div class=\"wp-block-buttons is-content-justification-center is-layout-flex wp-container-core-buttons-is-layout-16018d1d wp-block-buttons-is-layout-flex\"><\/div>\n<\/div>\n\n\n\n<div class=\"wp-block-column is-layout-flow wp-block-column-is-layout-flow\" style=\"flex-basis:50%\">\n<div class=\"wp-block-buttons is-content-justification-center is-layout-flex wp-container-core-buttons-is-layout-16018d1d wp-block-buttons-is-layout-flex\"><\/div>\n<\/div>\n<\/div>\n","protected":false},"excerpt":{"rendered":"<p>Mi\u00e9rcoles y jueves de 16:30 a 18:30 h<br \/>\nEdad: de 5 a 12 a\u00f1os<\/p>\n","protected":false},"featured_media":5641,"template":"","class_list":["post-661","agc_course","type-agc_course","status-publish","has-post-thumbnail","hentry","agc_course_category-talleres-infancias-y-adolescencias","odd"],"_links":{"self":[{"href":"https:\/\/tlatelolcounam.mx\/uva\/wp-json\/wp\/v2\/agc_course\/661","targetHints":{"allow":["GET"]}}],"collection":[{"href":"https:\/\/tlatelolcounam.mx\/uva\/wp-json\/wp\/v2\/agc_course"}],"about":[{"href":"https:\/\/tlatelolcounam.mx\/uva\/wp-json\/wp\/v2\/types\/agc_course"}],"wp:featuredmedia":[{"embeddable":true,"href":"https:\/\/tlatelolcounam.mx\/uva\/wp-json\/wp\/v2\/media\/5641"}],"wp:attachment":[{"href":"https:\/\/tlatelolcounam.mx\/uva\/wp-json\/wp\/v2\/media?parent=661"}],"curies":[{"name":"wp","href":"https:\/\/api.w.org\/{rel}","templated":true}]}}

Artes plásticas para niñxs

<p><span style="font-weight: 400;"><span class="TextRun SCXW54124560 BCX4" lang="ES-MX" xml:lang="ES-MX" data-contrast="auto"><span class="NormalTextRun SCXW54124560 BCX4"> Taller de expresión plástica para niñxs a partir del aprendizaje de un lenguaje visual en la exploración y experimentación vivencial de las técnicas y los materiales. Esta vez, para construir obra a través del descubrimiento de ciertas narrativas plásticas específicas de algunos artistas, que nos invitaran a la creación. Aprenderemos un poco de historia de la plástica, anécdotas chistosas, porciones y técnicas mágicas que los artistas tienen para crear, jugaremos con los materiales para expresar y comunicar lo que sentimos y pensamos, en colores, formas y texturas.      </span></span></span></p>
<p><b>Miércoles y jueves de 16:30 a 18:30 h</b></p>
<p><span style="font-weight: 400;">Edad: de 5 a 12 años </span></p>
<p><span style="font-weight: 400;">Cupo: 15 participantes</span></p>
<p><b>$1,650</b></p>


<p class="has-vivid-purple-color has-text-color has-link-color has-large-font-size wp-elements-821a3bb05587eaa6d95d19319a03e287"><strong>Ciclo 2026-1 | Mentes sanas, seres en paz</strong></p>



<p class="has-vivid-purple-color has-text-color has-link-color has-medium-font-size wp-elements-0b73b9b3ea159c5f44e6238dabe0c5e0"><strong>Del 16 de febrero al 13 de junio</strong></p>



<p class="has-medium-font-size"><strong>Próximas inscripciones: Julio 2026</strong></p>



<div class="wp-block-columns is-layout-flex wp-container-core-columns-is-layout-9d6595d7 wp-block-columns-is-layout-flex">
<div class="wp-block-column is-layout-flow wp-block-column-is-layout-flow"></div>
</div>



<div class="wp-block-columns is-layout-flex wp-container-core-columns-is-layout-9d6595d7 wp-block-columns-is-layout-flex">
<div class="wp-block-column is-layout-flow wp-block-column-is-layout-flow" style="flex-basis:50%">
<div class="wp-block-buttons is-content-justification-center is-layout-flex wp-container-core-buttons-is-layout-16018d1d wp-block-buttons-is-layout-flex"></div>
</div>



<div class="wp-block-column is-layout-flow wp-block-column-is-layout-flow" style="flex-basis:50%">
<div class="wp-block-buttons is-content-justification-center is-layout-flex wp-container-core-buttons-is-layout-16018d1d wp-block-buttons-is-layout-flex"></div>
</div>
</div>

<p>Miércoles y jueves de 16:30 a 18:30 h<br />
Edad: de 5 a 12 años</p>
