{"id":6577,"date":"2025-11-25T20:13:28","date_gmt":"2025-11-25T20:13:28","guid":{"rendered":"https:\/\/tlatelolcounam.mx\/uva\/?post_type=agc_course&#038;p=6577"},"modified":"2026-04-15T18:35:14","modified_gmt":"2026-04-15T18:35:14","slug":"puntadas-de-memoria-narrativas-fotograficas-nuevo","status":"publish","type":"agc_course","link":"https:\/\/tlatelolcounam.mx\/uva\/classes\/puntadas-de-memoria-narrativas-fotograficas-nuevo\/","title":{"rendered":"Puntadas de memoria: Narrativas fotogr\u00e1ficas \u00a1NUEVO!\u00a1INTENSIVO!"},"content":{"rendered":"\n<p>\u00bfTe imaginas bordar tus recuerdos? En este taller haremos justo eso: tomar nuestras fotograf\u00edas \u2014esas que guardan risas, ausencias, colores o pedacitos de historia\u2014 y volverlas materia viva entre hilos, texturas y emociones.<br>Vamos a mirar de cerca, a detenernos en los detalles y contarnos -y encontrarnos- a trav\u00e9s del fotobordado: una mezcla de imagen y puntada donde cada hilo es una palabra y cada color, un sentimiento.<br>No necesitas saber bordar ni ser fot\u00f3grafx, solo traer ganas de recordar, crear y compartir. Aqu\u00ed aprenderemos juntxs, equivoc\u00e1ndonos, riendo y descubriendo que la memoria tambi\u00e9n puede tener textura.<br>Entre agujas, papel y charla, iremos tejiendo un peque\u00f1o archivo emocional: historias que se conectan y que, al final, formar\u00e1n una constelaci\u00f3n colectiva de recuerdos bordados.<br>Porque aunque el pasado a veces duela o se escape, podemos tocarlo, transformarlo y volverlo arte con nuestras propias manos.<\/p>\n\n\n\n<p><strong>Del 18 mayo&nbsp; al 8 de junio&nbsp;<\/strong><\/p>\n\n\n\n<p><strong>Lunes de 10:00 a 13:00 h&nbsp;<\/strong><\/p>\n\n\n\n<p>Edad: 18 a\u00f1os en adelante<\/p>\n\n\n\n<p>Cupo: 20 personas <\/p>\n\n\n\n<p><strong>$1,650<\/strong><\/p>\n\n\n\n<h2 class=\"wp-block-heading has-vivid-purple-color has-text-color has-link-color has-large-font-size wp-elements-c3fb60f38bf76f9900538ba975fa1833\">Ciclo 2026-1 | Mentes sanas, seres en paz<\/h2>\n\n\n\n<p class=\"has-vivid-purple-color has-text-color has-link-color has-medium-font-size wp-elements-0b73b9b3ea159c5f44e6238dabe0c5e0\"><strong>Del 16 de febrero al 13 de junio<\/strong><\/p>\n\n\n\n<p><strong>Pr\u00f3ximas inscripciones:&nbsp;del 21 de enero al 14 de febrero<\/strong><\/p>\n\n\n\n<div class=\"wp-block-columns is-layout-flex wp-container-core-columns-is-layout-9d6595d7 wp-block-columns-is-layout-flex\">\n<div class=\"wp-block-column is-layout-flow wp-block-column-is-layout-flow\" style=\"flex-basis:100%\"><\/div>\n<\/div>\n\n\n\n<div class=\"wp-block-columns is-layout-flex wp-container-core-columns-is-layout-9d6595d7 wp-block-columns-is-layout-flex\">\n<div class=\"wp-block-column is-layout-flow wp-block-column-is-layout-flow\" style=\"flex-basis:50%\">\n<div class=\"wp-block-buttons is-content-justification-center is-layout-flex wp-container-core-buttons-is-layout-16018d1d wp-block-buttons-is-layout-flex\">\n<div class=\"wp-block-button\"><a class=\"wp-block-button__link has-background wp-element-button\" href=\"https:\/\/docs.google.com\/forms\/d\/1Eb2eiKhcO9WVLrXw9gxOfCzNMES5CLO8DGYeTjdW8PM\" style=\"background-color:#ea63e8\">Inscripci\u00f3n y pago presencial<\/a><\/div>\n<\/div>\n<\/div>\n\n\n\n<div class=\"wp-block-column is-layout-flow wp-block-column-is-layout-flow\" style=\"flex-basis:50%\">\n<div class=\"wp-block-buttons is-content-justification-center is-layout-flex wp-container-core-buttons-is-layout-16018d1d wp-block-buttons-is-layout-flex\">\n<div class=\"wp-block-button\"><a class=\"wp-block-button__link has-background wp-element-button\" href=\"https:\/\/www.tiendaenlinea.unam.mx\/productos\/Cursos%20y%20Talleres\/PUNTADAS-DE-MEMORIA-NARRATIVAS-FOTOGRAFICAS\/6331\" style=\"background-color:#ea63e8\">Inscripci\u00f3n y pago en l\u00ednea<\/a><\/div>\n<\/div>\n<\/div>\n<\/div>\n\n\n\n<p><\/p>\n","protected":false},"excerpt":{"rendered":"<p>Del 18 mayo  al 8 de junio<br \/>\nLunes de 10:00 a 13:00 h<br \/>\nEdad: 18 a\u00f1os en adelante <\/p>\n","protected":false},"featured_media":6578,"template":"","class_list":["post-6577","agc_course","type-agc_course","status-publish","has-post-thumbnail","hentry","agc_course_category-talleres-jovenes-y-adultos","odd"],"_links":{"self":[{"href":"https:\/\/tlatelolcounam.mx\/uva\/wp-json\/wp\/v2\/agc_course\/6577","targetHints":{"allow":["GET"]}}],"collection":[{"href":"https:\/\/tlatelolcounam.mx\/uva\/wp-json\/wp\/v2\/agc_course"}],"about":[{"href":"https:\/\/tlatelolcounam.mx\/uva\/wp-json\/wp\/v2\/types\/agc_course"}],"wp:featuredmedia":[{"embeddable":true,"href":"https:\/\/tlatelolcounam.mx\/uva\/wp-json\/wp\/v2\/media\/6578"}],"wp:attachment":[{"href":"https:\/\/tlatelolcounam.mx\/uva\/wp-json\/wp\/v2\/media?parent=6577"}],"curies":[{"name":"wp","href":"https:\/\/api.w.org\/{rel}","templated":true}]}}

Puntadas de memoria: Narrativas fotográficas ¡NUEVO!¡INTENSIVO!

<p>¿Te imaginas bordar tus recuerdos? En este taller haremos justo eso: tomar nuestras fotografías —esas que guardan risas, ausencias, colores o pedacitos de historia— y volverlas materia viva entre hilos, texturas y emociones.<br>Vamos a mirar de cerca, a detenernos en los detalles y contarnos -y encontrarnos- a través del fotobordado: una mezcla de imagen y puntada donde cada hilo es una palabra y cada color, un sentimiento.<br>No necesitas saber bordar ni ser fotógrafx, solo traer ganas de recordar, crear y compartir. Aquí aprenderemos juntxs, equivocándonos, riendo y descubriendo que la memoria también puede tener textura.<br>Entre agujas, papel y charla, iremos tejiendo un pequeño archivo emocional: historias que se conectan y que, al final, formarán una constelación colectiva de recuerdos bordados.<br>Porque aunque el pasado a veces duela o se escape, podemos tocarlo, transformarlo y volverlo arte con nuestras propias manos.</p>



<p><strong>Del 18 mayo&nbsp; al 8 de junio&nbsp;</strong></p>



<p><strong>Lunes de 10:00 a 13:00 h&nbsp;</strong></p>



<p>Edad: 18 años en adelante</p>



<p>Cupo: 20 personas </p>



<p><strong>$1,650</strong></p>



<h2 class="wp-block-heading has-vivid-purple-color has-text-color has-link-color has-large-font-size wp-elements-c3fb60f38bf76f9900538ba975fa1833">Ciclo 2026-1 | Mentes sanas, seres en paz</h2>



<p class="has-vivid-purple-color has-text-color has-link-color has-medium-font-size wp-elements-0b73b9b3ea159c5f44e6238dabe0c5e0"><strong>Del 16 de febrero al 13 de junio</strong></p>



<p><strong>Próximas inscripciones:&nbsp;del 21 de enero al 14 de febrero</strong></p>



<div class="wp-block-columns is-layout-flex wp-container-core-columns-is-layout-9d6595d7 wp-block-columns-is-layout-flex">
<div class="wp-block-column is-layout-flow wp-block-column-is-layout-flow" style="flex-basis:100%"></div>
</div>



<div class="wp-block-columns is-layout-flex wp-container-core-columns-is-layout-9d6595d7 wp-block-columns-is-layout-flex">
<div class="wp-block-column is-layout-flow wp-block-column-is-layout-flow" style="flex-basis:50%">
<div class="wp-block-buttons is-content-justification-center is-layout-flex wp-container-core-buttons-is-layout-16018d1d wp-block-buttons-is-layout-flex">
<div class="wp-block-button"><a class="wp-block-button__link has-background wp-element-button" href="https://docs.google.com/forms/d/1Eb2eiKhcO9WVLrXw9gxOfCzNMES5CLO8DGYeTjdW8PM" style="background-color:#ea63e8">Inscripción y pago presencial</a></div>
</div>
</div>



<div class="wp-block-column is-layout-flow wp-block-column-is-layout-flow" style="flex-basis:50%">
<div class="wp-block-buttons is-content-justification-center is-layout-flex wp-container-core-buttons-is-layout-16018d1d wp-block-buttons-is-layout-flex">
<div class="wp-block-button"><a class="wp-block-button__link has-background wp-element-button" href="https://www.tiendaenlinea.unam.mx/productos/Cursos%20y%20Talleres/PUNTADAS-DE-MEMORIA-NARRATIVAS-FOTOGRAFICAS/6331" style="background-color:#ea63e8">Inscripción y pago en línea</a></div>
</div>
</div>
</div>



<p></p>

<p>Del 18 mayo  al 8 de junio<br />
Lunes de 10:00 a 13:00 h<br />
Edad: 18 años en adelante </p>
