{"id":6572,"date":"2025-11-25T00:38:14","date_gmt":"2025-11-25T00:38:14","guid":{"rendered":"https:\/\/tlatelolcounam.mx\/uva\/?post_type=agc_course&#038;p=6572"},"modified":"2026-04-14T17:48:43","modified_gmt":"2026-04-14T17:48:43","slug":"identificacion-floristica-y-farmacia-viviente-nuevo","status":"publish","type":"agc_course","link":"https:\/\/tlatelolcounam.mx\/uva\/classes\/identificacion-floristica-y-farmacia-viviente-nuevo\/","title":{"rendered":"Identificaci\u00f3n flor\u00edstica y farmacia viviente \u00a1NUEVO!\u00a0"},"content":{"rendered":"\n<p>\u00a1Una farmacia que se sienta viva!<\/p>\n\n\n\n<p>\u00bfSab\u00edas que muchos de los medicamentos actuales han surgido de plantas y de diversos conocimientos de comunidades y grupos humanos en todo el mundo? \u00bfte gustar\u00eda aportar al cuidado y preservaci\u00f3n de dicho conocimiento para la salud de nuestras familias y colectividades?<\/p>\n\n\n\n<p>Una de esas formas es permitiendo que nuestros espacios, sean peque\u00f1o o grandes, puedan volverse zonas de conservaci\u00f3n de flora medicinal. Te invitamos a este taller donde te guiaremos paso a paso en la creaci\u00f3n de tu propio huerto medicinal, explicando y realizando diferentes practicas colectivas sobre el uso correcto de diferentes plantas medicinales, su cuidado y caracter\u00edsticas, as\u00ed como algunos m\u00e9todos de extracci\u00f3n y aplicaci\u00f3n. A su vez, estaremos explorando herramientas de arte terapia y creaci\u00f3n literaria narrativa alrededor de la flora que permita un reconocimiento m\u00e1s profundo del tema.<\/p>\n\n\n\n<p>No se necesita conocimiento previo sino las ganas de aprender sobre el mundo sorprendente de las plantas \u00a1te esperamos!<\/p>\n\n\n\n<p><strong>Del 21 de febrero al 28 de marzo<\/strong><\/p>\n\n\n\n<p><strong>S\u00e1bado de 10:00 a 14:00 h&nbsp;<\/strong><\/p>\n\n\n\n<p>Edad: 18 a\u00f1os en adelante<\/p>\n\n\n\n<p>Cupo: 20 personas<\/p>\n\n\n\n<p><strong>$1,650<\/strong><\/p>\n\n\n\n<h2 class=\"wp-block-heading has-vivid-purple-color has-text-color has-link-color has-large-font-size wp-elements-c3fb60f38bf76f9900538ba975fa1833\">Ciclo 2026-1 | Mentes sanas, seres en paz<\/h2>\n\n\n\n<p class=\"has-vivid-purple-color has-text-color has-link-color has-medium-font-size wp-elements-0b73b9b3ea159c5f44e6238dabe0c5e0\"><strong>Del 16 de febrero al 13 de junio<\/strong><\/p>\n\n\n\n<p class=\"has-medium-font-size\"><strong>Pr\u00f3ximas inscripciones:\u00a0<\/strong>julio 2026<\/p>\n\n\n\n<div class=\"wp-block-columns is-layout-flex wp-container-core-columns-is-layout-9d6595d7 wp-block-columns-is-layout-flex\">\n<div class=\"wp-block-column is-layout-flow wp-block-column-is-layout-flow\"><\/div>\n<\/div>\n\n\n\n<div class=\"wp-block-columns is-layout-flex wp-container-core-columns-is-layout-9d6595d7 wp-block-columns-is-layout-flex\">\n<div class=\"wp-block-column is-layout-flow wp-block-column-is-layout-flow\" style=\"flex-basis:50%\"><\/div>\n\n\n\n<div class=\"wp-block-column is-layout-flow wp-block-column-is-layout-flow\" style=\"flex-basis:50%\">\n<div class=\"wp-block-buttons is-content-justification-center is-layout-flex wp-container-core-buttons-is-layout-16018d1d wp-block-buttons-is-layout-flex\"><\/div>\n<\/div>\n<\/div>\n\n\n\n<p><\/p>\n","protected":false},"excerpt":{"rendered":"<p>Del 21 de febrero al 28 de marzo<\/p>\n<p>S\u00e1bado de 10:00 a 14:00 h\u00a0<\/p>\n<p>Edad: 18 a\u00f1os en adelante<\/p>\n","protected":false},"featured_media":6573,"template":"","class_list":["post-6572","agc_course","type-agc_course","status-publish","has-post-thumbnail","hentry","agc_course_category-talleres-jovenes-y-adultos","odd"],"_links":{"self":[{"href":"https:\/\/tlatelolcounam.mx\/uva\/wp-json\/wp\/v2\/agc_course\/6572","targetHints":{"allow":["GET"]}}],"collection":[{"href":"https:\/\/tlatelolcounam.mx\/uva\/wp-json\/wp\/v2\/agc_course"}],"about":[{"href":"https:\/\/tlatelolcounam.mx\/uva\/wp-json\/wp\/v2\/types\/agc_course"}],"wp:featuredmedia":[{"embeddable":true,"href":"https:\/\/tlatelolcounam.mx\/uva\/wp-json\/wp\/v2\/media\/6573"}],"wp:attachment":[{"href":"https:\/\/tlatelolcounam.mx\/uva\/wp-json\/wp\/v2\/media?parent=6572"}],"curies":[{"name":"wp","href":"https:\/\/api.w.org\/{rel}","templated":true}]}}

Identificación florística y farmacia viviente ¡NUEVO!

<p>¡Una farmacia que se sienta viva!</p>



<p>¿Sabías que muchos de los medicamentos actuales han surgido de plantas y de diversos conocimientos de comunidades y grupos humanos en todo el mundo? ¿te gustaría aportar al cuidado y preservación de dicho conocimiento para la salud de nuestras familias y colectividades?</p>



<p>Una de esas formas es permitiendo que nuestros espacios, sean pequeño o grandes, puedan volverse zonas de conservación de flora medicinal. Te invitamos a este taller donde te guiaremos paso a paso en la creación de tu propio huerto medicinal, explicando y realizando diferentes practicas colectivas sobre el uso correcto de diferentes plantas medicinales, su cuidado y características, así como algunos métodos de extracción y aplicación. A su vez, estaremos explorando herramientas de arte terapia y creación literaria narrativa alrededor de la flora que permita un reconocimiento más profundo del tema.</p>



<p>No se necesita conocimiento previo sino las ganas de aprender sobre el mundo sorprendente de las plantas ¡te esperamos!</p>



<p><strong>Del 21 de febrero al 28 de marzo</strong></p>



<p><strong>Sábado de 10:00 a 14:00 h&nbsp;</strong></p>



<p>Edad: 18 años en adelante</p>



<p>Cupo: 20 personas</p>



<p><strong>$1,650</strong></p>



<h2 class="wp-block-heading has-vivid-purple-color has-text-color has-link-color has-large-font-size wp-elements-c3fb60f38bf76f9900538ba975fa1833">Ciclo 2026-1 | Mentes sanas, seres en paz</h2>



<p class="has-vivid-purple-color has-text-color has-link-color has-medium-font-size wp-elements-0b73b9b3ea159c5f44e6238dabe0c5e0"><strong>Del 16 de febrero al 13 de junio</strong></p>



<p class="has-medium-font-size"><strong>Próximas inscripciones: </strong>julio 2026</p>



<div class="wp-block-columns is-layout-flex wp-container-core-columns-is-layout-9d6595d7 wp-block-columns-is-layout-flex">
<div class="wp-block-column is-layout-flow wp-block-column-is-layout-flow"></div>
</div>



<div class="wp-block-columns is-layout-flex wp-container-core-columns-is-layout-9d6595d7 wp-block-columns-is-layout-flex">
<div class="wp-block-column is-layout-flow wp-block-column-is-layout-flow" style="flex-basis:50%"></div>



<div class="wp-block-column is-layout-flow wp-block-column-is-layout-flow" style="flex-basis:50%">
<div class="wp-block-buttons is-content-justification-center is-layout-flex wp-container-core-buttons-is-layout-16018d1d wp-block-buttons-is-layout-flex"></div>
</div>
</div>



<p></p>

<p>Del 21 de febrero al 28 de marzo</p>
<p>Sábado de 10:00 a 14:00 h </p>
<p>Edad: 18 años en adelante</p>
