{"id":6132,"date":"2025-07-11T22:17:27","date_gmt":"2025-07-11T22:17:27","guid":{"rendered":"https:\/\/tlatelolcounam.mx\/uva\/?post_type=agc_course&#038;p=6132"},"modified":"2026-04-15T17:07:58","modified_gmt":"2026-04-15T17:07:58","slug":"huerto-uva","status":"publish","type":"agc_course","link":"https:\/\/tlatelolcounam.mx\/uva\/classes\/huerto-uva\/","title":{"rendered":"Huerto urbano: reconexiones con la tierra y el territorio"},"content":{"rendered":"<div>\n<p>El bienestar no es un acto aislado: es un tejido que une cuerpo, tierra y comunidad. Cuidar nuestro cuerpo, nuestras emociones y nuestra energ\u00eda no termina en nosotrxs; resuena en el entorno y en quienes compartimos este territorio.<\/p>\n<p>En este ciclo escucharemos lo que las plantas medicinales tienen para decirnos. Continuaremos con la construcci\u00f3n del jard\u00edn medicinal de la UVA, acompa\u00f1ando cada semilla desde su nacimiento, pasando por el cuidado y la cosecha, hasta su transformaci\u00f3n en productos herbolarios.<\/p>\n<p>Como parte de este tejido, nos encontraremos con colectivos y proyectos que protegen y sostienen la vida en Tlatelolco, aprendiendo que cuidar la tierra es tambi\u00e9n cuidar la comunidad. La ecopo\u00e9tica y distintas expresiones creativas y sensoriales ser\u00e1n nuestras aliadas para nombrar, sentir y compartir lo que nos inspire este proceso.<\/p>\n<p>Te invitamos a sumarte a este viaje, donde aprender a cuidar plantas es tambi\u00e9n aprender a cuidarnos y a cuidar aquello que nos sostiene.<\/p>\n<\/div>\n<p><b>S\u00e1bado de 11:00 a 14:00 h\u00a0<\/b><\/p>\n<p><span style=\"font-weight: 400;\">Edad: 15 a\u00f1os en adelante<\/span><\/p>\n<p><span style=\"font-weight: 400;\">Cupo: 20 participantes<\/span><\/p>\n<p><b>$1,850<\/b><span style=\"color: #993366;\">\u00a0<\/span><\/p>\n\n\n<h2 class=\"wp-block-heading has-vivid-purple-color has-text-color has-link-color has-large-font-size wp-elements-71a5f6c28cc3a8885fdcc4a500cb100d\"><strong>Ciclo 2026-1 | Mentes sanas, seres en paz<\/strong><\/h2>\n\n\n\n<p class=\"has-vivid-purple-color has-text-color has-link-color has-medium-font-size wp-elements-0b73b9b3ea159c5f44e6238dabe0c5e0\"><strong>Del 16 de febrero al 13 de junio<\/strong><\/p>\n\n\n\n<p class=\"has-medium-font-size\"><strong>Pr\u00f3ximas inscripciones:\u00a0<strong>Julio 2026<\/strong><\/strong><\/p>\n\n\n\n<div class=\"wp-block-columns is-layout-flex wp-container-core-columns-is-layout-9d6595d7 wp-block-columns-is-layout-flex\">\n<div class=\"wp-block-column is-layout-flow wp-block-column-is-layout-flow\"><\/div>\n<\/div>\n\n\n\n<div class=\"wp-block-columns is-layout-flex wp-container-core-columns-is-layout-9d6595d7 wp-block-columns-is-layout-flex\">\n<div class=\"wp-block-column is-layout-flow wp-block-column-is-layout-flow\" style=\"flex-basis:50%\"><\/div>\n\n\n\n<div class=\"wp-block-column is-layout-flow wp-block-column-is-layout-flow\" style=\"flex-basis:50%\">\n<div class=\"wp-block-buttons is-content-justification-center is-layout-flex wp-container-core-buttons-is-layout-16018d1d wp-block-buttons-is-layout-flex\"><\/div>\n<\/div>\n<\/div>\n\n\n\n<p class=\"has-text-color has-link-color wp-elements-e83c4bbe1eaebdb35083509c0049efd1\" style=\"color:#4c2b6e;font-size:26px\"><\/p>\n\n\n\n<p><\/p>\n","protected":false},"excerpt":{"rendered":"<p>S\u00e1bado de 11:00 a 14:00 h<br \/>\nEdad: 15 a\u00f1os en adelante<\/p>\n","protected":false},"featured_media":6691,"template":"","class_list":["post-6132","agc_course","type-agc_course","status-publish","has-post-thumbnail","hentry","agc_course_category-talleres-jovenes-y-adultos","odd"],"_links":{"self":[{"href":"https:\/\/tlatelolcounam.mx\/uva\/wp-json\/wp\/v2\/agc_course\/6132","targetHints":{"allow":["GET"]}}],"collection":[{"href":"https:\/\/tlatelolcounam.mx\/uva\/wp-json\/wp\/v2\/agc_course"}],"about":[{"href":"https:\/\/tlatelolcounam.mx\/uva\/wp-json\/wp\/v2\/types\/agc_course"}],"wp:featuredmedia":[{"embeddable":true,"href":"https:\/\/tlatelolcounam.mx\/uva\/wp-json\/wp\/v2\/media\/6691"}],"wp:attachment":[{"href":"https:\/\/tlatelolcounam.mx\/uva\/wp-json\/wp\/v2\/media?parent=6132"}],"curies":[{"name":"wp","href":"https:\/\/api.w.org\/{rel}","templated":true}]}}

<div>
<p>El bienestar no es un acto aislado: es un tejido que une cuerpo, tierra y comunidad. Cuidar nuestro cuerpo, nuestras emociones y nuestra energía no termina en nosotrxs; resuena en el entorno y en quienes compartimos este territorio.</p>
<p>En este ciclo escucharemos lo que las plantas medicinales tienen para decirnos. Continuaremos con la construcción del jardín medicinal de la UVA, acompañando cada semilla desde su nacimiento, pasando por el cuidado y la cosecha, hasta su transformación en productos herbolarios.</p>
<p>Como parte de este tejido, nos encontraremos con colectivos y proyectos que protegen y sostienen la vida en Tlatelolco, aprendiendo que cuidar la tierra es también cuidar la comunidad. La ecopoética y distintas expresiones creativas y sensoriales serán nuestras aliadas para nombrar, sentir y compartir lo que nos inspire este proceso.</p>
<p>Te invitamos a sumarte a este viaje, donde aprender a cuidar plantas es también aprender a cuidarnos y a cuidar aquello que nos sostiene.</p>
</div>
<p><b>Sábado de 11:00 a 14:00 h </b></p>
<p><span style="font-weight: 400;">Edad: 15 años en adelante</span></p>
<p><span style="font-weight: 400;">Cupo: 20 participantes</span></p>
<p><b>$1,850</b><span style="color: #993366;"> </span></p>


<h2 class="wp-block-heading has-vivid-purple-color has-text-color has-link-color has-large-font-size wp-elements-71a5f6c28cc3a8885fdcc4a500cb100d"><strong>Ciclo 2026-1 | Mentes sanas, seres en paz</strong></h2>



<p class="has-vivid-purple-color has-text-color has-link-color has-medium-font-size wp-elements-0b73b9b3ea159c5f44e6238dabe0c5e0"><strong>Del 16 de febrero al 13 de junio</strong></p>



<p class="has-medium-font-size"><strong>Próximas inscripciones: <strong>Julio 2026</strong></strong></p>



<div class="wp-block-columns is-layout-flex wp-container-core-columns-is-layout-9d6595d7 wp-block-columns-is-layout-flex">
<div class="wp-block-column is-layout-flow wp-block-column-is-layout-flow"></div>
</div>



<div class="wp-block-columns is-layout-flex wp-container-core-columns-is-layout-9d6595d7 wp-block-columns-is-layout-flex">
<div class="wp-block-column is-layout-flow wp-block-column-is-layout-flow" style="flex-basis:50%"></div>



<div class="wp-block-column is-layout-flow wp-block-column-is-layout-flow" style="flex-basis:50%">
<div class="wp-block-buttons is-content-justification-center is-layout-flex wp-container-core-buttons-is-layout-16018d1d wp-block-buttons-is-layout-flex"></div>
</div>
</div>



<p class="has-text-color has-link-color wp-elements-e83c4bbe1eaebdb35083509c0049efd1" style="color:#4c2b6e;font-size:26px"></p>



<p></p>

<p>Sábado de 11:00 a 14:00 h<br />
Edad: 15 años en adelante</p>
