{"id":4886,"date":"2024-06-26T00:09:37","date_gmt":"2024-06-26T00:09:37","guid":{"rendered":"https:\/\/tlatelolcounam.mx\/uva\/?post_type=agc_course&#038;p=4886"},"modified":"2026-04-15T18:23:16","modified_gmt":"2026-04-15T18:23:16","slug":"cine-documental-nuevo","status":"publish","type":"agc_course","link":"https:\/\/tlatelolcounam.mx\/uva\/classes\/cine-documental-nuevo\/","title":{"rendered":"El arte de lo cotidiano. Cine documental"},"content":{"rendered":"\n<p>El presente taller es un acercamiento te\u00f3rico y practico en el desarrollo del cine documental, un espacio comunitario para compartir la experiencia est\u00e9tica como m\u00e9todo de discurso narrativo. Las y los participantes desarrollaran una comprensi\u00f3n clara de la historia del cine documental y los aportes que trae la corriente de la \u201cNo ficci\u00f3n\u201d a la cinematograf\u00eda y el desarrollo cultural. Revisaran conceptos centrales como cine comunitario, cine de libertario, y estudiaran expresiones art\u00edsticas en diferentes momentos de la historia en los que la tecnolog\u00eda facilit\u00f3 el acercamiento del discurso audiovisual a todas las personas. acceder\u00e1n a una capacitaci\u00f3n b\u00e1sica de lenguaje audiovisual para poder construir sus propias historias con base a un estudio introductorio de fotograf\u00eda, sonido, direcci\u00f3n, y edici\u00f3n. Aplicar\u00e1n todo lo aprendido a con ejercicios y en visionados que les ayudar\u00e1n a ver y a analizar, y compartir su opini\u00f3n de la experiencia est\u00e9tica como otra forma de contacto con sus realidades.<\/p>\n\n\n\n<p><strong>Mi\u00e9rcoles de 17:00 a 19:00 h<\/strong><\/p>\n\n\n\n<p>Edad: 18 a\u00f1os en adelante<\/p>\n\n\n\n<p>Cupo: 15 participantes <\/p>\n\n\n\n<p><strong>$1,850<\/strong><\/p>\n\n\n\n<p class=\"has-vivid-purple-color has-text-color has-link-color has-large-font-size wp-elements-821a3bb05587eaa6d95d19319a03e287\"><strong>Ciclo 2026-1 | Mentes sanas, seres en paz<\/strong><\/p>\n\n\n\n<p class=\"has-vivid-purple-color has-text-color has-link-color has-medium-font-size wp-elements-0b73b9b3ea159c5f44e6238dabe0c5e0\"><strong>Del 16 de febrero al 13 de junio<\/strong><\/p>\n\n\n\n<p style=\"font-size:20px\"><strong>Pr\u00f3ximas inscripciones:\u00a0Julio 2026<\/strong><\/p>\n\n\n\n<div class=\"wp-block-columns is-layout-flex wp-container-core-columns-is-layout-9d6595d7 wp-block-columns-is-layout-flex\">\n<div class=\"wp-block-column is-layout-flow wp-block-column-is-layout-flow\"><\/div>\n<\/div>\n\n\n\n<div class=\"wp-block-columns is-layout-flex wp-container-core-columns-is-layout-9d6595d7 wp-block-columns-is-layout-flex\">\n<div class=\"wp-block-column is-layout-flow wp-block-column-is-layout-flow\" style=\"flex-basis:50%\">\n<div class=\"wp-block-buttons is-content-justification-center is-layout-flex wp-container-core-buttons-is-layout-16018d1d wp-block-buttons-is-layout-flex\"><\/div>\n<\/div>\n\n\n\n<div class=\"wp-block-column is-layout-flow wp-block-column-is-layout-flow\" style=\"flex-basis:50%\">\n<div class=\"wp-block-buttons is-content-justification-center is-layout-flex wp-container-core-buttons-is-layout-16018d1d wp-block-buttons-is-layout-flex\"><\/div>\n<\/div>\n<\/div>\n\n\n\n<div class=\"wp-block-columns is-layout-flex wp-container-core-columns-is-layout-9d6595d7 wp-block-columns-is-layout-flex\">\n<div class=\"wp-block-column is-layout-flow wp-block-column-is-layout-flow\" style=\"flex-basis:100%\"><\/div>\n<\/div>\n\n\n\n<div class=\"wp-block-columns is-layout-flex wp-container-core-columns-is-layout-9d6595d7 wp-block-columns-is-layout-flex\">\n<div class=\"wp-block-column is-layout-flow wp-block-column-is-layout-flow\" style=\"flex-basis:50%\"><\/div>\n\n\n\n<div class=\"wp-block-column is-layout-flow wp-block-column-is-layout-flow\" style=\"flex-basis:50%\"><\/div>\n<\/div>\n\n\n\n<div class=\"wp-block-columns is-layout-flex wp-container-core-columns-is-layout-9d6595d7 wp-block-columns-is-layout-flex\">\n<div class=\"wp-block-column is-layout-flow wp-block-column-is-layout-flow\" style=\"flex-basis:50%\"><\/div>\n\n\n\n<div class=\"wp-block-column is-layout-flow wp-block-column-is-layout-flow\" style=\"flex-basis:50%\"><\/div>\n<\/div>\n","protected":false},"excerpt":{"rendered":"<p>Mi\u00e9rcoles de 17:00 a 19:00 h<br \/>\nEdad: 18 a\u00f1os en adelante <\/p>\n","protected":false},"featured_media":5668,"template":"","class_list":["post-4886","agc_course","type-agc_course","status-publish","has-post-thumbnail","hentry","agc_course_category-talleres-jovenes-y-adultos","odd"],"_links":{"self":[{"href":"https:\/\/tlatelolcounam.mx\/uva\/wp-json\/wp\/v2\/agc_course\/4886","targetHints":{"allow":["GET"]}}],"collection":[{"href":"https:\/\/tlatelolcounam.mx\/uva\/wp-json\/wp\/v2\/agc_course"}],"about":[{"href":"https:\/\/tlatelolcounam.mx\/uva\/wp-json\/wp\/v2\/types\/agc_course"}],"wp:featuredmedia":[{"embeddable":true,"href":"https:\/\/tlatelolcounam.mx\/uva\/wp-json\/wp\/v2\/media\/5668"}],"wp:attachment":[{"href":"https:\/\/tlatelolcounam.mx\/uva\/wp-json\/wp\/v2\/media?parent=4886"}],"curies":[{"name":"wp","href":"https:\/\/api.w.org\/{rel}","templated":true}]}}

<p>El presente taller es un acercamiento teórico y practico en el desarrollo del cine documental, un espacio comunitario para compartir la experiencia estética como método de discurso narrativo. Las y los participantes desarrollaran una comprensión clara de la historia del cine documental y los aportes que trae la corriente de la “No ficción” a la cinematografía y el desarrollo cultural. Revisaran conceptos centrales como cine comunitario, cine de libertario, y estudiaran expresiones artísticas en diferentes momentos de la historia en los que la tecnología facilitó el acercamiento del discurso audiovisual a todas las personas. accederán a una capacitación básica de lenguaje audiovisual para poder construir sus propias historias con base a un estudio introductorio de fotografía, sonido, dirección, y edición. Aplicarán todo lo aprendido a con ejercicios y en visionados que les ayudarán a ver y a analizar, y compartir su opinión de la experiencia estética como otra forma de contacto con sus realidades.</p>



<p><strong>Miércoles de 17:00 a 19:00 h</strong></p>



<p>Edad: 18 años en adelante</p>



<p>Cupo: 15 participantes </p>



<p><strong>$1,850</strong></p>



<p class="has-vivid-purple-color has-text-color has-link-color has-large-font-size wp-elements-821a3bb05587eaa6d95d19319a03e287"><strong>Ciclo 2026-1 | Mentes sanas, seres en paz</strong></p>



<p class="has-vivid-purple-color has-text-color has-link-color has-medium-font-size wp-elements-0b73b9b3ea159c5f44e6238dabe0c5e0"><strong>Del 16 de febrero al 13 de junio</strong></p>



<p style="font-size:20px"><strong>Próximas inscripciones: Julio 2026</strong></p>



<div class="wp-block-columns is-layout-flex wp-container-core-columns-is-layout-9d6595d7 wp-block-columns-is-layout-flex">
<div class="wp-block-column is-layout-flow wp-block-column-is-layout-flow"></div>
</div>



<div class="wp-block-columns is-layout-flex wp-container-core-columns-is-layout-9d6595d7 wp-block-columns-is-layout-flex">
<div class="wp-block-column is-layout-flow wp-block-column-is-layout-flow" style="flex-basis:50%">
<div class="wp-block-buttons is-content-justification-center is-layout-flex wp-container-core-buttons-is-layout-16018d1d wp-block-buttons-is-layout-flex"></div>
</div>



<div class="wp-block-column is-layout-flow wp-block-column-is-layout-flow" style="flex-basis:50%">
<div class="wp-block-buttons is-content-justification-center is-layout-flex wp-container-core-buttons-is-layout-16018d1d wp-block-buttons-is-layout-flex"></div>
</div>
</div>



<div class="wp-block-columns is-layout-flex wp-container-core-columns-is-layout-9d6595d7 wp-block-columns-is-layout-flex">
<div class="wp-block-column is-layout-flow wp-block-column-is-layout-flow" style="flex-basis:100%"></div>
</div>



<div class="wp-block-columns is-layout-flex wp-container-core-columns-is-layout-9d6595d7 wp-block-columns-is-layout-flex">
<div class="wp-block-column is-layout-flow wp-block-column-is-layout-flow" style="flex-basis:50%"></div>



<div class="wp-block-column is-layout-flow wp-block-column-is-layout-flow" style="flex-basis:50%"></div>
</div>



<div class="wp-block-columns is-layout-flex wp-container-core-columns-is-layout-9d6595d7 wp-block-columns-is-layout-flex">
<div class="wp-block-column is-layout-flow wp-block-column-is-layout-flow" style="flex-basis:50%"></div>



<div class="wp-block-column is-layout-flow wp-block-column-is-layout-flow" style="flex-basis:50%"></div>
</div>

<p>Miércoles de 17:00 a 19:00 h<br />
Edad: 18 años en adelante </p>
