{"id":4418,"date":"2024-01-12T18:29:21","date_gmt":"2024-01-12T18:29:21","guid":{"rendered":"https:\/\/tlatelolcounam.mx\/uva\/?post_type=agc_course&#038;p=4418"},"modified":"2026-04-15T18:23:59","modified_gmt":"2026-04-15T18:23:59","slug":"misxvflamencos","status":"publish","type":"agc_course","link":"https:\/\/tlatelolcounam.mx\/uva\/classes\/misxvflamencos\/","title":{"rendered":"Restaura y fortalece tu flamenca interior: un viaje hacia ti a trav\u00e9s de la danza \u00a1NUEVO!"},"content":{"rendered":"<p><span style=\"color: #000000;\">Ven a bailar<span style=\"font-size: revert;\"> flamenco mientras identificas y sublimas tus emociones a trav\u00e9s del movimiento y la expresi\u00f3n corporal<span data-olk-copy-source=\"MessageBody\">. En este taller desarrollaremos din\u00e1micas de grupo basadas en la creatividad y expresi\u00f3n para juntas realizar un montaje. Adem\u00e1s de trabajar en el sentido de conexi\u00f3n y fortalecimiento del car\u00e1cter propio y los v\u00ednculos sociales. Al final mostraremos los resultados del taller coreogr\u00e1fico a manera de work in progress frente a p\u00fablico.<\/span><\/span><\/span><\/p>\n<p><b>Del 2 al 20 de marzo<\/b><\/p>\n<p><b>Lunes a viernes de 18:00 a 21:00 h<\/b><\/p>\n<p><span style=\"font-weight: 400;\">Edad: 15 a\u00f1os en adelante<\/span><\/p>\n<p>Cupo: 25 participantes<\/p>\n<p><b>$1,650<\/b><\/p>\n<p><em>*Requisitos: zapatos de flamenco o folklore<\/em><\/p>\n\n\n<p class=\"has-vivid-purple-color has-text-color has-link-color has-large-font-size wp-elements-821a3bb05587eaa6d95d19319a03e287\"><strong>Ciclo 2026-1 | Mentes sanas, seres en paz<\/strong><\/p>\n\n\n\n<p class=\"has-vivid-purple-color has-text-color has-link-color has-medium-font-size wp-elements-0b73b9b3ea159c5f44e6238dabe0c5e0\"><strong>Del 16 de febrero al 13 de junio<\/strong><\/p>\n\n\n\n<p class=\"has-medium-font-size\"><strong>Pr\u00f3ximas inscripciones:<strong> Julio 2026<\/strong><\/strong><\/p>\n\n\n\n<div class=\"wp-block-columns is-layout-flex wp-container-core-columns-is-layout-9d6595d7 wp-block-columns-is-layout-flex\">\n<div class=\"wp-block-column is-layout-flow wp-block-column-is-layout-flow\"><\/div>\n<\/div>\n\n\n\n<div class=\"wp-block-columns is-layout-flex wp-container-core-columns-is-layout-9d6595d7 wp-block-columns-is-layout-flex\">\n<div class=\"wp-block-column is-layout-flow wp-block-column-is-layout-flow\" style=\"flex-basis:50%\">\n<div class=\"wp-block-buttons is-content-justification-center is-layout-flex wp-container-core-buttons-is-layout-16018d1d wp-block-buttons-is-layout-flex\"><\/div>\n<\/div>\n\n\n\n<div class=\"wp-block-column is-layout-flow wp-block-column-is-layout-flow\" style=\"flex-basis:50%\">\n<div class=\"wp-block-buttons is-content-justification-center is-layout-flex wp-container-core-buttons-is-layout-16018d1d wp-block-buttons-is-layout-flex\"><\/div>\n<\/div>\n<\/div>\n\n\n\n<div class=\"wp-block-columns is-layout-flex wp-container-core-columns-is-layout-9d6595d7 wp-block-columns-is-layout-flex\">\n<div class=\"wp-block-column is-layout-flow wp-block-column-is-layout-flow\" style=\"flex-basis:100%\"><\/div>\n<\/div>\n","protected":false},"excerpt":{"rendered":"<p>Del 2 al 20 de marzo<br \/>\nLunes a viernes de 18:00 a 21:00 h<br \/>\nEdad: 15 a\u00f1os en adelante<\/p>\n","protected":false},"featured_media":6754,"template":"","class_list":["post-4418","agc_course","type-agc_course","status-publish","has-post-thumbnail","hentry","agc_course_category-talleres-jovenes-y-adultos","odd"],"_links":{"self":[{"href":"https:\/\/tlatelolcounam.mx\/uva\/wp-json\/wp\/v2\/agc_course\/4418","targetHints":{"allow":["GET"]}}],"collection":[{"href":"https:\/\/tlatelolcounam.mx\/uva\/wp-json\/wp\/v2\/agc_course"}],"about":[{"href":"https:\/\/tlatelolcounam.mx\/uva\/wp-json\/wp\/v2\/types\/agc_course"}],"wp:featuredmedia":[{"embeddable":true,"href":"https:\/\/tlatelolcounam.mx\/uva\/wp-json\/wp\/v2\/media\/6754"}],"wp:attachment":[{"href":"https:\/\/tlatelolcounam.mx\/uva\/wp-json\/wp\/v2\/media?parent=4418"}],"curies":[{"name":"wp","href":"https:\/\/api.w.org\/{rel}","templated":true}]}}

Restaura y fortalece tu flamenca interior: un viaje hacia ti a través de la danza ¡NUEVO!

<p><span style="color: #000000;">Ven a bailar<span style="font-size: revert;"> flamenco mientras identificas y sublimas tus emociones a través del movimiento y la expresión corporal<span data-olk-copy-source="MessageBody">. En este taller desarrollaremos dinámicas de grupo basadas en la creatividad y expresión para juntas realizar un montaje. Además de trabajar en el sentido de conexión y fortalecimiento del carácter propio y los vínculos sociales. Al final mostraremos los resultados del taller coreográfico a manera de work in progress frente a público.</span></span></span></p>
<p><b>Del 2 al 20 de marzo</b></p>
<p><b>Lunes a viernes de 18:00 a 21:00 h</b></p>
<p><span style="font-weight: 400;">Edad: 15 años en adelante</span></p>
<p>Cupo: 25 participantes</p>
<p><b>$1,650</b></p>
<p><em>*Requisitos: zapatos de flamenco o folklore</em></p>


<p class="has-vivid-purple-color has-text-color has-link-color has-large-font-size wp-elements-821a3bb05587eaa6d95d19319a03e287"><strong>Ciclo 2026-1 | Mentes sanas, seres en paz</strong></p>



<p class="has-vivid-purple-color has-text-color has-link-color has-medium-font-size wp-elements-0b73b9b3ea159c5f44e6238dabe0c5e0"><strong>Del 16 de febrero al 13 de junio</strong></p>



<p class="has-medium-font-size"><strong>Próximas inscripciones:<strong> Julio 2026</strong></strong></p>



<div class="wp-block-columns is-layout-flex wp-container-core-columns-is-layout-9d6595d7 wp-block-columns-is-layout-flex">
<div class="wp-block-column is-layout-flow wp-block-column-is-layout-flow"></div>
</div>



<div class="wp-block-columns is-layout-flex wp-container-core-columns-is-layout-9d6595d7 wp-block-columns-is-layout-flex">
<div class="wp-block-column is-layout-flow wp-block-column-is-layout-flow" style="flex-basis:50%">
<div class="wp-block-buttons is-content-justification-center is-layout-flex wp-container-core-buttons-is-layout-16018d1d wp-block-buttons-is-layout-flex"></div>
</div>



<div class="wp-block-column is-layout-flow wp-block-column-is-layout-flow" style="flex-basis:50%">
<div class="wp-block-buttons is-content-justification-center is-layout-flex wp-container-core-buttons-is-layout-16018d1d wp-block-buttons-is-layout-flex"></div>
</div>
</div>



<div class="wp-block-columns is-layout-flex wp-container-core-columns-is-layout-9d6595d7 wp-block-columns-is-layout-flex">
<div class="wp-block-column is-layout-flow wp-block-column-is-layout-flow" style="flex-basis:100%"></div>
</div>

<p>Del 2 al 20 de marzo<br />
Lunes a viernes de 18:00 a 21:00 h<br />
Edad: 15 años en adelante</p>
