{"id":4297,"date":"2024-01-10T01:00:59","date_gmt":"2024-01-10T01:00:59","guid":{"rendered":"https:\/\/tlatelolcounam.mx\/uva\/?post_type=agc_course&#038;p=4297"},"modified":"2026-04-15T18:29:10","modified_gmt":"2026-04-15T18:29:10","slug":"danza-contemporanea","status":"publish","type":"agc_course","link":"https:\/\/tlatelolcounam.mx\/uva\/classes\/danza-contemporanea\/","title":{"rendered":"Danza contempor\u00e1nea inicial"},"content":{"rendered":"<p dir=\"ltr\">Un espacio para la investigaci\u00f3n basada en el cuerpo como generador de im\u00e1genes que se descubren desde el impulso, reacci\u00f3n y acci\u00f3n desde la improvisaci\u00f3n corporal.<\/p>\n<p dir=\"ltr\">El trabajo se desarrollar\u00e1 desde la modalidad de laboratorio de investigaci\u00f3n corporal, indagando en la relaci\u00f3n de la imagen y el movimiento desde el aspecto obvio y a la vez profundo: La creaci\u00f3n de im\u00e1genes que vengan de nuestras vivencias m\u00e1s \u00edntimas y a la vez mundanas. Esta relaci\u00f3n de vivencias y movimiento se denomina \u201cMovimiento Gr\u00e1fico\u201d. La metodolog\u00eda propone una serie de entrenamientos para mantener las relaciones entre la creaci\u00f3n de movimiento en inercia con las vivencias de los artistas esc\u00e9nicos, desarrollando un movimiento que est\u00e9 basado en las interpretaciones personales, tanto en la generaci\u00f3n como en la creaci\u00f3n de movimiento y as\u00ed crear un v\u00ednculo entre la formaci\u00f3n de im\u00e1genes que llegan a nuestra mente para la creaci\u00f3n de im\u00e1genes instant\u00e1neas formadas en el momento con todos los recursos previos que tengan los participantes.<\/p>\n<p dir=\"ltr\">Dirigido a creadorxs esc\u00e9nicos (Actores, bailarines o performances) y a cualquier persona interesada en el movimiento.<\/p>\n<p><b>Mi\u00e9rcoles de 18:00 a 20:00 h\u00a0<\/b><\/p>\n<p><span style=\"font-weight: 400;\">Edad: 18 a\u00f1os en adelante\u00a0<\/span><\/p>\n<p>Cupo: 20 participantes<\/p>\n<p><b>$1,650<\/b><\/p>\n\n\n<p class=\"has-vivid-purple-color has-text-color has-link-color has-large-font-size wp-elements-821a3bb05587eaa6d95d19319a03e287\"><strong>Ciclo 2026-1 | Mentes sanas, seres en paz<\/strong><\/p>\n\n\n\n<p class=\"has-vivid-purple-color has-text-color has-link-color has-medium-font-size wp-elements-0b73b9b3ea159c5f44e6238dabe0c5e0\"><strong>Del 16 de febrero al 13 de junio<\/strong><\/p>\n\n\n\n<p style=\"font-size:20px\"><strong>Pr\u00f3ximas inscripciones: <strong>Julio 2026<\/strong><\/strong><\/p>\n\n\n\n<div class=\"wp-block-columns is-layout-flex wp-container-core-columns-is-layout-9d6595d7 wp-block-columns-is-layout-flex\">\n<div class=\"wp-block-column is-layout-flow wp-block-column-is-layout-flow\"><\/div>\n<\/div>\n\n\n\n<div class=\"wp-block-columns is-layout-flex wp-container-core-columns-is-layout-9d6595d7 wp-block-columns-is-layout-flex\">\n<div class=\"wp-block-column is-layout-flow wp-block-column-is-layout-flow\" style=\"flex-basis:50%\">\n<div class=\"wp-block-buttons is-content-justification-center is-layout-flex wp-container-core-buttons-is-layout-16018d1d wp-block-buttons-is-layout-flex\"><\/div>\n<\/div>\n\n\n\n<div class=\"wp-block-column is-layout-flow wp-block-column-is-layout-flow\" style=\"flex-basis:50%\">\n<div class=\"wp-block-buttons is-content-justification-center is-layout-flex wp-container-core-buttons-is-layout-16018d1d wp-block-buttons-is-layout-flex\"><\/div>\n<\/div>\n<\/div>\n\n\n\n<div class=\"wp-block-columns is-layout-flex wp-container-core-columns-is-layout-9d6595d7 wp-block-columns-is-layout-flex\"><\/div>\n","protected":false},"excerpt":{"rendered":"<p>Mi\u00e9rcoles de 18:00 a 20:00 h<br \/>\nEdad: 18 a\u00f1os en adelante\u00a0<\/p>\n","protected":false},"featured_media":5687,"template":"","class_list":["post-4297","agc_course","type-agc_course","status-publish","has-post-thumbnail","hentry","agc_course_category-talleres-jovenes-y-adultos","odd"],"_links":{"self":[{"href":"https:\/\/tlatelolcounam.mx\/uva\/wp-json\/wp\/v2\/agc_course\/4297","targetHints":{"allow":["GET"]}}],"collection":[{"href":"https:\/\/tlatelolcounam.mx\/uva\/wp-json\/wp\/v2\/agc_course"}],"about":[{"href":"https:\/\/tlatelolcounam.mx\/uva\/wp-json\/wp\/v2\/types\/agc_course"}],"wp:featuredmedia":[{"embeddable":true,"href":"https:\/\/tlatelolcounam.mx\/uva\/wp-json\/wp\/v2\/media\/5687"}],"wp:attachment":[{"href":"https:\/\/tlatelolcounam.mx\/uva\/wp-json\/wp\/v2\/media?parent=4297"}],"curies":[{"name":"wp","href":"https:\/\/api.w.org\/{rel}","templated":true}]}}

Danza contemporánea inicial

<p dir="ltr">Un espacio para la investigación basada en el cuerpo como generador de imágenes que se descubren desde el impulso, reacción y acción desde la improvisación corporal.</p>
<p dir="ltr">El trabajo se desarrollará desde la modalidad de laboratorio de investigación corporal, indagando en la relación de la imagen y el movimiento desde el aspecto obvio y a la vez profundo: La creación de imágenes que vengan de nuestras vivencias más íntimas y a la vez mundanas. Esta relación de vivencias y movimiento se denomina “Movimiento Gráfico”. La metodología propone una serie de entrenamientos para mantener las relaciones entre la creación de movimiento en inercia con las vivencias de los artistas escénicos, desarrollando un movimiento que esté basado en las interpretaciones personales, tanto en la generación como en la creación de movimiento y así crear un vínculo entre la formación de imágenes que llegan a nuestra mente para la creación de imágenes instantáneas formadas en el momento con todos los recursos previos que tengan los participantes.</p>
<p dir="ltr">Dirigido a creadorxs escénicos (Actores, bailarines o performances) y a cualquier persona interesada en el movimiento.</p>
<p><b>Miércoles de 18:00 a 20:00 h </b></p>
<p><span style="font-weight: 400;">Edad: 18 años en adelante </span></p>
<p>Cupo: 20 participantes</p>
<p><b>$1,650</b></p>


<p class="has-vivid-purple-color has-text-color has-link-color has-large-font-size wp-elements-821a3bb05587eaa6d95d19319a03e287"><strong>Ciclo 2026-1 | Mentes sanas, seres en paz</strong></p>



<p class="has-vivid-purple-color has-text-color has-link-color has-medium-font-size wp-elements-0b73b9b3ea159c5f44e6238dabe0c5e0"><strong>Del 16 de febrero al 13 de junio</strong></p>



<p style="font-size:20px"><strong>Próximas inscripciones: <strong>Julio 2026</strong></strong></p>



<div class="wp-block-columns is-layout-flex wp-container-core-columns-is-layout-9d6595d7 wp-block-columns-is-layout-flex">
<div class="wp-block-column is-layout-flow wp-block-column-is-layout-flow"></div>
</div>



<div class="wp-block-columns is-layout-flex wp-container-core-columns-is-layout-9d6595d7 wp-block-columns-is-layout-flex">
<div class="wp-block-column is-layout-flow wp-block-column-is-layout-flow" style="flex-basis:50%">
<div class="wp-block-buttons is-content-justification-center is-layout-flex wp-container-core-buttons-is-layout-16018d1d wp-block-buttons-is-layout-flex"></div>
</div>



<div class="wp-block-column is-layout-flow wp-block-column-is-layout-flow" style="flex-basis:50%">
<div class="wp-block-buttons is-content-justification-center is-layout-flex wp-container-core-buttons-is-layout-16018d1d wp-block-buttons-is-layout-flex"></div>
</div>
</div>



<div class="wp-block-columns is-layout-flex wp-container-core-columns-is-layout-9d6595d7 wp-block-columns-is-layout-flex"></div>

<p>Miércoles de 18:00 a 20:00 h<br />
Edad: 18 años en adelante </p>
