{"id":4293,"date":"2024-01-09T05:06:26","date_gmt":"2024-01-09T05:06:26","guid":{"rendered":"https:\/\/tlatelolcounam.mx\/uva\/?post_type=agc_course&#038;p=4293"},"modified":"2026-04-15T18:28:08","modified_gmt":"2026-04-15T18:28:08","slug":"autobiografia-escenica-para-la-memoria","status":"publish","type":"agc_course","link":"https:\/\/tlatelolcounam.mx\/uva\/classes\/autobiografia-escenica-para-la-memoria\/","title":{"rendered":"Autobiograf\u00eda esc\u00e9nica para la memoria. Taller de teatro y narrativa"},"content":{"rendered":"\n<p>Taller laboratorio que conjuga herramientas teatrales y narrativo-autobiogr\u00e1ficas para la construcci\u00f3n de dispositivos esc\u00e9nicos conviviales que coadyuven a resignificar y redignificar las experiencias de vida. A trav\u00e9s de elementos del teatro documental, posdrama y la escena expandida se abordar\u00e1n exploraciones que permitan desarrollar distintas formas de hablar de lo que queremos y tenemos que hablar. Comprendiendo que tanto colectiva como individualmente nos es trascendente abordar temas que a nuestro parecer urge no sean olvidadas ni normalizadas, as\u00ed a trav\u00e9s de estas herramientas teatrales encontrar v\u00edas alternas para reflexionar y seguir cuestionando nuestro accionar ante cada problem\u00e1tica. A lo largo del taller cada alumnx crear\u00e1 un dispositivo esc\u00e9nico que le permita compartir una experiencia significativa a trav\u00e9s de elementos y objetos personales. Estos dispositivos se construir\u00e1n a partir de diversas t\u00e9cnicas y herramientas teatrales haciendo \u00e9nfasis en el aspecto convivial, es decir, la capacidad de interactuar con el espectador y su entorno.<\/p>\n\n\n\n<p>Imparte Compa\u00f1\u00eda <em>Al Rescate&nbsp;Teatro<\/em><\/p>\n\n\n\n<div class=\"wp-block-group is-vertical is-layout-flex wp-container-core-group-is-layout-8cf370e7 wp-block-group-is-layout-flex\">\n<p><b>S\u00e1bado de 11:00 a 14:00 h<\/b><\/p>\n\n\n\n<p>Edad: 18 a\u00f1os en adelante<\/p>\n\n\n\n<p>Cupo: 20 participantes<\/p>\n\n\n\n<p><b>$1,850<\/b><\/p>\n<\/div>\n\n\n\n<p class=\"has-vivid-purple-color has-text-color has-link-color has-large-font-size wp-elements-821a3bb05587eaa6d95d19319a03e287\"><strong>Ciclo 2026-1 | Mentes sanas, seres en paz<\/strong><\/p>\n\n\n\n<p class=\"has-vivid-purple-color has-text-color has-link-color has-medium-font-size wp-elements-0b73b9b3ea159c5f44e6238dabe0c5e0\"><strong>Del 16 de febrero al 13 de junio<\/strong><\/p>\n\n\n\n<p style=\"font-size:20px\"><strong>Pr\u00f3ximas inscripciones:\u00a0Julio 2026<\/strong><\/p>\n\n\n\n<div class=\"wp-block-columns is-layout-flex wp-container-core-columns-is-layout-9d6595d7 wp-block-columns-is-layout-flex\">\n<div class=\"wp-block-column is-layout-flow wp-block-column-is-layout-flow\"><\/div>\n<\/div>\n\n\n\n<div class=\"wp-block-columns is-layout-flex wp-container-core-columns-is-layout-9d6595d7 wp-block-columns-is-layout-flex\">\n<div class=\"wp-block-column is-layout-flow wp-block-column-is-layout-flow\" style=\"flex-basis:50%\">\n<div class=\"wp-block-buttons is-content-justification-center is-layout-flex wp-container-core-buttons-is-layout-16018d1d wp-block-buttons-is-layout-flex\"><\/div>\n<\/div>\n\n\n\n<div class=\"wp-block-column is-layout-flow wp-block-column-is-layout-flow\" style=\"flex-basis:50%\">\n<div class=\"wp-block-buttons is-content-justification-center is-layout-flex wp-container-core-buttons-is-layout-16018d1d wp-block-buttons-is-layout-flex\"><\/div>\n<\/div>\n<\/div>\n\n\n\n<p class=\"has-medium-font-size\"><\/p>\n\n\n\n<div class=\"wp-block-columns is-layout-flex wp-container-core-columns-is-layout-9d6595d7 wp-block-columns-is-layout-flex\">\n<div class=\"wp-block-column is-layout-flow wp-block-column-is-layout-flow\" style=\"flex-basis:100%\"><\/div>\n<\/div>\n\n\n\n<p class=\"has-medium-font-size\"><\/p>\n\n\n\n<p class=\"has-medium-font-size\"><\/p>\n\n\n\n<div class=\"wp-block-columns is-layout-flex wp-container-core-columns-is-layout-9d6595d7 wp-block-columns-is-layout-flex\">\n<div class=\"wp-block-column is-layout-flow wp-block-column-is-layout-flow\" style=\"flex-basis:50%\"><\/div>\n\n\n\n<div class=\"wp-block-column is-layout-flow wp-block-column-is-layout-flow\" style=\"flex-basis:50%\"><\/div>\n<\/div>\n","protected":false},"excerpt":{"rendered":"<p>S\u00e1bado de 11:00 a 14:00 h<br \/>\nEdad: 18 a\u00f1os en adelante<\/p>\n","protected":false},"featured_media":5572,"template":"","class_list":["post-4293","agc_course","type-agc_course","status-publish","has-post-thumbnail","hentry","agc_course_category-talleres-jovenes-y-adultos","odd"],"_links":{"self":[{"href":"https:\/\/tlatelolcounam.mx\/uva\/wp-json\/wp\/v2\/agc_course\/4293","targetHints":{"allow":["GET"]}}],"collection":[{"href":"https:\/\/tlatelolcounam.mx\/uva\/wp-json\/wp\/v2\/agc_course"}],"about":[{"href":"https:\/\/tlatelolcounam.mx\/uva\/wp-json\/wp\/v2\/types\/agc_course"}],"wp:featuredmedia":[{"embeddable":true,"href":"https:\/\/tlatelolcounam.mx\/uva\/wp-json\/wp\/v2\/media\/5572"}],"wp:attachment":[{"href":"https:\/\/tlatelolcounam.mx\/uva\/wp-json\/wp\/v2\/media?parent=4293"}],"curies":[{"name":"wp","href":"https:\/\/api.w.org\/{rel}","templated":true}]}}

Autobiografía escénica para la memoria. Taller de teatro y narrativa

<p>Taller laboratorio que conjuga herramientas teatrales y narrativo-autobiográficas para la construcción de dispositivos escénicos conviviales que coadyuven a resignificar y redignificar las experiencias de vida. A través de elementos del teatro documental, posdrama y la escena expandida se abordarán exploraciones que permitan desarrollar distintas formas de hablar de lo que queremos y tenemos que hablar. Comprendiendo que tanto colectiva como individualmente nos es trascendente abordar temas que a nuestro parecer urge no sean olvidadas ni normalizadas, así a través de estas herramientas teatrales encontrar vías alternas para reflexionar y seguir cuestionando nuestro accionar ante cada problemática. A lo largo del taller cada alumnx creará un dispositivo escénico que le permita compartir una experiencia significativa a través de elementos y objetos personales. Estos dispositivos se construirán a partir de diversas técnicas y herramientas teatrales haciendo énfasis en el aspecto convivial, es decir, la capacidad de interactuar con el espectador y su entorno.</p>



<p>Imparte Compañía <em>Al Rescate&nbsp;Teatro</em></p>



<div class="wp-block-group is-vertical is-layout-flex wp-container-core-group-is-layout-8cf370e7 wp-block-group-is-layout-flex">
<p><b>Sábado de 11:00 a 14:00 h</b></p>



<p>Edad: 18 años en adelante</p>



<p>Cupo: 20 participantes</p>



<p><b>$1,850</b></p>
</div>



<p class="has-vivid-purple-color has-text-color has-link-color has-large-font-size wp-elements-821a3bb05587eaa6d95d19319a03e287"><strong>Ciclo 2026-1 | Mentes sanas, seres en paz</strong></p>



<p class="has-vivid-purple-color has-text-color has-link-color has-medium-font-size wp-elements-0b73b9b3ea159c5f44e6238dabe0c5e0"><strong>Del 16 de febrero al 13 de junio</strong></p>



<p style="font-size:20px"><strong>Próximas inscripciones: Julio 2026</strong></p>



<div class="wp-block-columns is-layout-flex wp-container-core-columns-is-layout-9d6595d7 wp-block-columns-is-layout-flex">
<div class="wp-block-column is-layout-flow wp-block-column-is-layout-flow"></div>
</div>



<div class="wp-block-columns is-layout-flex wp-container-core-columns-is-layout-9d6595d7 wp-block-columns-is-layout-flex">
<div class="wp-block-column is-layout-flow wp-block-column-is-layout-flow" style="flex-basis:50%">
<div class="wp-block-buttons is-content-justification-center is-layout-flex wp-container-core-buttons-is-layout-16018d1d wp-block-buttons-is-layout-flex"></div>
</div>



<div class="wp-block-column is-layout-flow wp-block-column-is-layout-flow" style="flex-basis:50%">
<div class="wp-block-buttons is-content-justification-center is-layout-flex wp-container-core-buttons-is-layout-16018d1d wp-block-buttons-is-layout-flex"></div>
</div>
</div>



<p class="has-medium-font-size"></p>



<div class="wp-block-columns is-layout-flex wp-container-core-columns-is-layout-9d6595d7 wp-block-columns-is-layout-flex">
<div class="wp-block-column is-layout-flow wp-block-column-is-layout-flow" style="flex-basis:100%"></div>
</div>



<p class="has-medium-font-size"></p>



<p class="has-medium-font-size"></p>



<div class="wp-block-columns is-layout-flex wp-container-core-columns-is-layout-9d6595d7 wp-block-columns-is-layout-flex">
<div class="wp-block-column is-layout-flow wp-block-column-is-layout-flow" style="flex-basis:50%"></div>



<div class="wp-block-column is-layout-flow wp-block-column-is-layout-flow" style="flex-basis:50%"></div>
</div>

<p>Sábado de 11:00 a 14:00 h<br />
Edad: 18 años en adelante</p>
