{"id":4271,"date":"2024-01-07T23:28:46","date_gmt":"2024-01-07T23:28:46","guid":{"rendered":"https:\/\/tlatelolcounam.mx\/uva\/?post_type=agc_course&#038;p=4271"},"modified":"2026-04-15T18:27:15","modified_gmt":"2026-04-15T18:27:15","slug":"telar-de-cintura","status":"publish","type":"agc_course","link":"https:\/\/tlatelolcounam.mx\/uva\/classes\/telar-de-cintura\/","title":{"rendered":"Telar de cintura"},"content":{"rendered":"\n<p>El telar de cintura es una herramienta prehisp\u00e1nica para crear tejidos que no ha tenido cambios notables desde su uso en la antig\u00fcedad. La simpleza de esta herramienta, que consta apenas de unos palitos, contrasta con la variedad de tejidos y t\u00e9cnicas que se pueden aprender. En el taller de telar se aprende a usar esta herramienta como una forma de expresi\u00f3n de quien teje, pues aunque la t\u00e9cnica es la misma, los tejidos nunca lo son, el resultado depende de la visi\u00f3n de cada persona, del uso de colores y del hilo, lo que da como resultado una variedad de piezas, que posteriormente al ser tejida, puede ser transformada en un morralito, un camino de mesa, un monedero, o piezas m\u00e1s grandes como un huipil o un rebozo.<\/p>\n\n\n\n<p>El taller es un juego de hilos y una sumersi\u00f3n en la memoria de M\u00e9xico, pues aprender a tejer es tambi\u00e9n un repaso por nuestra historia, que pervive a trav\u00e9s de manos tejedoras de las mujeres de los pueblos originarios, y de las cuales somos herederas.<\/p>\n\n\n\n<div class=\"wp-block-group is-vertical is-layout-flex wp-container-core-group-is-layout-8cf370e7 wp-block-group-is-layout-flex\">\n<section id=\"section-g-al22l8r\" class=\"wp-block-gutentor-divider section-g-al22l8r gutentor-element gutentor-section gutentor-divider text-center\"><div class=\"grid-container\"><div class=\"gutentor-divider-box\"><span><svg xmlns=\"http:\/\/www.w3.org\/2000\/svg\" viewBox=\"0 0 240 40\" preserveAspectRatio=\"none\"><path d=\"M56.2 20c5.3-.1 10.6-.2 16-.3l16-.2c10.6-.1 21.3-.1 31.9-.2 10.6.1 21.3 0 31.9.1l16 .2c5.3.1 10.6.2 16 .3-5.3.1-10.6.2-16 .3l-16 .2c-10.6.1-21.3.1-31.9.1-10.6-.1-21.3 0-31.9-.2l-16-.2c-5.4.1-10.7 0-16-.1z\"><\/path><\/svg><\/span><\/div><\/div><\/section>\n\n\n\n<p><b>Grupo 1: s\u00e1bado de 14:00 a 18:00 h<\/b> <\/p>\n\n\n\n<p><strong>Grupo 2: viernes de 10:00 a 14:00 h<\/strong> \u00a1AGOTADO!<\/p>\n\n\n\n<p>Edad: 16 a\u00f1os en adelante<\/p>\n\n\n\n<p>Cupo: 12 participantes por grupo <\/p>\n\n\n\n<p><b>$1,850<\/b><\/p>\n\n\n\n<p><em>*No incluye materiales<\/em><\/p>\n\n\n\n<p><em>Actividad que requiere mantenerse sentadx&nbsp;por periodos&nbsp;largos de tiempo, un enfoque visual en los hilos y el desarrollo de habilidad manual para tejer. <\/em><\/p>\n<\/div>\n\n\n\n<h2 class=\"wp-block-heading has-vivid-purple-color has-text-color has-link-color has-large-font-size wp-elements-c7a9dbd75af2ec48854095a6af6899c0\"><strong>Ciclo 2026-1 | Mentes sanas, seres en paz<\/strong><\/h2>\n\n\n\n<p class=\"has-vivid-purple-color has-text-color has-link-color has-medium-font-size wp-elements-0b73b9b3ea159c5f44e6238dabe0c5e0\"><strong>Del 16 de febrero al 13 de junio<\/strong><\/p>\n\n\n\n<p><strong>Pr\u00f3ximas inscripciones: Julio 2026<\/strong><\/p>\n\n\n\n<div class=\"wp-block-columns is-layout-flex wp-container-core-columns-is-layout-9d6595d7 wp-block-columns-is-layout-flex\">\n<div class=\"wp-block-column is-layout-flow wp-block-column-is-layout-flow\" style=\"flex-basis:50%\"><\/div>\n<\/div>\n\n\n\n<div class=\"wp-block-columns is-layout-flex wp-container-core-columns-is-layout-9d6595d7 wp-block-columns-is-layout-flex\">\n<div class=\"wp-block-column is-layout-flow wp-block-column-is-layout-flow\"><\/div>\n<\/div>\n\n\n\n<div class=\"wp-block-columns is-layout-flex wp-container-core-columns-is-layout-9d6595d7 wp-block-columns-is-layout-flex\">\n<div class=\"wp-block-column is-layout-flow wp-block-column-is-layout-flow\" style=\"flex-basis:50%\"><\/div>\n\n\n\n<div class=\"wp-block-column is-layout-flow wp-block-column-is-layout-flow\" style=\"flex-basis:50%\"><\/div>\n<\/div>\n\n\n\n<div class=\"wp-block-columns is-layout-flex wp-container-core-columns-is-layout-9d6595d7 wp-block-columns-is-layout-flex\">\n<div class=\"wp-block-column is-layout-flow wp-block-column-is-layout-flow\" style=\"flex-basis:50%\"><\/div>\n\n\n\n<div class=\"wp-block-column is-layout-flow wp-block-column-is-layout-flow\" style=\"flex-basis:50%\"><\/div>\n<\/div>\n\n\n\n<div class=\"wp-block-columns is-layout-flex wp-container-core-columns-is-layout-9d6595d7 wp-block-columns-is-layout-flex\">\n<div class=\"wp-block-column is-layout-flow wp-block-column-is-layout-flow\" style=\"flex-basis:100%\"><\/div>\n<\/div>\n\n\n\n<p><\/p>\n","protected":false},"excerpt":{"rendered":"<p>Grupo 1: s\u00e1bado de 14:00 a 18:00 h\u00a0<br \/>\nGrupo 2: viernes de 10:00 a 14:00 h<br \/>\nEdad: 16 a\u00f1os en adelante<\/p>\n","protected":false},"featured_media":5543,"template":"","class_list":["post-4271","agc_course","type-agc_course","status-publish","has-post-thumbnail","hentry","agc_course_category-talleres-jovenes-y-adultos","odd"],"_links":{"self":[{"href":"https:\/\/tlatelolcounam.mx\/uva\/wp-json\/wp\/v2\/agc_course\/4271","targetHints":{"allow":["GET"]}}],"collection":[{"href":"https:\/\/tlatelolcounam.mx\/uva\/wp-json\/wp\/v2\/agc_course"}],"about":[{"href":"https:\/\/tlatelolcounam.mx\/uva\/wp-json\/wp\/v2\/types\/agc_course"}],"wp:featuredmedia":[{"embeddable":true,"href":"https:\/\/tlatelolcounam.mx\/uva\/wp-json\/wp\/v2\/media\/5543"}],"wp:attachment":[{"href":"https:\/\/tlatelolcounam.mx\/uva\/wp-json\/wp\/v2\/media?parent=4271"}],"curies":[{"name":"wp","href":"https:\/\/api.w.org\/{rel}","templated":true}]}}

<p>El telar de cintura es una herramienta prehispánica para crear tejidos que no ha tenido cambios notables desde su uso en la antigüedad. La simpleza de esta herramienta, que consta apenas de unos palitos, contrasta con la variedad de tejidos y técnicas que se pueden aprender. En el taller de telar se aprende a usar esta herramienta como una forma de expresión de quien teje, pues aunque la técnica es la misma, los tejidos nunca lo son, el resultado depende de la visión de cada persona, del uso de colores y del hilo, lo que da como resultado una variedad de piezas, que posteriormente al ser tejida, puede ser transformada en un morralito, un camino de mesa, un monedero, o piezas más grandes como un huipil o un rebozo.</p>



<p>El taller es un juego de hilos y una sumersión en la memoria de México, pues aprender a tejer es también un repaso por nuestra historia, que pervive a través de manos tejedoras de las mujeres de los pueblos originarios, y de las cuales somos herederas.</p>



<div class="wp-block-group is-vertical is-layout-flex wp-container-core-group-is-layout-8cf370e7 wp-block-group-is-layout-flex">
<section id="section-g-al22l8r" class="wp-block-gutentor-divider section-g-al22l8r gutentor-element gutentor-section gutentor-divider text-center"><div class="grid-container"><div class="gutentor-divider-box"><span><svg xmlns="http://www.w3.org/2000/svg" viewBox="0 0 240 40" preserveAspectRatio="none"><path d="M56.2 20c5.3-.1 10.6-.2 16-.3l16-.2c10.6-.1 21.3-.1 31.9-.2 10.6.1 21.3 0 31.9.1l16 .2c5.3.1 10.6.2 16 .3-5.3.1-10.6.2-16 .3l-16 .2c-10.6.1-21.3.1-31.9.1-10.6-.1-21.3 0-31.9-.2l-16-.2c-5.4.1-10.7 0-16-.1z"></path></svg></span></div></div></section>



<p><b>Grupo 1: sábado de 14:00 a 18:00 h</b> </p>



<p><strong>Grupo 2: viernes de 10:00 a 14:00 h</strong> ¡AGOTADO!</p>



<p>Edad: 16 años en adelante</p>



<p>Cupo: 12 participantes por grupo </p>



<p><b>$1,850</b></p>



<p><em>*No incluye materiales</em></p>



<p><em>Actividad que requiere mantenerse sentadx&nbsp;por periodos&nbsp;largos de tiempo, un enfoque visual en los hilos y el desarrollo de habilidad manual para tejer. </em></p>
</div>



<h2 class="wp-block-heading has-vivid-purple-color has-text-color has-link-color has-large-font-size wp-elements-c7a9dbd75af2ec48854095a6af6899c0"><strong>Ciclo 2026-1 | Mentes sanas, seres en paz</strong></h2>



<p class="has-vivid-purple-color has-text-color has-link-color has-medium-font-size wp-elements-0b73b9b3ea159c5f44e6238dabe0c5e0"><strong>Del 16 de febrero al 13 de junio</strong></p>



<p><strong>Próximas inscripciones: Julio 2026</strong></p>



<div class="wp-block-columns is-layout-flex wp-container-core-columns-is-layout-9d6595d7 wp-block-columns-is-layout-flex">
<div class="wp-block-column is-layout-flow wp-block-column-is-layout-flow" style="flex-basis:50%"></div>
</div>



<div class="wp-block-columns is-layout-flex wp-container-core-columns-is-layout-9d6595d7 wp-block-columns-is-layout-flex">
<div class="wp-block-column is-layout-flow wp-block-column-is-layout-flow"></div>
</div>



<div class="wp-block-columns is-layout-flex wp-container-core-columns-is-layout-9d6595d7 wp-block-columns-is-layout-flex">
<div class="wp-block-column is-layout-flow wp-block-column-is-layout-flow" style="flex-basis:50%"></div>



<div class="wp-block-column is-layout-flow wp-block-column-is-layout-flow" style="flex-basis:50%"></div>
</div>



<div class="wp-block-columns is-layout-flex wp-container-core-columns-is-layout-9d6595d7 wp-block-columns-is-layout-flex">
<div class="wp-block-column is-layout-flow wp-block-column-is-layout-flow" style="flex-basis:50%"></div>



<div class="wp-block-column is-layout-flow wp-block-column-is-layout-flow" style="flex-basis:50%"></div>
</div>



<div class="wp-block-columns is-layout-flex wp-container-core-columns-is-layout-9d6595d7 wp-block-columns-is-layout-flex">
<div class="wp-block-column is-layout-flow wp-block-column-is-layout-flow" style="flex-basis:100%"></div>
</div>



<p></p>

<p>Grupo 1: sábado de 14:00 a 18:00 h <br />
Grupo 2: viernes de 10:00 a 14:00 h<br />
Edad: 16 años en adelante</p>
