{"id":4258,"date":"2024-01-07T22:53:32","date_gmt":"2024-01-07T22:53:32","guid":{"rendered":"https:\/\/tlatelolcounam.mx\/uva\/?post_type=agc_course&#038;p=4258"},"modified":"2026-04-15T18:26:19","modified_gmt":"2026-04-15T18:26:19","slug":"de-mezclas-raras-y-alebrijes","status":"publish","type":"agc_course","link":"https:\/\/tlatelolcounam.mx\/uva\/classes\/de-mezclas-raras-y-alebrijes\/","title":{"rendered":"De mezclas raras y alebrijes"},"content":{"rendered":"<p>Una experiencia enriquecedora que busca fomentar la creatividad, habilidades motrices y familiarizarse con el arte popular mexicano. Sum\u00e9rgete en un entorno l\u00fadico y creativo donde tendr\u00e1s la oportunidad de dar vida a tus propias creaciones fant\u00e1sticas inspir\u00e1ndote en el arte e historia cultural de los alebrijes para hacer volar tu imaginaci\u00f3n.<\/p>\n<p><b>S\u00e1bado de 10:00 a 12:00 h<\/b><\/p>\n<p>Edad: de 6 a 12 a\u00f1os<\/p>\n<p>Cupo: 15 participantes<\/p>\n<p><strong>$1,650<\/strong><\/p>\n<p><em>*No incluye materiales <\/em><\/p>\n\n\n<h2 class=\"wp-block-heading has-vivid-purple-color has-text-color has-link-color has-large-font-size wp-elements-c3fb60f38bf76f9900538ba975fa1833\">Ciclo 2026-1 | Mentes sanas, seres en paz<\/h2>\n\n\n\n<p class=\"has-vivid-purple-color has-text-color has-link-color has-medium-font-size wp-elements-0b73b9b3ea159c5f44e6238dabe0c5e0\"><strong>Del 16 de febrero al 13 de junio<\/strong><\/p>\n\n\n\n<p class=\"has-medium-font-size\"><strong>Pr\u00f3ximas inscripciones:\u00a0Julio 2026<\/strong><\/p>\n\n\n\n<div class=\"wp-block-columns is-layout-flex wp-container-core-columns-is-layout-9d6595d7 wp-block-columns-is-layout-flex\">\n<div class=\"wp-block-column is-layout-flow wp-block-column-is-layout-flow\"><\/div>\n<\/div>\n\n\n\n<div class=\"wp-block-columns is-layout-flex wp-container-core-columns-is-layout-9d6595d7 wp-block-columns-is-layout-flex\">\n<div class=\"wp-block-column is-layout-flow wp-block-column-is-layout-flow\" style=\"flex-basis:50%\">\n<div class=\"wp-block-buttons is-content-justification-center is-layout-flex wp-container-core-buttons-is-layout-16018d1d wp-block-buttons-is-layout-flex\"><\/div>\n<\/div>\n\n\n\n<div class=\"wp-block-column is-layout-flow wp-block-column-is-layout-flow\" style=\"flex-basis:50%\">\n<div class=\"wp-block-buttons is-content-justification-center is-layout-flex wp-container-core-buttons-is-layout-16018d1d wp-block-buttons-is-layout-flex\"><\/div>\n<\/div>\n<\/div>\n\n\n\n<div class=\"wp-block-columns is-layout-flex wp-container-core-columns-is-layout-9d6595d7 wp-block-columns-is-layout-flex\">\n<div class=\"wp-block-column is-layout-flow wp-block-column-is-layout-flow\" style=\"flex-basis:100%\"><\/div>\n<\/div>\n","protected":false},"excerpt":{"rendered":"<p>S\u00e1bado de 10:00 a 12:00 h<br \/>\nEdad: 6 a 12 a\u00f1os<\/p>\n","protected":false},"featured_media":4860,"template":"","class_list":["post-4258","agc_course","type-agc_course","status-publish","has-post-thumbnail","hentry","agc_course_category-talleres-infancias-y-adolescencias","odd"],"_links":{"self":[{"href":"https:\/\/tlatelolcounam.mx\/uva\/wp-json\/wp\/v2\/agc_course\/4258","targetHints":{"allow":["GET"]}}],"collection":[{"href":"https:\/\/tlatelolcounam.mx\/uva\/wp-json\/wp\/v2\/agc_course"}],"about":[{"href":"https:\/\/tlatelolcounam.mx\/uva\/wp-json\/wp\/v2\/types\/agc_course"}],"wp:featuredmedia":[{"embeddable":true,"href":"https:\/\/tlatelolcounam.mx\/uva\/wp-json\/wp\/v2\/media\/4860"}],"wp:attachment":[{"href":"https:\/\/tlatelolcounam.mx\/uva\/wp-json\/wp\/v2\/media?parent=4258"}],"curies":[{"name":"wp","href":"https:\/\/api.w.org\/{rel}","templated":true}]}}

<p>Una experiencia enriquecedora que busca fomentar la creatividad, habilidades motrices y familiarizarse con el arte popular mexicano. Sumérgete en un entorno lúdico y creativo donde tendrás la oportunidad de dar vida a tus propias creaciones fantásticas inspirándote en el arte e historia cultural de los alebrijes para hacer volar tu imaginación.</p>
<p><b>Sábado de 10:00 a 12:00 h</b></p>
<p>Edad: de 6 a 12 años</p>
<p>Cupo: 15 participantes</p>
<p><strong>$1,650</strong></p>
<p><em>*No incluye materiales </em></p>


<h2 class="wp-block-heading has-vivid-purple-color has-text-color has-link-color has-large-font-size wp-elements-c3fb60f38bf76f9900538ba975fa1833">Ciclo 2026-1 | Mentes sanas, seres en paz</h2>



<p class="has-vivid-purple-color has-text-color has-link-color has-medium-font-size wp-elements-0b73b9b3ea159c5f44e6238dabe0c5e0"><strong>Del 16 de febrero al 13 de junio</strong></p>



<p class="has-medium-font-size"><strong>Próximas inscripciones: Julio 2026</strong></p>



<div class="wp-block-columns is-layout-flex wp-container-core-columns-is-layout-9d6595d7 wp-block-columns-is-layout-flex">
<div class="wp-block-column is-layout-flow wp-block-column-is-layout-flow"></div>
</div>



<div class="wp-block-columns is-layout-flex wp-container-core-columns-is-layout-9d6595d7 wp-block-columns-is-layout-flex">
<div class="wp-block-column is-layout-flow wp-block-column-is-layout-flow" style="flex-basis:50%">
<div class="wp-block-buttons is-content-justification-center is-layout-flex wp-container-core-buttons-is-layout-16018d1d wp-block-buttons-is-layout-flex"></div>
</div>



<div class="wp-block-column is-layout-flow wp-block-column-is-layout-flow" style="flex-basis:50%">
<div class="wp-block-buttons is-content-justification-center is-layout-flex wp-container-core-buttons-is-layout-16018d1d wp-block-buttons-is-layout-flex"></div>
</div>
</div>



<div class="wp-block-columns is-layout-flex wp-container-core-columns-is-layout-9d6595d7 wp-block-columns-is-layout-flex">
<div class="wp-block-column is-layout-flow wp-block-column-is-layout-flow" style="flex-basis:100%"></div>
</div>

<p>Sábado de 10:00 a 12:00 h<br />
Edad: 6 a 12 años</p>
