{"id":3666,"date":"2023-07-03T08:04:23","date_gmt":"2023-07-03T08:04:23","guid":{"rendered":"https:\/\/tlatelolcounam.mx\/uva\/?post_type=agc_course&#038;p=3666"},"modified":"2026-04-15T18:25:16","modified_gmt":"2026-04-15T18:25:16","slug":"canto","status":"publish","type":"agc_course","link":"https:\/\/tlatelolcounam.mx\/uva\/classes\/canto\/","title":{"rendered":"Canto \u00a1AGOTADO!"},"content":{"rendered":"<p>\u00a1An\u00edmate a cantar junto a m\u00e1s personas y explora la capacidad que tiene tu cuerpo para producir m\u00fasica!<\/p>\n<p>En este taller te llevar\u00e1s ejercicios de respiraci\u00f3n, t\u00e9cnica vocal e interpretaci\u00f3n. Se el instrumento y el instrumentista por diferentes \u00e9pocas y estilos musicales y as\u00ed con conocimiento y mucha entrega puedas ser\u00e1s t\u00fa mismx frente a todo p\u00fablico.<\/p>\n<p><strong>Grupo 1: mi\u00e9rcoles de 18:30 a 20:30 h \u00a1AGOTADO!<\/strong><\/p>\n<p><strong>Grupo 2: martes de 11:00 a 13:00 h \u00a1AGOTADO!<\/strong><\/p>\n<p>Edad: 15 a\u00f1os en adelante<\/p>\n<p>Cupo: 20 participantes<\/p>\n<p><strong>$1,650<\/strong><\/p>\n\n\n<h2 class=\"wp-block-heading has-vivid-purple-color has-text-color has-link-color has-large-font-size wp-elements-c7a9dbd75af2ec48854095a6af6899c0\"><strong>Ciclo 2026-1 | Mentes sanas, seres en paz<\/strong><\/h2>\n\n\n\n<p class=\"has-vivid-purple-color has-text-color has-link-color has-medium-font-size wp-elements-0b73b9b3ea159c5f44e6238dabe0c5e0\"><strong>Del 16 de febrero al 13 de junio<\/strong><\/p>\n\n\n\n<p style=\"font-size:20px\"><strong>Pr\u00f3ximas inscripciones:\u00a0Julio 2026<\/strong><\/p>\n\n\n\n<div class=\"wp-block-columns is-layout-flex wp-container-core-columns-is-layout-9d6595d7 wp-block-columns-is-layout-flex\">\n<div class=\"wp-block-column is-layout-flow wp-block-column-is-layout-flow\"><\/div>\n<\/div>\n\n\n\n<div class=\"wp-block-columns is-layout-flex wp-container-core-columns-is-layout-9d6595d7 wp-block-columns-is-layout-flex\">\n<div class=\"wp-block-column is-layout-flow wp-block-column-is-layout-flow\" style=\"flex-basis:50%\"><\/div>\n\n\n\n<div class=\"wp-block-column is-layout-flow wp-block-column-is-layout-flow\" style=\"flex-basis:50%\"><\/div>\n<\/div>\n\n\n\n<div class=\"wp-block-columns is-layout-flex wp-container-core-columns-is-layout-9d6595d7 wp-block-columns-is-layout-flex\">\n<div class=\"wp-block-column is-layout-flow wp-block-column-is-layout-flow\" style=\"flex-basis:100%\"><\/div>\n<\/div>\n","protected":false},"excerpt":{"rendered":"<p>Mi\u00e9rcoles de 18:30 a 20:30 h Grupo 1<br \/>\nMartes de 11:00 a 13:00 Grupo 2<br \/>\nEdad: 15 a\u00f1os en adelante<\/p>\n","protected":false},"featured_media":5683,"template":"","class_list":["post-3666","agc_course","type-agc_course","status-publish","has-post-thumbnail","hentry","agc_course_category-talleres-jovenes-y-adultos","odd"],"_links":{"self":[{"href":"https:\/\/tlatelolcounam.mx\/uva\/wp-json\/wp\/v2\/agc_course\/3666","targetHints":{"allow":["GET"]}}],"collection":[{"href":"https:\/\/tlatelolcounam.mx\/uva\/wp-json\/wp\/v2\/agc_course"}],"about":[{"href":"https:\/\/tlatelolcounam.mx\/uva\/wp-json\/wp\/v2\/types\/agc_course"}],"wp:featuredmedia":[{"embeddable":true,"href":"https:\/\/tlatelolcounam.mx\/uva\/wp-json\/wp\/v2\/media\/5683"}],"wp:attachment":[{"href":"https:\/\/tlatelolcounam.mx\/uva\/wp-json\/wp\/v2\/media?parent=3666"}],"curies":[{"name":"wp","href":"https:\/\/api.w.org\/{rel}","templated":true}]}}

<p>¡Anímate a cantar junto a más personas y explora la capacidad que tiene tu cuerpo para producir música!</p>
<p>En este taller te llevarás ejercicios de respiración, técnica vocal e interpretación. Se el instrumento y el instrumentista por diferentes épocas y estilos musicales y así con conocimiento y mucha entrega puedas serás tú mismx frente a todo público.</p>
<p><strong>Grupo 1: miércoles de 18:30 a 20:30 h ¡AGOTADO!</strong></p>
<p><strong>Grupo 2: martes de 11:00 a 13:00 h ¡AGOTADO!</strong></p>
<p>Edad: 15 años en adelante</p>
<p>Cupo: 20 participantes</p>
<p><strong>$1,650</strong></p>


<h2 class="wp-block-heading has-vivid-purple-color has-text-color has-link-color has-large-font-size wp-elements-c7a9dbd75af2ec48854095a6af6899c0"><strong>Ciclo 2026-1 | Mentes sanas, seres en paz</strong></h2>



<p class="has-vivid-purple-color has-text-color has-link-color has-medium-font-size wp-elements-0b73b9b3ea159c5f44e6238dabe0c5e0"><strong>Del 16 de febrero al 13 de junio</strong></p>



<p style="font-size:20px"><strong>Próximas inscripciones: Julio 2026</strong></p>



<div class="wp-block-columns is-layout-flex wp-container-core-columns-is-layout-9d6595d7 wp-block-columns-is-layout-flex">
<div class="wp-block-column is-layout-flow wp-block-column-is-layout-flow"></div>
</div>



<div class="wp-block-columns is-layout-flex wp-container-core-columns-is-layout-9d6595d7 wp-block-columns-is-layout-flex">
<div class="wp-block-column is-layout-flow wp-block-column-is-layout-flow" style="flex-basis:50%"></div>



<div class="wp-block-column is-layout-flow wp-block-column-is-layout-flow" style="flex-basis:50%"></div>
</div>



<div class="wp-block-columns is-layout-flex wp-container-core-columns-is-layout-9d6595d7 wp-block-columns-is-layout-flex">
<div class="wp-block-column is-layout-flow wp-block-column-is-layout-flow" style="flex-basis:100%"></div>
</div>

<p>Miércoles de 18:30 a 20:30 h Grupo 1<br />
Martes de 11:00 a 13:00 Grupo 2<br />
Edad: 15 años en adelante</p>
