{"id":3657,"date":"2023-07-03T07:36:44","date_gmt":"2023-07-03T07:36:44","guid":{"rendered":"https:\/\/tlatelolcounam.mx\/uva\/?post_type=agc_course&#038;p=3657"},"modified":"2026-04-15T18:24:08","modified_gmt":"2026-04-15T18:24:08","slug":"laboratorio-de-fotografia-quimica","status":"publish","type":"agc_course","link":"https:\/\/tlatelolcounam.mx\/uva\/classes\/laboratorio-de-fotografia-quimica\/","title":{"rendered":"Laboratorio de fotograf\u00eda qu\u00edmica \u00a1AGOTADO!"},"content":{"rendered":"<p style=\"text-align: left;\">Mediante el estudio cr\u00edtico de la historia del arte, construir\u00e1s un complejo sistema de conocimientos y habilidades, que te ayudar\u00e1n a formar un criterio intelectual y audaz necesario para satisfacer tus necesidades creativas, a partir de la fotograf\u00eda qu\u00edmica tradicional en blanco y negro. La propuesta de este taller consiste en la sensibilizaci\u00f3n de cada asistente, que se genera a partir de la experimentaci\u00f3n y comprensi\u00f3n de las prestaciones pl\u00e1sticas, que brinda la ampliaci\u00f3n de la imagen dentro del laboratorio qu\u00edmico; dominando as\u00ed mediante la experiencia: la t\u00e9cnica fotogr\u00e1fica. Todo lo anterior, con la finalidad de obtener el conocimiento te\u00f3rico y t\u00e9cnico necesario, para comprender el proceso de la obtenci\u00f3n de una fotograf\u00eda qu\u00edmica, plasmando as\u00ed nuestro particular sistema de representaci\u00f3n pl\u00e1stica.<\/p>\n<p><strong>Martes de 16:00 a 19:00 h<\/strong><\/p>\n<p>Edad: 15 a\u00f1os en adelante<\/p>\n<p>Cupo: 10 participantes<\/p>\n<p><strong>$1,850<\/strong><\/p>\n<p><em>*Se requiere contar con c\u00e1mara anal\u00f3gica o de rollo\u00a0<\/em><\/p>\n\n\n<h2 class=\"wp-block-heading has-vivid-purple-color has-text-color has-link-color has-large-font-size wp-elements-c7a9dbd75af2ec48854095a6af6899c0\"><strong>Ciclo 2026-1 | Mentes sanas, seres en paz<\/strong><\/h2>\n\n\n\n<p class=\"has-vivid-purple-color has-text-color has-link-color has-medium-font-size wp-elements-0b73b9b3ea159c5f44e6238dabe0c5e0\"><strong>Del 16 de febrero al 13 de junio<\/strong><\/p>\n\n\n\n<p style=\"font-size:20px\"><strong>Pr\u00f3ximas inscripciones:\u00a0Julio 2026<\/strong><\/p>\n\n\n\n<div class=\"wp-block-columns is-layout-flex wp-container-core-columns-is-layout-9d6595d7 wp-block-columns-is-layout-flex\">\n<div class=\"wp-block-column is-layout-flow wp-block-column-is-layout-flow\"><\/div>\n<\/div>\n\n\n\n<div class=\"wp-block-columns is-layout-flex wp-container-core-columns-is-layout-9d6595d7 wp-block-columns-is-layout-flex\">\n<div class=\"wp-block-column is-layout-flow wp-block-column-is-layout-flow\" style=\"flex-basis:50%\"><\/div>\n\n\n\n<div class=\"wp-block-column is-layout-flow wp-block-column-is-layout-flow\" style=\"flex-basis:50%\"><\/div>\n<\/div>\n","protected":false},"excerpt":{"rendered":"<p>Martes de 16:00 a 19:00 h<br \/>\nEdad: 15 a\u00f1os en adelante<\/p>\n","protected":false},"featured_media":5064,"template":"","class_list":["post-3657","agc_course","type-agc_course","status-publish","has-post-thumbnail","hentry","agc_course_category-talleres-jovenes-y-adultos","odd"],"_links":{"self":[{"href":"https:\/\/tlatelolcounam.mx\/uva\/wp-json\/wp\/v2\/agc_course\/3657","targetHints":{"allow":["GET"]}}],"collection":[{"href":"https:\/\/tlatelolcounam.mx\/uva\/wp-json\/wp\/v2\/agc_course"}],"about":[{"href":"https:\/\/tlatelolcounam.mx\/uva\/wp-json\/wp\/v2\/types\/agc_course"}],"wp:featuredmedia":[{"embeddable":true,"href":"https:\/\/tlatelolcounam.mx\/uva\/wp-json\/wp\/v2\/media\/5064"}],"wp:attachment":[{"href":"https:\/\/tlatelolcounam.mx\/uva\/wp-json\/wp\/v2\/media?parent=3657"}],"curies":[{"name":"wp","href":"https:\/\/api.w.org\/{rel}","templated":true}]}}

Laboratorio de fotografía química ¡AGOTADO!

<p style="text-align: left;">Mediante el estudio crítico de la historia del arte, construirás un complejo sistema de conocimientos y habilidades, que te ayudarán a formar un criterio intelectual y audaz necesario para satisfacer tus necesidades creativas, a partir de la fotografía química tradicional en blanco y negro. La propuesta de este taller consiste en la sensibilización de cada asistente, que se genera a partir de la experimentación y comprensión de las prestaciones plásticas, que brinda la ampliación de la imagen dentro del laboratorio químico; dominando así mediante la experiencia: la técnica fotográfica. Todo lo anterior, con la finalidad de obtener el conocimiento teórico y técnico necesario, para comprender el proceso de la obtención de una fotografía química, plasmando así nuestro particular sistema de representación plástica.</p>
<p><strong>Martes de 16:00 a 19:00 h</strong></p>
<p>Edad: 15 años en adelante</p>
<p>Cupo: 10 participantes</p>
<p><strong>$1,850</strong></p>
<p><em>*Se requiere contar con cámara analógica o de rollo </em></p>


<h2 class="wp-block-heading has-vivid-purple-color has-text-color has-link-color has-large-font-size wp-elements-c7a9dbd75af2ec48854095a6af6899c0"><strong>Ciclo 2026-1 | Mentes sanas, seres en paz</strong></h2>



<p class="has-vivid-purple-color has-text-color has-link-color has-medium-font-size wp-elements-0b73b9b3ea159c5f44e6238dabe0c5e0"><strong>Del 16 de febrero al 13 de junio</strong></p>



<p style="font-size:20px"><strong>Próximas inscripciones: Julio 2026</strong></p>



<div class="wp-block-columns is-layout-flex wp-container-core-columns-is-layout-9d6595d7 wp-block-columns-is-layout-flex">
<div class="wp-block-column is-layout-flow wp-block-column-is-layout-flow"></div>
</div>



<div class="wp-block-columns is-layout-flex wp-container-core-columns-is-layout-9d6595d7 wp-block-columns-is-layout-flex">
<div class="wp-block-column is-layout-flow wp-block-column-is-layout-flow" style="flex-basis:50%"></div>



<div class="wp-block-column is-layout-flow wp-block-column-is-layout-flow" style="flex-basis:50%"></div>
</div>

<p>Martes de 16:00 a 19:00 h<br />
Edad: 15 años en adelante</p>
