{"id":3615,"date":"2023-07-02T23:35:42","date_gmt":"2023-07-02T23:35:42","guid":{"rendered":"https:\/\/tlatelolcounam.mx\/uva\/?post_type=agc_course&#038;p=3615"},"modified":"2026-04-15T18:22:20","modified_gmt":"2026-04-15T18:22:20","slug":"comic-e-historieta","status":"publish","type":"agc_course","link":"https:\/\/tlatelolcounam.mx\/uva\/classes\/comic-e-historieta\/","title":{"rendered":"C\u00f3mic e historieta"},"content":{"rendered":"<p>\u00a1Aprende t\u00e9cnicas para hacer sus propios c\u00f3mics! Desde la creaci\u00f3n de historias hasta el dibujo. Descubrir\u00e1s el lenguaje del c\u00f3mic, as\u00ed como los elementos necesarios para comprender qu\u00e9 es la narrativa gr\u00e1fica y el arte secuencial, adem\u00e1s de conocer la historia de la narraci\u00f3n con im\u00e1genes y del desarrollo de impresos. El taller est\u00e1 enfocado a la creaci\u00f3n original.<\/p>\n<p><strong>Martes de 17:00 a 19:00 h<\/strong><\/p>\n<p>Edad: de 8 a 12 a\u00f1os<\/p>\n<p>Cupo: 15 participantes<\/p>\n<p><strong>$1,650<\/strong><\/p>\n\n\n<h2 class=\"wp-block-heading has-vivid-purple-color has-text-color has-link-color has-large-font-size wp-elements-c3fb60f38bf76f9900538ba975fa1833\">Ciclo 2026-1 | Mentes sanas, seres en paz<\/h2>\n\n\n\n<p class=\"has-vivid-purple-color has-text-color has-link-color has-medium-font-size wp-elements-0b73b9b3ea159c5f44e6238dabe0c5e0\"><strong>Del 16 de febrero al 13 de junio<\/strong><\/p>\n\n\n\n<p class=\"has-medium-font-size\"><strong>Pr\u00f3ximas inscripciones:\u00a0Julio 2026<\/strong><\/p>\n\n\n\n<div class=\"wp-block-columns is-layout-flex wp-container-core-columns-is-layout-9d6595d7 wp-block-columns-is-layout-flex\">\n<div class=\"wp-block-column is-layout-flow wp-block-column-is-layout-flow\"><\/div>\n<\/div>\n\n\n\n<div class=\"wp-block-columns is-layout-flex wp-container-core-columns-is-layout-9d6595d7 wp-block-columns-is-layout-flex\">\n<div class=\"wp-block-column is-layout-flow wp-block-column-is-layout-flow\" style=\"flex-basis:50%\">\n<div class=\"wp-block-buttons is-content-justification-center is-layout-flex wp-container-core-buttons-is-layout-16018d1d wp-block-buttons-is-layout-flex\"><\/div>\n<\/div>\n\n\n\n<div class=\"wp-block-column is-layout-flow wp-block-column-is-layout-flow\" style=\"flex-basis:50%\">\n<div class=\"wp-block-buttons is-content-justification-center is-layout-flex wp-container-core-buttons-is-layout-16018d1d wp-block-buttons-is-layout-flex\"><\/div>\n<\/div>\n<\/div>\n\n\n\n<div class=\"wp-block-columns is-layout-flex wp-container-core-columns-is-layout-9d6595d7 wp-block-columns-is-layout-flex\"><\/div>\n","protected":false},"excerpt":{"rendered":"<p>Martes de 17:00 a 19:00 h<br \/>\nEdad: 8 a 12 a\u00f1os<\/p>\n","protected":false},"featured_media":5661,"template":"","class_list":["post-3615","agc_course","type-agc_course","status-publish","has-post-thumbnail","hentry","agc_course_category-talleres-infancias-y-adolescencias","odd"],"_links":{"self":[{"href":"https:\/\/tlatelolcounam.mx\/uva\/wp-json\/wp\/v2\/agc_course\/3615","targetHints":{"allow":["GET"]}}],"collection":[{"href":"https:\/\/tlatelolcounam.mx\/uva\/wp-json\/wp\/v2\/agc_course"}],"about":[{"href":"https:\/\/tlatelolcounam.mx\/uva\/wp-json\/wp\/v2\/types\/agc_course"}],"wp:featuredmedia":[{"embeddable":true,"href":"https:\/\/tlatelolcounam.mx\/uva\/wp-json\/wp\/v2\/media\/5661"}],"wp:attachment":[{"href":"https:\/\/tlatelolcounam.mx\/uva\/wp-json\/wp\/v2\/media?parent=3615"}],"curies":[{"name":"wp","href":"https:\/\/api.w.org\/{rel}","templated":true}]}}

Cómic e historieta

<p>¡Aprende técnicas para hacer sus propios cómics! Desde la creación de historias hasta el dibujo. Descubrirás el lenguaje del cómic, así como los elementos necesarios para comprender qué es la narrativa gráfica y el arte secuencial, además de conocer la historia de la narración con imágenes y del desarrollo de impresos. El taller está enfocado a la creación original.</p>
<p><strong>Martes de 17:00 a 19:00 h</strong></p>
<p>Edad: de 8 a 12 años</p>
<p>Cupo: 15 participantes</p>
<p><strong>$1,650</strong></p>


<h2 class="wp-block-heading has-vivid-purple-color has-text-color has-link-color has-large-font-size wp-elements-c3fb60f38bf76f9900538ba975fa1833">Ciclo 2026-1 | Mentes sanas, seres en paz</h2>



<p class="has-vivid-purple-color has-text-color has-link-color has-medium-font-size wp-elements-0b73b9b3ea159c5f44e6238dabe0c5e0"><strong>Del 16 de febrero al 13 de junio</strong></p>



<p class="has-medium-font-size"><strong>Próximas inscripciones: Julio 2026</strong></p>



<div class="wp-block-columns is-layout-flex wp-container-core-columns-is-layout-9d6595d7 wp-block-columns-is-layout-flex">
<div class="wp-block-column is-layout-flow wp-block-column-is-layout-flow"></div>
</div>



<div class="wp-block-columns is-layout-flex wp-container-core-columns-is-layout-9d6595d7 wp-block-columns-is-layout-flex">
<div class="wp-block-column is-layout-flow wp-block-column-is-layout-flow" style="flex-basis:50%">
<div class="wp-block-buttons is-content-justification-center is-layout-flex wp-container-core-buttons-is-layout-16018d1d wp-block-buttons-is-layout-flex"></div>
</div>



<div class="wp-block-column is-layout-flow wp-block-column-is-layout-flow" style="flex-basis:50%">
<div class="wp-block-buttons is-content-justification-center is-layout-flex wp-container-core-buttons-is-layout-16018d1d wp-block-buttons-is-layout-flex"></div>
</div>
</div>



<div class="wp-block-columns is-layout-flex wp-container-core-columns-is-layout-9d6595d7 wp-block-columns-is-layout-flex"></div>

<p>Martes de 17:00 a 19:00 h<br />
Edad: 8 a 12 años</p>
