{"id":339,"date":"2020-08-31T02:00:38","date_gmt":"2020-08-31T02:00:38","guid":{"rendered":"http:\/\/tlatelolcounam.mx\/uva\/2020\/?post_type=agc_course&#038;p=339"},"modified":"2026-04-15T17:04:59","modified_gmt":"2026-04-15T17:04:59","slug":"capoeira","status":"publish","type":"agc_course","link":"https:\/\/tlatelolcounam.mx\/uva\/classes\/capoeira\/","title":{"rendered":"Capoeira para ni\u00f1xs y adolescentes"},"content":{"rendered":"\n<p>La capoeira \u2013lucha afro brasile\u00f1a\u2013 es un arte que combina m\u00fasica y cuerpo en movimiento, fomenta el trabajo en equipo y desarrolla distintas actividades f\u00edsicas, musicales y mentales.&nbsp;Adem\u00e1s de divertirse, lxs&nbsp;ni\u00f1xs&nbsp;conocer\u00e1n su cuerpo, mejorando su motricidad y\/o reflejos, obteniendo fuerza y confianza, aprender\u00e1n&nbsp;las habilidades de la lucha desarrollando resistencia y&nbsp;equilibrio y&nbsp;tambi\u00e9n aprender\u00e1n descubriendo nuevos movimientos acrob\u00e1ticos.<\/p>\n\n\n\n<p>Reforzar\u00e1n su personalidad a partir de este hermoso arte y la cultura afrobrasile\u00f1a, que es siempre regida por el ritmo y la melod\u00eda.<\/p>\n\n\n\n<div class=\"wp-block-group is-vertical is-layout-flex wp-container-core-group-is-layout-8cf370e7 wp-block-group-is-layout-flex\">\n<p><b>Grupo 1: de 5 a 11&nbsp;a\u00f1os<\/b><\/p>\n\n\n\n<p><b>Lunes y mi\u00e9rcoles de 16:30 a 17:30 h<\/b><\/p>\n\n\n\n<p><strong>Grupo 2: de 12 a 16 a\u00f1os<\/strong><\/p>\n\n\n\n<p><strong>Lunes y mi\u00e9rcoles de 17:30 a 18:30 h&nbsp;<\/strong><\/p>\n\n\n\n<p><span style=\"font-weight: 400;\">Cupo: 15 participantes en cada grupo&nbsp;<\/span><\/p>\n<\/div>\n\n\n\n<p>*<em>Requisito: Estar en posibilidades f\u00edsicas y m\u00e9dicas para realizar actividad f\u00edsica<\/em><\/p>\n\n\n\n<p><b>$1,650<\/b><\/p>\n\n\n\n<h3 class=\"wp-block-heading has-vivid-purple-color has-text-color has-link-color has-large-font-size wp-elements-246d8f421f622da51956604458990f8f\">Ciclo 2026-1 | Mentes sanas, seres en paz<\/h3>\n\n\n\n<p class=\"has-vivid-purple-color has-text-color has-link-color has-medium-font-size wp-elements-0b73b9b3ea159c5f44e6238dabe0c5e0\"><strong>Del 16 de febrero al 13 de junio<\/strong><\/p>\n\n\n\n<p class=\"has-medium-font-size\"><strong>Pr\u00f3ximas inscripciones:\u00a0Julio 2026<\/strong><\/p>\n\n\n\n<div class=\"wp-block-columns is-layout-flex wp-container-core-columns-is-layout-9d6595d7 wp-block-columns-is-layout-flex\">\n<div class=\"wp-block-column is-layout-flow wp-block-column-is-layout-flow\"><\/div>\n<\/div>\n\n\n\n<div class=\"wp-block-columns is-layout-flex wp-container-core-columns-is-layout-9d6595d7 wp-block-columns-is-layout-flex\">\n<div class=\"wp-block-column is-layout-flow wp-block-column-is-layout-flow\" style=\"flex-basis:50%\">\n<div class=\"wp-block-buttons is-content-justification-center is-layout-flex wp-container-core-buttons-is-layout-16018d1d wp-block-buttons-is-layout-flex\"><\/div>\n<\/div>\n\n\n\n<div class=\"wp-block-column is-layout-flow wp-block-column-is-layout-flow\" style=\"flex-basis:50%\">\n<div class=\"wp-block-buttons is-content-justification-center is-layout-flex wp-container-core-buttons-is-layout-16018d1d wp-block-buttons-is-layout-flex\"><\/div>\n<\/div>\n<\/div>\n\n\n\n<div class=\"wp-block-columns is-layout-flex wp-container-core-columns-is-layout-9d6595d7 wp-block-columns-is-layout-flex\">\n<div class=\"wp-block-column is-layout-flow wp-block-column-is-layout-flow\" style=\"flex-basis:50%\">\n<div class=\"wp-block-buttons is-content-justification-center is-layout-flex wp-container-core-buttons-is-layout-16018d1d wp-block-buttons-is-layout-flex\"><\/div>\n<\/div>\n\n\n\n<div class=\"wp-block-column is-vertically-aligned-center is-layout-flow wp-block-column-is-layout-flow\" style=\"flex-basis:50%\">\n<div class=\"wp-block-buttons is-content-justification-center is-layout-flex wp-container-core-buttons-is-layout-16018d1d wp-block-buttons-is-layout-flex\"><\/div>\n<\/div>\n<\/div>\n\n\n\n<p><\/p>\n","protected":false},"excerpt":{"rendered":"<p>Grupo 1: de 5 a 11 a\u00f1os<br \/>\nLunes y mi\u00e9rcoles de 16:30 a 17:30 h<br \/>\nGrupo 2: de 12 a 16\u00a0 a\u00f1os<br \/>\nLunes y mi\u00e9rcoles de 17:30 a 18:30 h<\/p>\n","protected":false},"featured_media":6087,"template":"","class_list":["post-339","agc_course","type-agc_course","status-publish","has-post-thumbnail","hentry","agc_course_category-talleres-infancias-y-adolescencias","odd"],"_links":{"self":[{"href":"https:\/\/tlatelolcounam.mx\/uva\/wp-json\/wp\/v2\/agc_course\/339","targetHints":{"allow":["GET"]}}],"collection":[{"href":"https:\/\/tlatelolcounam.mx\/uva\/wp-json\/wp\/v2\/agc_course"}],"about":[{"href":"https:\/\/tlatelolcounam.mx\/uva\/wp-json\/wp\/v2\/types\/agc_course"}],"wp:featuredmedia":[{"embeddable":true,"href":"https:\/\/tlatelolcounam.mx\/uva\/wp-json\/wp\/v2\/media\/6087"}],"wp:attachment":[{"href":"https:\/\/tlatelolcounam.mx\/uva\/wp-json\/wp\/v2\/media?parent=339"}],"curies":[{"name":"wp","href":"https:\/\/api.w.org\/{rel}","templated":true}]}}

Capoeira para niñxs y adolescentes

<p>La capoeira –lucha afro brasileña– es un arte que combina música y cuerpo en movimiento, fomenta el trabajo en equipo y desarrolla distintas actividades físicas, musicales y mentales.&nbsp;Además de divertirse, lxs&nbsp;niñxs&nbsp;conocerán su cuerpo, mejorando su motricidad y/o reflejos, obteniendo fuerza y confianza, aprenderán&nbsp;las habilidades de la lucha desarrollando resistencia y&nbsp;equilibrio y&nbsp;también aprenderán descubriendo nuevos movimientos acrobáticos.</p>



<p>Reforzarán su personalidad a partir de este hermoso arte y la cultura afrobrasileña, que es siempre regida por el ritmo y la melodía.</p>



<div class="wp-block-group is-vertical is-layout-flex wp-container-core-group-is-layout-8cf370e7 wp-block-group-is-layout-flex">
<p><b>Grupo 1: de 5 a 11&nbsp;años</b></p>



<p><b>Lunes y miércoles de 16:30 a 17:30 h</b></p>



<p><strong>Grupo 2: de 12 a 16 años</strong></p>



<p><strong>Lunes y miércoles de 17:30 a 18:30 h&nbsp;</strong></p>



<p><span style="font-weight: 400;">Cupo: 15 participantes en cada grupo&nbsp;</span></p>
</div>



<p>*<em>Requisito: Estar en posibilidades físicas y médicas para realizar actividad física</em></p>



<p><b>$1,650</b></p>



<h3 class="wp-block-heading has-vivid-purple-color has-text-color has-link-color has-large-font-size wp-elements-246d8f421f622da51956604458990f8f">Ciclo 2026-1 | Mentes sanas, seres en paz</h3>



<p class="has-vivid-purple-color has-text-color has-link-color has-medium-font-size wp-elements-0b73b9b3ea159c5f44e6238dabe0c5e0"><strong>Del 16 de febrero al 13 de junio</strong></p>



<p class="has-medium-font-size"><strong>Próximas inscripciones: Julio 2026</strong></p>



<div class="wp-block-columns is-layout-flex wp-container-core-columns-is-layout-9d6595d7 wp-block-columns-is-layout-flex">
<div class="wp-block-column is-layout-flow wp-block-column-is-layout-flow"></div>
</div>



<div class="wp-block-columns is-layout-flex wp-container-core-columns-is-layout-9d6595d7 wp-block-columns-is-layout-flex">
<div class="wp-block-column is-layout-flow wp-block-column-is-layout-flow" style="flex-basis:50%">
<div class="wp-block-buttons is-content-justification-center is-layout-flex wp-container-core-buttons-is-layout-16018d1d wp-block-buttons-is-layout-flex"></div>
</div>



<div class="wp-block-column is-layout-flow wp-block-column-is-layout-flow" style="flex-basis:50%">
<div class="wp-block-buttons is-content-justification-center is-layout-flex wp-container-core-buttons-is-layout-16018d1d wp-block-buttons-is-layout-flex"></div>
</div>
</div>



<div class="wp-block-columns is-layout-flex wp-container-core-columns-is-layout-9d6595d7 wp-block-columns-is-layout-flex">
<div class="wp-block-column is-layout-flow wp-block-column-is-layout-flow" style="flex-basis:50%">
<div class="wp-block-buttons is-content-justification-center is-layout-flex wp-container-core-buttons-is-layout-16018d1d wp-block-buttons-is-layout-flex"></div>
</div>



<div class="wp-block-column is-vertically-aligned-center is-layout-flow wp-block-column-is-layout-flow" style="flex-basis:50%">
<div class="wp-block-buttons is-content-justification-center is-layout-flex wp-container-core-buttons-is-layout-16018d1d wp-block-buttons-is-layout-flex"></div>
</div>
</div>



<p></p>

<p>Grupo 1: de 5 a 11 años<br />
Lunes y miércoles de 16:30 a 17:30 h<br />
Grupo 2: de 12 a 16  años<br />
Lunes y miércoles de 17:30 a 18:30 h</p>
