{"id":3170,"date":"2022-12-22T07:15:20","date_gmt":"2022-12-22T07:15:20","guid":{"rendered":"https:\/\/tlatelolcounam.mx\/uva\/?post_type=agc_course&#038;p=3170"},"modified":"2026-04-15T18:23:29","modified_gmt":"2026-04-15T18:23:29","slug":"centralradio","status":"publish","type":"agc_course","link":"https:\/\/tlatelolcounam.mx\/uva\/classes\/centralradio\/","title":{"rendered":"Central Radio: Taller de Producci\u00f3n Radiof\u00f3nica"},"content":{"rendered":"<p dir=\"ltr\">La radio es un medio de comunicaci\u00f3n de amplias posibilidades, se adecua al presente y es una herramienta para el desarrollo social.<\/p>\n<p dir=\"ltr\">Tu voz, creatividad e ideas las podr\u00e1s transmitir a trav\u00e9s de una radio por internet con el apoyo de los elementos, los formatos y el lenguaje de la producci\u00f3n radiof\u00f3nica.<\/p>\n<p dir=\"ltr\">Descubre c\u00f3mo hacer radio, en donde tu imaginaci\u00f3n ser\u00e1 la \u00fanica limitante para crear y narrar historias, generar un podcast y realizar un programa de radio, dise\u00f1ar c\u00e1psulas, promocionales, escribir un guion radiof\u00f3nico, realizar entrevistas y presentar m\u00fasica al aire.<\/p>\n<p><b>S\u00e1bado de 10:00 a 13:00 h<\/b><\/p>\n<p><span style=\"font-weight: 400;\">Edad: 18 a\u00f1os en adelante<\/span><\/p>\n<p><span style=\"font-weight: 400;\">Cupo: 15 personas<\/span><\/p>\n<p><b>$1,850<\/b><\/p>\n\n\n<p class=\"has-vivid-purple-color has-text-color has-link-color has-large-font-size wp-elements-821a3bb05587eaa6d95d19319a03e287\"><strong>Ciclo 2026-1 | Mentes sanas, seres en paz<\/strong><\/p>\n\n\n\n<p class=\"has-vivid-purple-color has-text-color has-link-color has-medium-font-size wp-elements-0b73b9b3ea159c5f44e6238dabe0c5e0\"><strong>Del 16 de febrero al 13 de junio<\/strong><\/p>\n\n\n\n<p style=\"font-size:20px\"><strong>Pr\u00f3ximas inscripciones:\u00a0Julio 2026<\/strong><\/p>\n\n\n\n<div class=\"wp-block-columns is-layout-flex wp-container-core-columns-is-layout-9d6595d7 wp-block-columns-is-layout-flex\">\n<div class=\"wp-block-column is-layout-flow wp-block-column-is-layout-flow\"><\/div>\n<\/div>\n\n\n\n<div class=\"wp-block-columns is-layout-flex wp-container-core-columns-is-layout-9d6595d7 wp-block-columns-is-layout-flex\">\n<div class=\"wp-block-column is-layout-flow wp-block-column-is-layout-flow\" style=\"flex-basis:50%\">\n<div class=\"wp-block-buttons is-content-justification-center is-layout-flex wp-container-core-buttons-is-layout-16018d1d wp-block-buttons-is-layout-flex\"><\/div>\n<\/div>\n\n\n\n<div class=\"wp-block-column is-layout-flow wp-block-column-is-layout-flow\" style=\"flex-basis:50%\">\n<div class=\"wp-block-buttons is-content-justification-center is-layout-flex wp-container-core-buttons-is-layout-16018d1d wp-block-buttons-is-layout-flex\"><\/div>\n<\/div>\n<\/div>\n\n\n\n<div class=\"wp-block-columns is-layout-flex wp-container-core-columns-is-layout-9d6595d7 wp-block-columns-is-layout-flex\">\n<div class=\"wp-block-column is-layout-flow wp-block-column-is-layout-flow\" style=\"flex-basis:100%\"><\/div>\n<\/div>\n","protected":false},"excerpt":{"rendered":"<p>S\u00e1bado de 10:00 a 13:00 h<br \/>\nEdad: 18 a\u00f1os en adelante<\/p>\n","protected":false},"featured_media":5614,"template":"","class_list":["post-3170","agc_course","type-agc_course","status-publish","has-post-thumbnail","hentry","agc_course_category-talleres-jovenes-y-adultos","odd"],"_links":{"self":[{"href":"https:\/\/tlatelolcounam.mx\/uva\/wp-json\/wp\/v2\/agc_course\/3170","targetHints":{"allow":["GET"]}}],"collection":[{"href":"https:\/\/tlatelolcounam.mx\/uva\/wp-json\/wp\/v2\/agc_course"}],"about":[{"href":"https:\/\/tlatelolcounam.mx\/uva\/wp-json\/wp\/v2\/types\/agc_course"}],"wp:featuredmedia":[{"embeddable":true,"href":"https:\/\/tlatelolcounam.mx\/uva\/wp-json\/wp\/v2\/media\/5614"}],"wp:attachment":[{"href":"https:\/\/tlatelolcounam.mx\/uva\/wp-json\/wp\/v2\/media?parent=3170"}],"curies":[{"name":"wp","href":"https:\/\/api.w.org\/{rel}","templated":true}]}}

Central Radio: Taller de Producción Radiofónica

<p dir="ltr">La radio es un medio de comunicación de amplias posibilidades, se adecua al presente y es una herramienta para el desarrollo social.</p>
<p dir="ltr">Tu voz, creatividad e ideas las podrás transmitir a través de una radio por internet con el apoyo de los elementos, los formatos y el lenguaje de la producción radiofónica.</p>
<p dir="ltr">Descubre cómo hacer radio, en donde tu imaginación será la única limitante para crear y narrar historias, generar un podcast y realizar un programa de radio, diseñar cápsulas, promocionales, escribir un guion radiofónico, realizar entrevistas y presentar música al aire.</p>
<p><b>Sábado de 10:00 a 13:00 h</b></p>
<p><span style="font-weight: 400;">Edad: 18 años en adelante</span></p>
<p><span style="font-weight: 400;">Cupo: 15 personas</span></p>
<p><b>$1,850</b></p>


<p class="has-vivid-purple-color has-text-color has-link-color has-large-font-size wp-elements-821a3bb05587eaa6d95d19319a03e287"><strong>Ciclo 2026-1 | Mentes sanas, seres en paz</strong></p>



<p class="has-vivid-purple-color has-text-color has-link-color has-medium-font-size wp-elements-0b73b9b3ea159c5f44e6238dabe0c5e0"><strong>Del 16 de febrero al 13 de junio</strong></p>



<p style="font-size:20px"><strong>Próximas inscripciones: Julio 2026</strong></p>



<div class="wp-block-columns is-layout-flex wp-container-core-columns-is-layout-9d6595d7 wp-block-columns-is-layout-flex">
<div class="wp-block-column is-layout-flow wp-block-column-is-layout-flow"></div>
</div>



<div class="wp-block-columns is-layout-flex wp-container-core-columns-is-layout-9d6595d7 wp-block-columns-is-layout-flex">
<div class="wp-block-column is-layout-flow wp-block-column-is-layout-flow" style="flex-basis:50%">
<div class="wp-block-buttons is-content-justification-center is-layout-flex wp-container-core-buttons-is-layout-16018d1d wp-block-buttons-is-layout-flex"></div>
</div>



<div class="wp-block-column is-layout-flow wp-block-column-is-layout-flow" style="flex-basis:50%">
<div class="wp-block-buttons is-content-justification-center is-layout-flex wp-container-core-buttons-is-layout-16018d1d wp-block-buttons-is-layout-flex"></div>
</div>
</div>



<div class="wp-block-columns is-layout-flex wp-container-core-columns-is-layout-9d6595d7 wp-block-columns-is-layout-flex">
<div class="wp-block-column is-layout-flow wp-block-column-is-layout-flow" style="flex-basis:100%"></div>
</div>

<p>Sábado de 10:00 a 13:00 h<br />
Edad: 18 años en adelante</p>
