{"id":3158,"date":"2022-12-22T06:42:32","date_gmt":"2022-12-22T06:42:32","guid":{"rendered":"https:\/\/tlatelolcounam.mx\/uva\/?post_type=agc_course&#038;p=3158"},"modified":"2026-04-15T18:22:19","modified_gmt":"2026-04-15T18:22:19","slug":"mis-caderas-no-mienten","status":"publish","type":"agc_course","link":"https:\/\/tlatelolcounam.mx\/uva\/classes\/mis-caderas-no-mienten\/","title":{"rendered":"Mis caderas no mienten: Movimiento expresivo femenino \u00a1AGOTADO!"},"content":{"rendered":"\n<p>\u00bfSab\u00edas que en la pelvis se alberga nuestro centro de poder desde donde se expresa nuestra creatividad? <\/p>\n\n\n\n<p>Este taller es un viaje de autoconocimiento para mujeres interesadas en bailar y moverse con libertad. A trav\u00e9s de la activaci\u00f3n p\u00e9lvica como eje de investigaci\u00f3n, explora distintos lenguajes de movimiento basados en pr\u00e1cticas corporales con el Yin Yoga, elementos de danza contempor\u00e1nea y estilos urbanos como el&nbsp;Dancehall, Whacking y Fusion&nbsp;Belly Dance y meditaciones activas para indagar en una manera propia de expresar nuestra feminidad. Conecta con distintos arquetipos en ejercicios de expresi\u00f3n corporal e improvisaci\u00f3n para profundizar en las po\u00e9ticas de &#8220;lo femenino&#8221; y lo que significa &#8220;ser mujer&#8221;.&nbsp;<\/p>\n\n\n\n<div class=\"wp-block-group is-vertical is-layout-flex wp-container-core-group-is-layout-8cf370e7 wp-block-group-is-layout-flex\">\n<p><b>Lunes y mi\u00e9rcoles de 18:30 a 20:00 h<\/b><\/p>\n\n\n\n<p><span style=\"font-weight: 400;\">Edad: 18 a\u00f1os en adelante<\/span><\/p>\n\n\n\n<p><span style=\"font-weight: 400;\">Cupo: 20 participantes&nbsp;<\/span><\/p>\n\n\n\n<p><b>$1,850<\/b><\/p>\n<\/div>\n\n\n\n<h2 class=\"wp-block-heading has-vivid-purple-color has-text-color has-link-color has-large-font-size wp-elements-c7a9dbd75af2ec48854095a6af6899c0\"><strong>Ciclo 2026-1 | Mentes sanas, seres en paz<\/strong><\/h2>\n\n\n\n<p class=\"has-vivid-purple-color has-text-color has-link-color has-medium-font-size wp-elements-0b73b9b3ea159c5f44e6238dabe0c5e0\"><strong>Del 16 de febrero al 13 de junio<\/strong><\/p>\n\n\n\n<p style=\"font-size:20px\"><strong>Pr\u00f3ximas inscripciones:\u00a0Julio 2026<\/strong><\/p>\n\n\n\n<div class=\"wp-block-columns is-layout-flex wp-container-core-columns-is-layout-9d6595d7 wp-block-columns-is-layout-flex\">\n<div class=\"wp-block-column is-layout-flow wp-block-column-is-layout-flow\"><\/div>\n<\/div>\n\n\n\n<div class=\"wp-block-columns is-layout-flex wp-container-core-columns-is-layout-9d6595d7 wp-block-columns-is-layout-flex\">\n<div class=\"wp-block-column is-layout-flow wp-block-column-is-layout-flow\" style=\"flex-basis:50%\"><\/div>\n\n\n\n<div class=\"wp-block-column is-layout-flow wp-block-column-is-layout-flow\" style=\"flex-basis:50%\"><\/div>\n<\/div>\n\n\n\n<div class=\"wp-block-columns is-layout-flex wp-container-core-columns-is-layout-9d6595d7 wp-block-columns-is-layout-flex\">\n<div class=\"wp-block-column is-layout-flow wp-block-column-is-layout-flow\" style=\"flex-basis:100%\"><\/div>\n<\/div>\n","protected":false},"excerpt":{"rendered":"<p>Lunes y mi\u00e9rcoles de 18:30 a 20:00 h<br \/>\nEdad: 18 a\u00f1os en adelante<\/p>\n","protected":false},"featured_media":5590,"template":"","class_list":["post-3158","agc_course","type-agc_course","status-publish","has-post-thumbnail","hentry","agc_course_category-talleres-jovenes-y-adultos","odd"],"_links":{"self":[{"href":"https:\/\/tlatelolcounam.mx\/uva\/wp-json\/wp\/v2\/agc_course\/3158","targetHints":{"allow":["GET"]}}],"collection":[{"href":"https:\/\/tlatelolcounam.mx\/uva\/wp-json\/wp\/v2\/agc_course"}],"about":[{"href":"https:\/\/tlatelolcounam.mx\/uva\/wp-json\/wp\/v2\/types\/agc_course"}],"wp:featuredmedia":[{"embeddable":true,"href":"https:\/\/tlatelolcounam.mx\/uva\/wp-json\/wp\/v2\/media\/5590"}],"wp:attachment":[{"href":"https:\/\/tlatelolcounam.mx\/uva\/wp-json\/wp\/v2\/media?parent=3158"}],"curies":[{"name":"wp","href":"https:\/\/api.w.org\/{rel}","templated":true}]}}

<p>¿Sabías que en la pelvis se alberga nuestro centro de poder desde donde se expresa nuestra creatividad? </p>



<p>Este taller es un viaje de autoconocimiento para mujeres interesadas en bailar y moverse con libertad. A través de la activación pélvica como eje de investigación, explora distintos lenguajes de movimiento basados en prácticas corporales con el Yin Yoga, elementos de danza contemporánea y estilos urbanos como el&nbsp;Dancehall, Whacking y Fusion&nbsp;Belly Dance y meditaciones activas para indagar en una manera propia de expresar nuestra feminidad. Conecta con distintos arquetipos en ejercicios de expresión corporal e improvisación para profundizar en las poéticas de &#8220;lo femenino&#8221; y lo que significa &#8220;ser mujer&#8221;.&nbsp;</p>



<div class="wp-block-group is-vertical is-layout-flex wp-container-core-group-is-layout-8cf370e7 wp-block-group-is-layout-flex">
<p><b>Lunes y miércoles de 18:30 a 20:00 h</b></p>



<p><span style="font-weight: 400;">Edad: 18 años en adelante</span></p>



<p><span style="font-weight: 400;">Cupo: 20 participantes&nbsp;</span></p>



<p><b>$1,850</b></p>
</div>



<h2 class="wp-block-heading has-vivid-purple-color has-text-color has-link-color has-large-font-size wp-elements-c7a9dbd75af2ec48854095a6af6899c0"><strong>Ciclo 2026-1 | Mentes sanas, seres en paz</strong></h2>



<p class="has-vivid-purple-color has-text-color has-link-color has-medium-font-size wp-elements-0b73b9b3ea159c5f44e6238dabe0c5e0"><strong>Del 16 de febrero al 13 de junio</strong></p>



<p style="font-size:20px"><strong>Próximas inscripciones: Julio 2026</strong></p>



<div class="wp-block-columns is-layout-flex wp-container-core-columns-is-layout-9d6595d7 wp-block-columns-is-layout-flex">
<div class="wp-block-column is-layout-flow wp-block-column-is-layout-flow"></div>
</div>



<div class="wp-block-columns is-layout-flex wp-container-core-columns-is-layout-9d6595d7 wp-block-columns-is-layout-flex">
<div class="wp-block-column is-layout-flow wp-block-column-is-layout-flow" style="flex-basis:50%"></div>



<div class="wp-block-column is-layout-flow wp-block-column-is-layout-flow" style="flex-basis:50%"></div>
</div>



<div class="wp-block-columns is-layout-flex wp-container-core-columns-is-layout-9d6595d7 wp-block-columns-is-layout-flex">
<div class="wp-block-column is-layout-flow wp-block-column-is-layout-flow" style="flex-basis:100%"></div>
</div>

<p>Lunes y miércoles de 18:30 a 20:00 h<br />
Edad: 18 años en adelante</p>
