{"id":2222,"date":"2022-01-17T16:04:42","date_gmt":"2022-01-17T16:04:42","guid":{"rendered":"https:\/\/tlatelolcounam.mx\/uva\/?post_type=agc_course&#038;p=2222"},"modified":"2026-04-15T17:28:19","modified_gmt":"2026-04-15T17:28:19","slug":"cosadeninxs","status":"publish","type":"agc_course","link":"https:\/\/tlatelolcounam.mx\/uva\/classes\/cosadeninxs\/","title":{"rendered":"Cosa de ni\u00f1xs. Laboratorio de producci\u00f3n audiovisual"},"content":{"rendered":"<p><span style=\"font-weight: 400;\">Realiza un programa de videos para internet a trav\u00e9s de este Laboratorio de creaci\u00f3n colectiva infantil,\u00a0 donde conocer\u00e1s t\u00e9cnicas<span data-contrast=\"auto\"> y m\u00e9todos de teatro para video y producci\u00f3n audiovisual<\/span>. Los ni\u00f1xs realizar\u00e1n videos con temas y contenidos de su propio inter\u00e9s para ser exhibidos en las redes sociales de la UVA. El programa comprende cinco secciones: <em>Reporteros en acci\u00f3n<\/em> (entrevistas y reportajes), <em>Puros cuentos<\/em>, (historias en video teatro), <em>El hitazo<\/em> (videos musicales), <em>La comilona<\/em> (recetas de comida divertida) y el <em>Noticiero de la tarde<\/em>.<\/span><\/p>\n<p><b>S\u00e1bado de 10:00 a 12:00 h<\/b><\/p>\n<p><span style=\"font-weight: 400;\">Edad: de 5 a 10 a\u00f1os\u00a0<\/span><\/p>\n<p><span style=\"font-weight: 400;\">Cupo: 15 participantes<\/span><\/p>\n<p>Requisito: Para\u00a0 la escenograf\u00eda y vestuario, se solicitar\u00e1 el apoyo de las madres y padres de familia para el pr\u00e9stamo de materiales y objetos de casa. Considera algunas sesiones adicionales de grabaci\u00f3n en domingo, previo acuerdo con el grupo.<\/p>\n<p><b>$1,650<\/b><\/p>\n\n\n<h2 class=\"wp-block-heading has-vivid-purple-color has-text-color has-link-color has-large-font-size wp-elements-c3fb60f38bf76f9900538ba975fa1833\">Ciclo 2026-1 | Mentes sanas, seres en paz<\/h2>\n\n\n\n<p class=\"has-vivid-purple-color has-text-color has-link-color has-medium-font-size wp-elements-0b73b9b3ea159c5f44e6238dabe0c5e0\"><strong>Del 16 de febrero al 13 de junio<\/strong><\/p>\n\n\n\n<h2 class=\"wp-block-heading has-medium-font-size\"><strong>Pr\u00f3ximas inscripciones: Julio 2026<\/strong><\/h2>\n\n\n\n<div class=\"wp-block-columns is-layout-flex wp-container-core-columns-is-layout-9d6595d7 wp-block-columns-is-layout-flex\">\n<div class=\"wp-block-column is-layout-flow wp-block-column-is-layout-flow\"><\/div>\n<\/div>\n\n\n\n<div class=\"wp-block-columns is-layout-flex wp-container-core-columns-is-layout-9d6595d7 wp-block-columns-is-layout-flex\">\n<div class=\"wp-block-column is-layout-flow wp-block-column-is-layout-flow\" style=\"flex-basis:50%\">\n<div class=\"wp-block-buttons is-content-justification-center is-layout-flex wp-container-core-buttons-is-layout-16018d1d wp-block-buttons-is-layout-flex\"><\/div>\n<\/div>\n\n\n\n<div class=\"wp-block-column is-layout-flow wp-block-column-is-layout-flow\" style=\"flex-basis:50%\">\n<div class=\"wp-block-buttons is-content-justification-center is-layout-flex wp-container-core-buttons-is-layout-16018d1d wp-block-buttons-is-layout-flex\"><\/div>\n<\/div>\n<\/div>\n\n\n\n<p><\/p>\n","protected":false},"excerpt":{"rendered":"<p>S\u00e1bado de 10:00 a 12:00 h<br \/>\nEdad: de 5 a 10 a\u00f1os<\/p>\n","protected":false},"featured_media":5205,"template":"","class_list":["post-2222","agc_course","type-agc_course","status-publish","has-post-thumbnail","hentry","agc_course_category-talleres-infancias-y-adolescencias","odd"],"_links":{"self":[{"href":"https:\/\/tlatelolcounam.mx\/uva\/wp-json\/wp\/v2\/agc_course\/2222","targetHints":{"allow":["GET"]}}],"collection":[{"href":"https:\/\/tlatelolcounam.mx\/uva\/wp-json\/wp\/v2\/agc_course"}],"about":[{"href":"https:\/\/tlatelolcounam.mx\/uva\/wp-json\/wp\/v2\/types\/agc_course"}],"wp:featuredmedia":[{"embeddable":true,"href":"https:\/\/tlatelolcounam.mx\/uva\/wp-json\/wp\/v2\/media\/5205"}],"wp:attachment":[{"href":"https:\/\/tlatelolcounam.mx\/uva\/wp-json\/wp\/v2\/media?parent=2222"}],"curies":[{"name":"wp","href":"https:\/\/api.w.org\/{rel}","templated":true}]}}

Cosa de niñxs. Laboratorio de producción audiovisual

<p><span style="font-weight: 400;">Realiza un programa de videos para internet a través de este Laboratorio de creación colectiva infantil,  donde conocerás técnicas<span data-contrast="auto"> y métodos de teatro para video y producción audiovisual</span>. Los niñxs realizarán videos con temas y contenidos de su propio interés para ser exhibidos en las redes sociales de la UVA. El programa comprende cinco secciones: <em>Reporteros en acción</em> (entrevistas y reportajes), <em>Puros cuentos</em>, (historias en video teatro), <em>El hitazo</em> (videos musicales), <em>La comilona</em> (recetas de comida divertida) y el <em>Noticiero de la tarde</em>.</span></p>
<p><b>Sábado de 10:00 a 12:00 h</b></p>
<p><span style="font-weight: 400;">Edad: de 5 a 10 años </span></p>
<p><span style="font-weight: 400;">Cupo: 15 participantes</span></p>
<p>Requisito: Para  la escenografía y vestuario, se solicitará el apoyo de las madres y padres de familia para el préstamo de materiales y objetos de casa. Considera algunas sesiones adicionales de grabación en domingo, previo acuerdo con el grupo.</p>
<p><b>$1,650</b></p>


<h2 class="wp-block-heading has-vivid-purple-color has-text-color has-link-color has-large-font-size wp-elements-c3fb60f38bf76f9900538ba975fa1833">Ciclo 2026-1 | Mentes sanas, seres en paz</h2>



<p class="has-vivid-purple-color has-text-color has-link-color has-medium-font-size wp-elements-0b73b9b3ea159c5f44e6238dabe0c5e0"><strong>Del 16 de febrero al 13 de junio</strong></p>



<h2 class="wp-block-heading has-medium-font-size"><strong>Próximas inscripciones: Julio 2026</strong></h2>



<div class="wp-block-columns is-layout-flex wp-container-core-columns-is-layout-9d6595d7 wp-block-columns-is-layout-flex">
<div class="wp-block-column is-layout-flow wp-block-column-is-layout-flow"></div>
</div>



<div class="wp-block-columns is-layout-flex wp-container-core-columns-is-layout-9d6595d7 wp-block-columns-is-layout-flex">
<div class="wp-block-column is-layout-flow wp-block-column-is-layout-flow" style="flex-basis:50%">
<div class="wp-block-buttons is-content-justification-center is-layout-flex wp-container-core-buttons-is-layout-16018d1d wp-block-buttons-is-layout-flex"></div>
</div>



<div class="wp-block-column is-layout-flow wp-block-column-is-layout-flow" style="flex-basis:50%">
<div class="wp-block-buttons is-content-justification-center is-layout-flex wp-container-core-buttons-is-layout-16018d1d wp-block-buttons-is-layout-flex"></div>
</div>
</div>



<p></p>

<p>Sábado de 10:00 a 12:00 h<br />
Edad: de 5 a 10 años</p>
