{"id":2220,"date":"2022-01-17T16:04:42","date_gmt":"2022-01-17T16:04:42","guid":{"rendered":"https:\/\/tlatelolcounam.mx\/uva\/?post_type=agc_course&#038;p=2220"},"modified":"2026-04-23T00:14:01","modified_gmt":"2026-04-23T00:14:01","slug":"maquillaje-para-todxs-intensivo","status":"publish","type":"agc_course","link":"https:\/\/tlatelolcounam.mx\/uva\/classes\/maquillaje-para-todxs-intensivo\/","title":{"rendered":"Automaquillaje para todxs \u00a1INTENSIVO!"},"content":{"rendered":"<p><span style=\"font-weight: 400;\">El maquillaje es m\u00e1s que un accesorio, cualquier persona lo puede usar sin importar su identidad de g\u00e9nero o preferencias sexuales. Por eso, aprende diferentes t\u00e9cnicas de maquillaje mientras reflexionas sobre tem\u00e1ticas LGBTQ+, y su visibilidad en el pasado y en la actualidad.<\/span><b><\/b><\/p>\n<p>Este espacio surge a partir de la curiosidad de experimentar con el maquillaje y sus herramientas, as\u00ed como para hacer conciencia acerca de la visualizaci\u00f3n y normalizaci\u00f3n de tem\u00e1ticas LGBTQ+ y de la libertad de cualquier persona para usar maquillaje como v\u00eda de expresi\u00f3n.<\/p>\n<p><b>Del 25 de abril al 13 de junio<\/b><\/p>\n<p><b>S\u00e1bado de 12:00 a 16:00 h<\/b><\/p>\n<p><span style=\"font-weight: 400;\">Edad: 15 a\u00f1os en adelante\u00a0<\/span><\/p>\n<p><span style=\"font-weight: 400;\">Cupo: 20 participantes<\/span><\/p>\n<p><b>$1,650<\/b><\/p>\n<p><em><span style=\"font-weight: 400;\">Requisitos: Kit de maquillaje b\u00e1sico (maquillaje l\u00edquido, corrector l\u00edquido, paleta de sombras, brochas para ojos y rostro, esponja para difuminar, delineadores, l\u00edquidos y en l\u00e1piz, para ojos, labiales y espejo)<\/span><\/em><\/p>\n<p><em>* Presentar nota medica en caso de tener antecedentes con problemas dermatol\u00f3gico o alergias.<\/em><\/p>\n\n\n<h2 class=\"wp-block-heading has-vivid-purple-color has-text-color has-link-color has-large-font-size wp-elements-c7a9dbd75af2ec48854095a6af6899c0\"><strong>Ciclo 2026-1 | Mentes sanas, seres en paz<\/strong><\/h2>\n\n\n\n<p class=\"has-vivid-purple-color has-text-color has-link-color has-medium-font-size wp-elements-0b73b9b3ea159c5f44e6238dabe0c5e0\"><strong>Del 16 de febrero al 13 de junio<\/strong><\/p>\n\n\n\n<h2 class=\"wp-block-heading has-medium-font-size\">Inscripciones abiertas para este taller <\/h2>\n\n\n\n<div class=\"wp-block-columns is-layout-flex wp-container-core-columns-is-layout-9d6595d7 wp-block-columns-is-layout-flex\">\n<div class=\"wp-block-column is-layout-flow wp-block-column-is-layout-flow\"><\/div>\n<\/div>\n\n\n\n<div class=\"wp-block-columns is-layout-flex wp-container-core-columns-is-layout-9d6595d7 wp-block-columns-is-layout-flex\">\n<div class=\"wp-block-column is-vertically-aligned-stretch is-layout-flow wp-block-column-is-layout-flow\" style=\"flex-basis:50%\">\n<div class=\"wp-block-buttons is-content-justification-center is-layout-flex wp-container-core-buttons-is-layout-16018d1d wp-block-buttons-is-layout-flex\">\n<div class=\"wp-block-button\"><a class=\"wp-block-button__link has-background wp-element-button\" href=\"https:\/\/docs.google.com\/forms\/d\/1csg3R7CNA8phx2qLRq4Kt2JgXR1fmnn8UhEK9PQXMGk\/edit\" style=\"background-color:#ea63e8\">Inscripci\u00f3n y pago presencial<\/a><\/div>\n<\/div>\n\n\n\n<div class=\"wp-block-buttons is-content-justification-center is-layout-flex wp-container-core-buttons-is-layout-16018d1d wp-block-buttons-is-layout-flex\"><\/div>\n<\/div>\n\n\n\n<div class=\"wp-block-column is-layout-flow wp-block-column-is-layout-flow\" style=\"flex-basis:50%\">\n<div class=\"wp-block-buttons is-content-justification-center is-layout-flex wp-container-core-buttons-is-layout-16018d1d wp-block-buttons-is-layout-flex\">\n<div class=\"wp-block-button\"><a class=\"wp-block-button__link has-background wp-element-button\" href=\"https:\/\/www.tiendaenlinea.unam.mx\/productos\/Cursos%20y%20Talleres\/AUTOMAQUILLAJE-PARA-TODXS\/6329\" style=\"background-color:#ea63e8\">Inscripci\u00f3n y pago en l\u00ednea<\/a><\/div>\n<\/div>\n<\/div>\n<\/div>\n\n\n\n<p><\/p>\n","protected":false},"excerpt":{"rendered":"<p>Del 25 de abril al 13 de junio<br \/>\nS\u00e1bado de 12:00 a 16:00 h<br \/>\nEdad: 15 a\u00f1os en adelante<\/p>\n","protected":false},"featured_media":4434,"template":"","class_list":["post-2220","agc_course","type-agc_course","status-publish","has-post-thumbnail","hentry","agc_course_category-talleres-jovenes-y-adultos","odd"],"_links":{"self":[{"href":"https:\/\/tlatelolcounam.mx\/uva\/wp-json\/wp\/v2\/agc_course\/2220","targetHints":{"allow":["GET"]}}],"collection":[{"href":"https:\/\/tlatelolcounam.mx\/uva\/wp-json\/wp\/v2\/agc_course"}],"about":[{"href":"https:\/\/tlatelolcounam.mx\/uva\/wp-json\/wp\/v2\/types\/agc_course"}],"wp:featuredmedia":[{"embeddable":true,"href":"https:\/\/tlatelolcounam.mx\/uva\/wp-json\/wp\/v2\/media\/4434"}],"wp:attachment":[{"href":"https:\/\/tlatelolcounam.mx\/uva\/wp-json\/wp\/v2\/media?parent=2220"}],"curies":[{"name":"wp","href":"https:\/\/api.w.org\/{rel}","templated":true}]}}

<p><span style="font-weight: 400;">El maquillaje es más que un accesorio, cualquier persona lo puede usar sin importar su identidad de género o preferencias sexuales. Por eso, aprende diferentes técnicas de maquillaje mientras reflexionas sobre temáticas LGBTQ+, y su visibilidad en el pasado y en la actualidad.</span><b></b></p>
<p>Este espacio surge a partir de la curiosidad de experimentar con el maquillaje y sus herramientas, así como para hacer conciencia acerca de la visualización y normalización de temáticas LGBTQ+ y de la libertad de cualquier persona para usar maquillaje como vía de expresión.</p>
<p><b>Del 25 de abril al 13 de junio</b></p>
<p><b>Sábado de 12:00 a 16:00 h</b></p>
<p><span style="font-weight: 400;">Edad: 15 años en adelante </span></p>
<p><span style="font-weight: 400;">Cupo: 20 participantes</span></p>
<p><b>$1,650</b></p>
<p><em><span style="font-weight: 400;">Requisitos: Kit de maquillaje básico (maquillaje líquido, corrector líquido, paleta de sombras, brochas para ojos y rostro, esponja para difuminar, delineadores, líquidos y en lápiz, para ojos, labiales y espejo)</span></em></p>
<p><em>* Presentar nota medica en caso de tener antecedentes con problemas dermatológico o alergias.</em></p>


<h2 class="wp-block-heading has-vivid-purple-color has-text-color has-link-color has-large-font-size wp-elements-c7a9dbd75af2ec48854095a6af6899c0"><strong>Ciclo 2026-1 | Mentes sanas, seres en paz</strong></h2>



<p class="has-vivid-purple-color has-text-color has-link-color has-medium-font-size wp-elements-0b73b9b3ea159c5f44e6238dabe0c5e0"><strong>Del 16 de febrero al 13 de junio</strong></p>



<h2 class="wp-block-heading has-medium-font-size">Inscripciones abiertas para este taller </h2>



<div class="wp-block-columns is-layout-flex wp-container-core-columns-is-layout-9d6595d7 wp-block-columns-is-layout-flex">
<div class="wp-block-column is-layout-flow wp-block-column-is-layout-flow"></div>
</div>



<div class="wp-block-columns is-layout-flex wp-container-core-columns-is-layout-9d6595d7 wp-block-columns-is-layout-flex">
<div class="wp-block-column is-vertically-aligned-stretch is-layout-flow wp-block-column-is-layout-flow" style="flex-basis:50%">
<div class="wp-block-buttons is-content-justification-center is-layout-flex wp-container-core-buttons-is-layout-16018d1d wp-block-buttons-is-layout-flex">
<div class="wp-block-button"><a class="wp-block-button__link has-background wp-element-button" href="https://docs.google.com/forms/d/1csg3R7CNA8phx2qLRq4Kt2JgXR1fmnn8UhEK9PQXMGk/edit" style="background-color:#ea63e8">Inscripción y pago presencial</a></div>
</div>



<div class="wp-block-buttons is-content-justification-center is-layout-flex wp-container-core-buttons-is-layout-16018d1d wp-block-buttons-is-layout-flex"></div>
</div>



<div class="wp-block-column is-layout-flow wp-block-column-is-layout-flow" style="flex-basis:50%">
<div class="wp-block-buttons is-content-justification-center is-layout-flex wp-container-core-buttons-is-layout-16018d1d wp-block-buttons-is-layout-flex">
<div class="wp-block-button"><a class="wp-block-button__link has-background wp-element-button" href="https://www.tiendaenlinea.unam.mx/productos/Cursos%20y%20Talleres/AUTOMAQUILLAJE-PARA-TODXS/6329" style="background-color:#ea63e8">Inscripción y pago en línea</a></div>
</div>
</div>
</div>



<p></p>

<p>Del 25 de abril al 13 de junio<br />
Sábado de 12:00 a 16:00 h<br />
Edad: 15 años en adelante</p>
