{"id":2218,"date":"2022-01-17T16:04:42","date_gmt":"2022-01-17T16:04:42","guid":{"rendered":"https:\/\/tlatelolcounam.mx\/uva\/?post_type=agc_course&#038;p=2218"},"modified":"2026-04-15T17:34:27","modified_gmt":"2026-04-15T17:34:27","slug":"serpresente","status":"publish","type":"agc_course","link":"https:\/\/tlatelolcounam.mx\/uva\/classes\/serpresente\/","title":{"rendered":"Ser presente: Cuerpo, gravedad y ligereza"},"content":{"rendered":"<p>Cuando t\u00fa te mueves el universo se mueve y ah\u00ed todo puede ser posible, \u00a1todo puede transformarse!<\/p>\n<p>Este taller de danza contempor\u00e1nea basado en diferentes estilos de movimiento, busca que encuentres tu m\u00e1ximo potencial de movimiento a partir de ser y estar en el presente, en d\u00f3nde lo que prima es el gozo absoluto de moverse y movernos juntxs. Nos enfocamos en dos l\u00edneas de trabajo que se tejen para desarrollar una pr\u00e1ctica integral d\u00f3nde se potencia al m\u00e1ximo el movimiento, fuerza y brillo que nuestros cuerpos son capaces al vibrar, caer, recuperar, insistir, saltar, girar, improvisar, acumular, expandir, descubrir y ser en el presente. De las dos l\u00edneas de trabajo una estudia el uso efectivo de la energ\u00eda del cuerpo en la danza, la relaci\u00f3n del cuerpo con el espacio y con los otros a partir de &#8220;frases o secuencias de movimiento&#8221;, y la otra estudia la improvisaci\u00f3n, d\u00f3nde a partir de ejercicios de exploraci\u00f3n individual, en parejas y en conjunto, se descubren las posibilidades de creaci\u00f3n del movimiento individual y en contacto.<\/p>\n<p><b>Martes y jueves de 10:00 a 12:30 h\u00a0<\/b><\/p>\n<p><span style=\"font-weight: 400;\">Edad: 17 a\u00f1os en adelante<\/span><\/p>\n<p><span style=\"font-weight: 400;\">Cupo: 20 participantes<\/span><\/p>\n<p><b>$1,850<\/b><span style=\"color: #993366;\"><strong>\u00a0<\/strong><\/span><\/p>\n\n\n<h2 class=\"wp-block-heading has-vivid-purple-color has-text-color has-link-color has-large-font-size wp-elements-c7a9dbd75af2ec48854095a6af6899c0\"><strong>Ciclo 2026-1 | Mentes sanas, seres en paz<\/strong><\/h2>\n\n\n\n<p class=\"has-vivid-purple-color has-text-color has-link-color has-medium-font-size wp-elements-0b73b9b3ea159c5f44e6238dabe0c5e0\"><strong>Del 16 de febrero al 13 de junio<\/strong><\/p>\n\n\n\n<p style=\"font-size:20px\"><strong>Pr\u00f3ximas inscripciones:\u00a0Julio 2026<\/strong><\/p>\n\n\n\n<div class=\"wp-block-columns is-layout-flex wp-container-core-columns-is-layout-9d6595d7 wp-block-columns-is-layout-flex\">\n<div class=\"wp-block-column is-layout-flow wp-block-column-is-layout-flow\" style=\"flex-basis:50%\">\n<div class=\"wp-block-buttons is-content-justification-center is-layout-flex wp-container-core-buttons-is-layout-16018d1d wp-block-buttons-is-layout-flex\"><\/div>\n<\/div>\n\n\n\n<div class=\"wp-block-column is-layout-flow wp-block-column-is-layout-flow\" style=\"flex-basis:50%\">\n<div class=\"wp-block-buttons is-content-justification-center is-layout-flex wp-container-core-buttons-is-layout-16018d1d wp-block-buttons-is-layout-flex\"><\/div>\n<\/div>\n<\/div>\n\n\n\n<p><\/p>\n","protected":false},"excerpt":{"rendered":"<p>Martes y jueves de 10:00 a 12:30 h<br \/>\nEdad: 17 a\u00f1os en adelante<\/p>\n","protected":false},"featured_media":5016,"template":"","class_list":["post-2218","agc_course","type-agc_course","status-publish","has-post-thumbnail","hentry","agc_course_category-talleres-jovenes-y-adultos","odd"],"_links":{"self":[{"href":"https:\/\/tlatelolcounam.mx\/uva\/wp-json\/wp\/v2\/agc_course\/2218","targetHints":{"allow":["GET"]}}],"collection":[{"href":"https:\/\/tlatelolcounam.mx\/uva\/wp-json\/wp\/v2\/agc_course"}],"about":[{"href":"https:\/\/tlatelolcounam.mx\/uva\/wp-json\/wp\/v2\/types\/agc_course"}],"wp:featuredmedia":[{"embeddable":true,"href":"https:\/\/tlatelolcounam.mx\/uva\/wp-json\/wp\/v2\/media\/5016"}],"wp:attachment":[{"href":"https:\/\/tlatelolcounam.mx\/uva\/wp-json\/wp\/v2\/media?parent=2218"}],"curies":[{"name":"wp","href":"https:\/\/api.w.org\/{rel}","templated":true}]}}

<p>Cuando tú te mueves el universo se mueve y ahí todo puede ser posible, ¡todo puede transformarse!</p>
<p>Este taller de danza contemporánea basado en diferentes estilos de movimiento, busca que encuentres tu máximo potencial de movimiento a partir de ser y estar en el presente, en dónde lo que prima es el gozo absoluto de moverse y movernos juntxs. Nos enfocamos en dos líneas de trabajo que se tejen para desarrollar una práctica integral dónde se potencia al máximo el movimiento, fuerza y brillo que nuestros cuerpos son capaces al vibrar, caer, recuperar, insistir, saltar, girar, improvisar, acumular, expandir, descubrir y ser en el presente. De las dos líneas de trabajo una estudia el uso efectivo de la energía del cuerpo en la danza, la relación del cuerpo con el espacio y con los otros a partir de &#8220;frases o secuencias de movimiento&#8221;, y la otra estudia la improvisación, dónde a partir de ejercicios de exploración individual, en parejas y en conjunto, se descubren las posibilidades de creación del movimiento individual y en contacto.</p>
<p><b>Martes y jueves de 10:00 a 12:30 h </b></p>
<p><span style="font-weight: 400;">Edad: 17 años en adelante</span></p>
<p><span style="font-weight: 400;">Cupo: 20 participantes</span></p>
<p><b>$1,850</b><span style="color: #993366;"><strong> </strong></span></p>


<h2 class="wp-block-heading has-vivid-purple-color has-text-color has-link-color has-large-font-size wp-elements-c7a9dbd75af2ec48854095a6af6899c0"><strong>Ciclo 2026-1 | Mentes sanas, seres en paz</strong></h2>



<p class="has-vivid-purple-color has-text-color has-link-color has-medium-font-size wp-elements-0b73b9b3ea159c5f44e6238dabe0c5e0"><strong>Del 16 de febrero al 13 de junio</strong></p>



<p style="font-size:20px"><strong>Próximas inscripciones: Julio 2026</strong></p>



<div class="wp-block-columns is-layout-flex wp-container-core-columns-is-layout-9d6595d7 wp-block-columns-is-layout-flex">
<div class="wp-block-column is-layout-flow wp-block-column-is-layout-flow" style="flex-basis:50%">
<div class="wp-block-buttons is-content-justification-center is-layout-flex wp-container-core-buttons-is-layout-16018d1d wp-block-buttons-is-layout-flex"></div>
</div>



<div class="wp-block-column is-layout-flow wp-block-column-is-layout-flow" style="flex-basis:50%">
<div class="wp-block-buttons is-content-justification-center is-layout-flex wp-container-core-buttons-is-layout-16018d1d wp-block-buttons-is-layout-flex"></div>
</div>
</div>



<p></p>

<p>Martes y jueves de 10:00 a 12:30 h<br />
Edad: 17 años en adelante</p>
