{"id":2049,"date":"2022-01-17T16:04:41","date_gmt":"2022-01-17T16:04:41","guid":{"rendered":"https:\/\/tlatelolcounam.mx\/uva\/?post_type=agc_course&#038;p=2049"},"modified":"2026-04-15T17:27:55","modified_gmt":"2026-04-15T17:27:55","slug":"sembrando_musica","status":"publish","type":"agc_course","link":"https:\/\/tlatelolcounam.mx\/uva\/classes\/sembrando_musica\/","title":{"rendered":"Sembrando m\u00fasica Sotavento (Son Jarocho)"},"content":{"rendered":"<p><span class=\"TextRun SCXW94106598 BCX4\" lang=\"ES-MX\" xml:lang=\"ES-MX\" data-contrast=\"auto\"><span class=\"NormalTextRun SCXW94106598 BCX4\"><span class=\"TextRun SCXW161527519 BCX4\" lang=\"ES-MX\" xml:lang=\"ES-MX\" data-contrast=\"auto\"><span class=\"NormalTextRun SCXW161527519 BCX4\"> En este taller sembramos m\u00fasica para coadyuvar en la formaci\u00f3n de comunidades musicales, a trav\u00e9s de la m\u00fasica tradicional, en especial de la regi\u00f3n del Sotavento (Son Jarocho). <\/span><\/span><\/span><\/span><\/p>\n<p>Podr\u00e1s elegir entre diversos instrumentos como jarana, viol\u00edn, guitarra de son, canto o zapateado para aprender en comunidad, mediante diversas\u00a0herramientas t\u00e9cnicas y did\u00e1cticas que nos permitan realizar un acercamiento respetuoso a esta tradici\u00f3n musical.<\/p>\n<p><b>Martes y jueves de 18:30 a 20:30 h<\/b><\/p>\n<p><span style=\"font-weight: 400;\">Edad: 15 a\u00f1os en adelante<\/span><\/p>\n<p><span style=\"font-weight: 400;\">Cupo: 20 participantes<\/span><\/p>\n<p><b>$1,850<\/b><\/p>\n<p><em>*Requisito: contar con alguno de los instrumentos.<\/em><\/p>\n\n\n<h2 class=\"wp-block-heading has-vivid-purple-color has-text-color has-link-color has-large-font-size wp-elements-c7a9dbd75af2ec48854095a6af6899c0\"><strong>Ciclo 2026-1 | Mentes sanas, seres en paz<\/strong><\/h2>\n\n\n\n<p class=\"has-vivid-purple-color has-text-color has-link-color has-medium-font-size wp-elements-0b73b9b3ea159c5f44e6238dabe0c5e0\"><strong>Del 16 de febrero al 13 de junio<\/strong><\/p>\n\n\n\n<p style=\"font-size:20px\"><strong>Pr\u00f3ximas inscripciones:\u00a0Julio 2026<\/strong><\/p>\n\n\n\n<div class=\"wp-block-columns is-layout-flex wp-container-core-columns-is-layout-9d6595d7 wp-block-columns-is-layout-flex\">\n<div class=\"wp-block-column is-layout-flow wp-block-column-is-layout-flow\"><\/div>\n<\/div>\n\n\n\n<div class=\"wp-block-columns is-layout-flex wp-container-core-columns-is-layout-9d6595d7 wp-block-columns-is-layout-flex\">\n<div class=\"wp-block-column is-layout-flow wp-block-column-is-layout-flow\" style=\"flex-basis:50%\">\n<div class=\"wp-block-buttons is-content-justification-center is-layout-flex wp-container-core-buttons-is-layout-16018d1d wp-block-buttons-is-layout-flex\"><\/div>\n<\/div>\n\n\n\n<div class=\"wp-block-column is-layout-flow wp-block-column-is-layout-flow\" style=\"flex-basis:50%\">\n<div class=\"wp-block-buttons is-content-justification-center is-layout-flex wp-container-core-buttons-is-layout-16018d1d wp-block-buttons-is-layout-flex\"><\/div>\n<\/div>\n<\/div>\n","protected":false},"excerpt":{"rendered":"<p>Martes y jueves de 18:30 a 20:30 h<br \/>\nEdad: 15 a\u00f1os en adelante <\/p>\n","protected":false},"featured_media":6075,"template":"","class_list":["post-2049","agc_course","type-agc_course","status-publish","has-post-thumbnail","hentry","agc_course_category-talleres-jovenes-y-adultos","odd"],"_links":{"self":[{"href":"https:\/\/tlatelolcounam.mx\/uva\/wp-json\/wp\/v2\/agc_course\/2049","targetHints":{"allow":["GET"]}}],"collection":[{"href":"https:\/\/tlatelolcounam.mx\/uva\/wp-json\/wp\/v2\/agc_course"}],"about":[{"href":"https:\/\/tlatelolcounam.mx\/uva\/wp-json\/wp\/v2\/types\/agc_course"}],"wp:featuredmedia":[{"embeddable":true,"href":"https:\/\/tlatelolcounam.mx\/uva\/wp-json\/wp\/v2\/media\/6075"}],"wp:attachment":[{"href":"https:\/\/tlatelolcounam.mx\/uva\/wp-json\/wp\/v2\/media?parent=2049"}],"curies":[{"name":"wp","href":"https:\/\/api.w.org\/{rel}","templated":true}]}}

Sembrando música Sotavento (Son Jarocho)

<p><span class="TextRun SCXW94106598 BCX4" lang="ES-MX" xml:lang="ES-MX" data-contrast="auto"><span class="NormalTextRun SCXW94106598 BCX4"><span class="TextRun SCXW161527519 BCX4" lang="ES-MX" xml:lang="ES-MX" data-contrast="auto"><span class="NormalTextRun SCXW161527519 BCX4"> En este taller sembramos música para coadyuvar en la formación de comunidades musicales, a través de la música tradicional, en especial de la región del Sotavento (Son Jarocho). </span></span></span></span></p>
<p>Podrás elegir entre diversos instrumentos como jarana, violín, guitarra de son, canto o zapateado para aprender en comunidad, mediante diversas herramientas técnicas y didácticas que nos permitan realizar un acercamiento respetuoso a esta tradición musical.</p>
<p><b>Martes y jueves de 18:30 a 20:30 h</b></p>
<p><span style="font-weight: 400;">Edad: 15 años en adelante</span></p>
<p><span style="font-weight: 400;">Cupo: 20 participantes</span></p>
<p><b>$1,850</b></p>
<p><em>*Requisito: contar con alguno de los instrumentos.</em></p>


<h2 class="wp-block-heading has-vivid-purple-color has-text-color has-link-color has-large-font-size wp-elements-c7a9dbd75af2ec48854095a6af6899c0"><strong>Ciclo 2026-1 | Mentes sanas, seres en paz</strong></h2>



<p class="has-vivid-purple-color has-text-color has-link-color has-medium-font-size wp-elements-0b73b9b3ea159c5f44e6238dabe0c5e0"><strong>Del 16 de febrero al 13 de junio</strong></p>



<p style="font-size:20px"><strong>Próximas inscripciones: Julio 2026</strong></p>



<div class="wp-block-columns is-layout-flex wp-container-core-columns-is-layout-9d6595d7 wp-block-columns-is-layout-flex">
<div class="wp-block-column is-layout-flow wp-block-column-is-layout-flow"></div>
</div>



<div class="wp-block-columns is-layout-flex wp-container-core-columns-is-layout-9d6595d7 wp-block-columns-is-layout-flex">
<div class="wp-block-column is-layout-flow wp-block-column-is-layout-flow" style="flex-basis:50%">
<div class="wp-block-buttons is-content-justification-center is-layout-flex wp-container-core-buttons-is-layout-16018d1d wp-block-buttons-is-layout-flex"></div>
</div>



<div class="wp-block-column is-layout-flow wp-block-column-is-layout-flow" style="flex-basis:50%">
<div class="wp-block-buttons is-content-justification-center is-layout-flex wp-container-core-buttons-is-layout-16018d1d wp-block-buttons-is-layout-flex"></div>
</div>
</div>

<p>Martes y jueves de 18:30 a 20:30 h<br />
Edad: 15 años en adelante </p>
