{"id":8146,"date":"2022-05-04T19:55:39","date_gmt":"2022-05-04T19:55:39","guid":{"rendered":"https:\/\/tlatelolcounam.mx\/caminoreal\/?page_id=8146"},"modified":"2025-08-12T17:49:13","modified_gmt":"2025-08-12T17:49:13","slug":"nuevomexico-naturaleza","status":"publish","type":"page","link":"https:\/\/tlatelolcounam.mx\/caminoreal\/nuevo-mexico\/nuevomexico-naturaleza\/","title":{"rendered":"Nuevo M\u00e9xico Naturaleza y aventura"},"content":{"rendered":"<div class=\"brz-root__container brz-reset-all\">\n<section data-uid=\"cdkeghlziiohoukivthemcomadlvolvjzyzx\" id=\"cdkeghlziiohoukivthemcomadlvolvjzyzx\" class=\"brz-section brz-css-hbisu\">\n<div class=\"brz-section__content brz-section--boxed brz-css-tycom brz-css-hcpcd\" data-custom-id=\"kxtylskpqchveijjrewfnyruqtatzgwljyzm\">\n<div class=\"brz-container brz-css-xoqor\">\n<div class=\"brz-row__container brz-css-yrlzm\" data-custom-id=\"tnecfxcdykoambyuufnshbafyloyrkvzbfkf\">\n<div class=\"brz-bg overflow-hidden absolute top-0 left-0 w-full h-full\"><\/div>\n<div class=\"brz-row brz-css-oytpe brz-css-tvhfw\">\n<div class=\"brz-columns brz-css-rbtnf brz-css-qblbh\" data-custom-id=\"epxscrxbxahcngbhbcghkwdykelzrjhfzqft\">\n<div class=\"brz-bg overflow-hidden absolute top-0 left-0 w-full h-full\"><\/div>\n<div class=\"brz-column__items brz-css-qsovj brz-css-qnycu\">\n<div class=\"brz-css-ewmpc brz-css-pgcve brz-wrapper\">\n<div class=\"brz-image brz-css-kusjy brz-css-laabk\"><img decoding=\"async\" class=\"brz-img\" src=\"https:\/\/tlatelolcounam.mx\/caminoreal\/wp-content\/uploads\/2022\/01\/logo.png\" alt=\"\" loading=\"lazy\" \/><\/div>\n<\/div>\n<\/div>\n<\/div>\n<div class=\"brz-columns brz-css-rbtnf brz-css-bpxgy\" data-custom-id=\"pzxzuttxxgqksrrdgcwhaktqjdmukvkhahfe\">\n<div class=\"brz-bg overflow-hidden absolute top-0 left-0 w-full h-full\"><\/div>\n<div class=\"brz-column__items brz-css-qsovj brz-css-jwryn\">\n<div class=\"brz-css-ewmpc brz-wrapper\">\n<div class=\"brz-menu__container brz-css-zrfhx\" data-mmenu-id=\"#btvucxitgooyvovekmakeccpwoorklbdnchw\" data-mmenu-position=\"position-left\" data-mmenu-title=\"Menu\" data-mmenu-stickytitle=\"on\" data-custom-id=\"xbqtfmrcedukngnyygmfwgkwektymnnnuzxj\">\n<nav class=\"brz-menu brz-menu__preview brz-css-dcehx\">\n<ul class=\"brz-menu__ul\" data-menu-items-active=\"\">\n<li class=\"brz-menu__item\" data-menu-item-id=\"a45e250d979c9b3c26fe6917797cc038\"><a class=\"brz-a menu-item menu-item-type-post_type menu-item-object-page menu-item-home\" href=\"https:\/\/tlatelolcounam.mx\/caminoreal\/\" data-brz-link-type=\"external\" id><span class=\"brz-span\">Inicio<\/span><\/a><\/li>\n<li class=\"brz-menu__item brz-menu__item-dropdown\" data-menu-item-id=\"ba4a85012b5365c17cdf357587076276\"><a class=\"brz-a brz-anchor menu-item menu-item-type-custom menu-item-object-custom\" href=\"#\" data-brz-link-type=\"anchor\" id><span class=\"brz-span\">Estados<\/span><\/a><\/li>\n<li class=\"brz-menu__item\" data-menu-item-id=\"d3c0c655631b120767a40bd0aed90e47\"><a class=\"brz-a menu-item menu-item-type-post_type menu-item-object-page\" href=\"https:\/\/tlatelolcounam.mx\/caminoreal\/historia\/\" data-brz-link-type=\"external\" id><span class=\"brz-span\">Historia<\/span><\/a><\/li>\n<\/ul>\n<\/nav>\n<div class=\"brz-mm-menu__icon\">\n<\/div>\n<\/div>\n<\/div>\n<\/div>\n<\/div>\n<\/div>\n<\/div>\n<\/div>\n<\/div>\n<\/section>\n<section data-uid=\"dokjzmexqunazctbloammypxiyzspbnjdvyj\" id=\"dokjzmexqunazctbloammypxiyzspbnjdvyj\" class=\"brz-section brz-css-hbisu\">\n<div class=\"brz-section__content brz-section--fullWidth brz-css-tycom brz-css-kwljc\" data-custom-id=\"ofodesxequsppebghdddegirgebmibqoghuq\">\n<div class=\"brz-container brz-css-xoqor brz-css-iuabf\">\n<div class=\"brz-row__container brz-css-yrlzm\" data-custom-id=\"utyrubatiicuodtfdrsdwpqylqelgarpuuon\">\n<div class=\"brz-bg overflow-hidden absolute top-0 left-0 w-full h-full\"><\/div>\n<div class=\"brz-row brz-css-oytpe brz-css-tvhfw\">\n<div class=\"brz-columns brz-css-rbtnf brz-css-vnipp\" data-custom-id=\"bwhvzqizgbjedpjcxsmqwrqrinyzgjbgspsj\">\n<div class=\"brz-bg overflow-hidden absolute top-0 left-0 w-full h-full\">\n<div class=\"brz-bg-image absolute top-0 left-0 w-full h-full bg-no-repeat bg-cover\"><\/div>\n<div class=\"brz-bg-color absolute top-0 left-0 w-full h-full\"><\/div>\n<\/div>\n<div class=\"brz-column__items brz-css-qsovj brz-css-zgwop\">\n<div class=\"brz-css-ewmpc brz-wrapper\">\n<div class=\"brz-rich-text brz-rich-text__custom brz-css-pzdrv\" data-custom-id=\"yoerbwdgqelbkrflrejfysyapqupdsrrbzul\">\n<div>\n<p class=\"brz-css-runcf\" data-uniq-id=\"iswqb\" data-generated-css=\"brz-css-qewuk\"><strong>NUEVO M\u00c9XICO<\/strong><\/p>\n<\/div>\n<\/div>\n<\/div>\n<div class=\"brz-css-ewmpc brz-wrapper\">\n<div class=\"brz-rich-text brz-rich-text__custom brz-css-pzdrv\" data-custom-id=\"vfolhzzjnvnadoumnnevhutzkmeqmfcichha\">\n<div>\n<p class=\"brz-css-kjkyv\" data-uniq-id=\"atxkb\" data-generated-css=\"brz-css-myrrr\"><\/p>\n<\/div>\n<\/div>\n<\/div>\n<div class=\"brz-css-ewmpc brz-wrapper\">\n<div class=\"brz-rich-text brz-rich-text__custom brz-css-pzdrv\" data-custom-id=\"elhnrcwfhwmbhlhxljnoyqwiybfvehhpoijl\">\n<div>\n<p class=\"brz-css-dmeip\" data-uniq-id=\"lquwp\" data-generated-css=\"brz-css-dixoh\"><\/p>\n<\/div>\n<\/div>\n<\/div>\n<div class=\"brz-css-ewmpc brz-wrapper\">\n<div class=\"brz-rich-text brz-rich-text__custom brz-css-pzdrv\" data-custom-id=\"uquicsaremynubwpolxkwdnqzwryjwdhripl\">\n<div>\n<p class=\"brz-css-lmzoq\" data-generated-css=\"brz-css-zgxln\" data-uniq-id=\"acmyp\"><strong>Naturaleza y aventura<\/strong><\/p>\n<\/div>\n<\/div>\n<\/div>\n<\/div>\n<\/div>\n<\/div>\n<\/div>\n<\/div>\n<\/div>\n<\/section>\n<section data-uid=\"vkkdmiywdorcuowqdwgtdcgpjevosqiqxbqd\" id=\"vkkdmiywdorcuowqdwgtdcgpjevosqiqxbqd\" class=\"brz-section brz-css-hbisu\">\n<div class=\"brz-section__content brz-section--boxed brz-css-tycom brz-css-ixneq\" data-custom-id=\"tmgrfkcjjliasesblgtfjhoqvkheinubntyp\">\n<div class=\"brz-container brz-css-xoqor brz-css-dwpsi\">\n<div class=\"brz-row__container brz-css-yrlzm brz-css-szqyq\" data-custom-id=\"gzlgajiyfttcybycbsyxjlfsqcygrvwauoch\">\n<div class=\"brz-bg overflow-hidden absolute top-0 left-0 w-full h-full\"><\/div>\n<div class=\"brz-row brz-css-oytpe brz-css-tvhfw\">\n<div class=\"brz-columns brz-css-rbtnf brz-css-oodce\" data-custom-id=\"trodzlkflatsxujkfexaatitoryhckyjdufn\">\n<div class=\"brz-bg overflow-hidden absolute top-0 left-0 w-full h-full\"><\/div>\n<div class=\"brz-column__items brz-css-qsovj brz-css-zxstg\">\n<div class=\"brz-css-ewmpc brz-css-cchoj brz-wrapper\">\n<div class=\"brz-rich-text brz-rich-text__custom brz-css-pzdrv\" data-custom-id=\"qpytycenfhsetjjiyzdhwpbgrtoibnllzdkj\">\n<div>\n<h2 class=\"brz-css-tstcv\" data-uniq-id=\"oinov\" data-generated-css=\"brz-css-vqbko\"><span style=\"background-color: transparent\">Nuevo M\u00e9xico es un lugar con hermosos paisajes y bellezas naturales como La Ventana Arch, la monta\u00f1a de Sangre de Cristo, los Valles Caldera, el m\u00e1s grande sistema de dunas de yeso White Sands y las cavernas de Carlsbad que tiene hermosas formaciones de estalactitas y es hogar de m\u00e1s de 300 000 murci\u00e9lagos que se pueden ver de mayo a octubre.<\/span><\/h2>\n<h2 data-uniq-id=\"gkxdq\" data-generated-css=\"brz-css-clofy\" class=\"brz-css-ijdev\"><span style=\"background-color: transparent\"> Gracias a que cuenta con zonas ne\u00e1rtica y neotropical, se puede disfrutar de muchas actividades al aire libre como el skateboarding desde finales de noviembre, las aguas termales y los paseos por el desierto.<\/span><\/h2>\n<\/div>\n<\/div>\n<\/div>\n<\/div>\n<\/div>\n<\/div>\n<\/div>\n<div class=\"brz-css-ewmpc brz-wrapper\">\n<div class=\"brz-line brz-line-default brz-css-twasm brz-css-kbfwc\" data-custom-id=\"vxlmzpzhiqesinjtklbyrtycwsmvrwyprrvy\">\n<hr class=\"brz-hr\" \/><\/div>\n<\/div>\n<div class=\"brz-row__container brz-css-yrlzm\" data-custom-id=\"pxduhuvlsmlbvyoiuvgnepxymvbvboqoxboq\">\n<div class=\"brz-bg overflow-hidden absolute top-0 left-0 w-full h-full\"><\/div>\n<div class=\"brz-row brz-css-oytpe brz-css-tvhfw\">\n<div class=\"brz-columns brz-css-rbtnf brz-css-zavak\" data-custom-id=\"szdimjmmscpnmhbbxtqfdqxfipodflnavhyc\">\n<div class=\"brz-bg overflow-hidden absolute top-0 left-0 w-full h-full\"><\/div>\n<div class=\"brz-column__items brz-css-qsovj brz-css-qipzi\">\n<div class=\"brz-css-ewmpc brz-css-etdxd brz-wrapper\">\n<div class=\"brz-rich-text brz-rich-text__custom brz-css-pzdrv\" data-custom-id=\"uvgszqewclrgtxqypkdmgzxppviqvrbslgue\">\n<div>\n<p class=\"brz-css-lweam\" data-generated-css=\"brz-css-fapxo\" data-uniq-id=\"lhjcs\"><strong>Mesilla Valley Bosque State Park<\/strong><\/p>\n<p class=\"brz-css-mevsv\" data-generated-css=\"brz-css-utsly\" data-uniq-id=\"yglnn\"><span>Un espacio semides\u00e9rtico de 1.23 km cuadrados, en donde quienes disfrutan del ecoturismo pueden practicar actividades como el senderismo o rodar en bicicleta.<\/span><\/p>\n<p class=\"brz-css-xptat\" data-generated-css=\"brz-css-qvjmt\" data-uniq-id=\"sdnzi\"><strong>Direcci\u00f3n:<\/strong><span> 5000, Calle del Norte.\u00a0<\/span><\/p>\n<p class=\"brz-css-ulyaa\" data-generated-css=\"brz-css-yejri\" data-uniq-id=\"zigur\"><strong>Horario: <\/strong><span>De lunes a domingo de 7:30 a 16:30 hrs.<\/span><strong>\u00a0<\/strong><\/p>\n<p class=\"brz-css-afzfv\" data-generated-css=\"brz-css-cwxot\" data-uniq-id=\"nwksq\"><strong>Tel\u00e9fono:<\/strong><span> 575 523 4398<\/span><\/p>\n<p class=\"brz-css-hkopl\" data-generated-css=\"brz-css-qdsjf\" data-uniq-id=\"mkidl\"><\/p>\n<p class=\"brz-css-pfkyu\" data-generated-css=\"brz-css-gcksk\" data-uniq-id=\"vpapj\"><strong>The Box Recreation Area<\/strong><\/p>\n<p class=\"brz-css-vfnky\" data-generated-css=\"brz-css-cwilt\" data-uniq-id=\"lzfoz\"><span>Se trata de una zona rocosa a las afueras de Socorro, ideal para quienes disfrutan de escalar grandes alturas, acampar o simplemente caminar un buen rato en la naturaleza.\u00a0<\/span><\/p>\n<p class=\"brz-css-igooc\" data-generated-css=\"brz-css-enjov\" data-uniq-id=\"hnlqd\"><strong>Direcci\u00f3n:<\/strong><span> US-60.<\/span><\/p>\n<p class=\"brz-css-qgeix\" data-generated-css=\"brz-css-cvaty\" data-uniq-id=\"eghja\"><strong>Horario: <\/strong><span>Abierto las 24 horas.<\/span><\/p>\n<p class=\"brz-css-ysfdj\" data-generated-css=\"brz-css-ikkib\" data-uniq-id=\"mffhk\"><strong>Tel\u00e9fono:<\/strong><span> 575 835 0412<\/span><\/p>\n<p class=\"brz-css-kvtlt\" data-generated-css=\"brz-css-zslul\" data-uniq-id=\"bcdlw\"><\/p>\n<p class=\"brz-css-egesv\" data-generated-css=\"brz-css-ywcqe\" data-uniq-id=\"khgab\"><strong>Sandia Peak Tramway<\/strong><\/p>\n<p class=\"brz-css-ifaxa\" data-generated-css=\"brz-css-jzsmm\" data-uniq-id=\"arvfq\"><span>Telef\u00e9rico que cruza la ciudad de Albuquerque de punta a punta, siendo el tercer tramo m\u00e1s largo en el mundo en transportes de este tipo. Una de las terminales, en Sand\u00eda Forrest, est\u00e1 junto a un espacio al aire libre donde pueden practicarse deportes como ciclismo o senderismo.<\/span><\/p>\n<p class=\"brz-css-wxbxv\" data-generated-css=\"brz-css-wcykj\" data-uniq-id=\"fgwqz\"><strong>Direcci\u00f3n:<\/strong><span> 30, Tramway Road.\u00a0<\/span><\/p>\n<p class=\"brz-css-oezyq\" data-generated-css=\"brz-css-wdman\" data-uniq-id=\"bzipw\"><strong>Horario:<\/strong><span> De mi\u00e9rcoles a lunes de 9:00 a 20:00 hrs.<\/span><\/p>\n<p class=\"brz-css-mophh\" data-generated-css=\"brz-css-rwrsi\" data-uniq-id=\"dhsku\"><strong>Tel\u00e9fono:<\/strong><span> 505 856 1532<\/span><\/p>\n<p class=\"brz-css-fkgbm\" data-generated-css=\"brz-css-pfkax\" data-uniq-id=\"ljnto\"><strong>Costo:<\/strong><span> $20 USD al a\u00f1o 2022.\u00a0<\/span><\/p>\n<p class=\"brz-css-wlpdf\" data-generated-css=\"brz-css-bftoy\" data-uniq-id=\"wyecc\"><\/p>\n<p class=\"brz-css-ulrai\" data-generated-css=\"brz-css-cnuxy\" data-uniq-id=\"euqpo\"><strong>White Sands Park<\/strong><\/p>\n<p class=\"brz-css-gpwpt\" data-generated-css=\"brz-css-qwkud\" data-uniq-id=\"xojwu\"><span>Parque nacional rodeado por la White Sands Missile Range, tiene dunas espectaculares con m\u00e1s de 600 especies de invertebrados.<\/span><\/p>\n<p class=\"brz-css-dylje\" data-generated-css=\"brz-css-heeqh\" data-uniq-id=\"qmpop\"><strong>Direcci\u00f3n<\/strong><span>: Highway US-70, entre milla 199 y 200,New Mexico, Estados Unidos<\/span><\/p>\n<p class=\"brz-css-gxcyq\" data-generated-css=\"brz-css-tafqm\" data-uniq-id=\"lmyfm\"><strong>Horario:<\/strong><span> De lunes a domingo 7:00 a 18:00 hrs.<\/span><\/p>\n<p class=\"brz-css-rnius\" data-generated-css=\"brz-css-rfejc\" data-uniq-id=\"xzrme\"><strong>Tel\u00e9fono:<\/strong><span> 575 479 6124<\/span><\/p>\n<p class=\"brz-css-seyde\" data-generated-css=\"brz-css-jvufi\" data-uniq-id=\"qtgda\"><\/p>\n<p class=\"brz-css-vffhl\" data-generated-css=\"brz-css-jznnb\" data-uniq-id=\"jfaek\"><strong>Bosque Nacional Lincoln<\/strong><\/p>\n<p class=\"brz-css-hjcwu\" data-generated-css=\"brz-css-iomec\" data-uniq-id=\"fywkw\"><span>Dentro del bosque se encuentran la serie de cascadas Sitting Bull Falls, fue fundado en 1902 y dispone de varios lugares para pasear, asadores etc. Limita con la reserva apache de Mescalero.<\/span><\/p>\n<p class=\"brz-css-knfjd\" data-generated-css=\"brz-css-lieut\" data-uniq-id=\"pjdyi\"><strong>Direcci\u00f3n:<\/strong><span> 3463 Las Palomas Rd, Alamogordo, NM 88310, Estados Unidos<\/span><\/p>\n<p class=\"brz-css-fgpze\" data-generated-css=\"brz-css-gsjry\" data-uniq-id=\"foxpd\"><strong>Horario:<\/strong><span> De lunes a Viernes de 8:00 a 16:00 hrs.<\/span><\/p>\n<p class=\"brz-css-sbobs\" data-generated-css=\"brz-css-lqwlm\" data-uniq-id=\"efuwz\"><strong>Tel\u00e9fono:<\/strong><span> 575 434 7200<\/span><\/p>\n<p class=\"brz-css-iapsm\" data-generated-css=\"brz-css-wzsfx\" data-uniq-id=\"gnxgv\"><\/p>\n<p class=\"brz-css-zkwdt\" data-generated-css=\"brz-css-oupil\" data-uniq-id=\"odqpb\"><strong>Dripping Springs Natural Area<\/strong><\/p>\n<p class=\"brz-css-zldgz\" data-generated-css=\"brz-css-kwdkd\" data-uniq-id=\"wiuxa\"><span>Se encuentra en un bosque de encinos y se pueden admirar animales end\u00e9micos como el coyote y el \u00e1guila dorada.\u00a0<\/span><\/p>\n<p class=\"brz-css-qfavr\" data-generated-css=\"brz-css-dexiu\" data-uniq-id=\"jhien\"><strong>Direcci\u00f3n:<\/strong><span> 15000 Dripping Springs Rd, Las Cruces, NM 88011, Estados Unidos<\/span><\/p>\n<p class=\"brz-css-fhtpg\" data-generated-css=\"brz-css-eksmk\" data-uniq-id=\"qnjvg\"><strong>Horario:<\/strong><span> De lunes a domingo de 7:00 a 18:00 hrs.<\/span><\/p>\n<p class=\"brz-css-dztpw\" data-generated-css=\"brz-css-pngkq\" data-uniq-id=\"bjojc\"><strong>Tel\u00e9fono:<\/strong><span> 575 525 4300<\/span><\/p>\n<p class=\"brz-css-asaef\" data-generated-css=\"brz-css-zgpqj\" data-uniq-id=\"inwbw\"><\/p>\n<p class=\"brz-css-xwqhl\" data-generated-css=\"brz-css-pyvgt\" data-uniq-id=\"irxso\"><strong>Bottomless Lakes State Park<\/strong><\/p>\n<p class=\"brz-css-dyfqh\" data-generated-css=\"brz-css-sohvq\" data-uniq-id=\"xzijo\"><span>Fue fundado en 1933, se encuentra en las cercan\u00edas de r\u00edo Pecos tiene un color verde azulado que crea la ilusi\u00f3n de profundidad.Cuenta con actividades como kayak, canoas, picnic, observaci\u00f3n de aves entre otras.\u00a0<\/span><\/p>\n<p class=\"brz-css-ruvfc\" data-generated-css=\"brz-css-vjtbo\" data-uniq-id=\"htrcn\"><strong>Direcci\u00f3n:<\/strong><span> 545A Bottomless Lakes Rd, Roswell, NM 88201, Estados Unidos<\/span><\/p>\n<p class=\"brz-css-gpvkp\" data-generated-css=\"brz-css-sqhnh\" data-uniq-id=\"ajeok\"><strong>Horario:<\/strong><span>\u00a0De lunes a domingo de 6:00 a 21:00 hrs.<\/span><\/p>\n<p class=\"brz-css-tsyhk\" data-generated-css=\"brz-css-yywor\" data-uniq-id=\"plcye\"><strong>Tel\u00e9fono:<\/strong><span> 575 988 3638<\/span><\/p>\n<\/div>\n<\/div>\n<\/div>\n<\/div>\n<\/div>\n<\/div>\n<\/div>\n<\/div>\n<\/div>\n<\/section>\n<section data-uid=\"rveuamtmysvwswawebijahrjxkuxjvxlxelg\" id=\"rveuamtmysvwswawebijahrjxkuxjvxlxelg\" class=\"brz-section brz-css-hbisu brz-css-xdoij\">\n<div class=\"brz-section__content brz-section--boxed brz-css-tycom brz-css-unbiz\" data-custom-id=\"jevxzucvdlfbjclqnoxdfdxufrptolgfwndq\">\n<div class=\"brz-bg overflow-hidden absolute top-0 left-0 w-full h-full\">\n<div class=\"brz-bg-map absolute top-0 left-0 w-full h-full\"><\/div>\n<\/div>\n<div class=\"brz-container brz-css-xoqor\">\n<div class=\"brz-css-ewmpc brz-wrapper\">\n<div class=\"brz-wp-shortcode brz-css-kocda\" data-custom-id=\"vaumvpxxskcrrqrhzkoxiwldmvtwaubzppkh\">\n<div><div class=\"twer-map-wrapper treweler-map-fw\" ><div class=\"twer-iframe-embed\" style=\"height:500px;\"><iframe loading=\"lazy\" class=\"twer-iframe\" src=\"https:\/\/tlatelolcounam.mx\/caminoreal\/treweler-map\/estado-de-mexico\/?tw=iframe&#038;twer-index=1&#038;twer-map-id=474&#038;twer-height=500px&#038;twer-type=fullwidth&#038;twer-scrollzoom=yes&#038;twer-width\"  frameborder=\"0\" title=\"Treweler Map\"><\/iframe><\/div><\/div><\/div>\n<\/div>\n<\/div>\n<\/div>\n<\/div>\n<\/section>\n<section data-uid=\"qkfzfeoawtxqqyvitadwfdeismrzfhwurmii\" id=\"qkfzfeoawtxqqyvitadwfdeismrzfhwurmii\" class=\"brz-section brz-css-hbisu\">\n<div class=\"brz-section__content brz-section--boxed brz-css-tycom brz-css-onohr\" data-custom-id=\"furozkipdsfzporznemncmrldghyqktjhmgb\">\n<div class=\"brz-bg overflow-hidden absolute top-0 left-0 w-full h-full\">\n<div class=\"brz-bg-image absolute top-0 left-0 w-full h-full bg-no-repeat bg-cover\"><\/div>\n<div class=\"brz-bg-color absolute top-0 left-0 w-full h-full\"><\/div>\n<\/div>\n<div class=\"brz-container brz-css-xoqor\">\n<div class=\"brz-row__container brz-css-yrlzm\" data-custom-id=\"achsreujasksizjbtnmshsdugxsmfrbryrvr\">\n<div class=\"brz-bg overflow-hidden absolute top-0 left-0 w-full h-full\"><\/div>\n<div class=\"brz-row brz-css-oytpe brz-css-tvhfw\">\n<div class=\"brz-columns brz-css-rbtnf brz-css-hlzdn\" data-custom-id=\"zokmicasrntzzshjxniwzjkuppixtkmaqdzz\">\n<div class=\"brz-bg overflow-hidden absolute top-0 left-0 w-full h-full\"><\/div>\n<div class=\"brz-column__items brz-css-qsovj brz-css-lniaw\">\n<div class=\"brz-css-ewmpc brz-css-ujqqt brz-wrapper\">\n<div class=\"brz-image brz-css-vldlw\"><img decoding=\"async\" class=\"brz-img\" src=\"https:\/\/tlatelolcounam.mx\/caminoreal\/wp-content\/uploads\/brizy\/imgs\/logo-1-293x101x0x1x293x100x1642108354.png\" alt=\"\" loading=\"lazy\" \/><\/div>\n<\/div>\n<div class=\"brz-css-ewmpc brz-css-pdnmb brz-wrapper\">\n<div class=\"brz-spacer brz-css-ikrej brz-css-ulpvs\"><\/div>\n<\/div>\n<div class=\"brz-css-ewmpc brz-wrapper\">\n<div class=\"brz-rich-text brz-rich-text__custom brz-css-pzdrv\" data-custom-id=\"kywuxuscztrrhlidoxrxnbhrmlsoucwdrdvp\">\n<div>\n<p class=\"brz-css-vaycv\" data-uniq-id=\"euomf\" data-generated-css=\"brz-css-qlfmh\"><span>Ricardo Flores Mag\u00f3n 1. <\/span><\/p>\n<p class=\"brz-css-blnyx\" data-uniq-id=\"fkrdx\" data-generated-css=\"brz-css-lepkg\"><span>Col. Nonoalco-Tlatelolco C.P. 06995. <\/span><\/p>\n<p class=\"brz-css-svirw\" data-uniq-id=\"gutxj\" data-generated-css=\"brz-css-zxvpu\"><span>ccutlatelolco@gmail.com<\/span><\/p>\n<p class=\"brz-css-rugtv\" data-generated-css=\"brz-css-fwbyw\" data-uniq-id=\"yzdzu\"><span>5117 2818 ext. 49613<\/span><\/p>\n<\/div>\n<\/div>\n<\/div>\n<\/div>\n<\/div>\n<div class=\"brz-columns brz-css-rbtnf brz-css-iqnqa\" data-custom-id=\"ueceosewmvdlocaoiccxqzaqsdrbhugdlqwp\">\n<div class=\"brz-bg overflow-hidden absolute top-0 left-0 w-full h-full\"><\/div>\n<div class=\"brz-column__items brz-css-qsovj\">\n<div class=\"brz-css-ewmpc brz-wrapper\">\n<div class=\"brz-rich-text brz-rich-text__custom brz-css-pzdrv\" data-custom-id=\"yieydbdefqqzosmqedrukrhhuflrrnwhnfme\">\n<div>\n<p class=\"brz-css-yedva\" data-uniq-id=\"pdybz\" data-generated-css=\"brz-css-custc\"><span>M\u00e1s sobre el CCUT<\/span><\/p>\n<\/div>\n<\/div>\n<\/div>\n<div class=\"brz-css-ewmpc brz-css-pdnmb brz-wrapper\">\n<div class=\"brz-spacer brz-css-ikrej brz-css-rmhgu\"><\/div>\n<\/div>\n<div class=\"brz-css-ewmpc brz-wrapper\">\n<div class=\"brz-rich-text brz-rich-text__custom brz-css-pzdrv\" data-custom-id=\"ynfeweewrtxixsrhnduzblhwsykqywcbwrbd\">\n<div>\n<p class=\"brz-css-qzvtp\" data-uniq-id=\"frwjr\" data-generated-css=\"brz-css-laqsj\"><span>Seminario <\/span><\/p>\n<p class=\"brz-css-dbmen\" data-uniq-id=\"vnkoo\" data-generated-css=\"brz-css-dmrvc\"><span>Memorias<\/span><\/p>\n<p class=\"brz-css-sknuu\" data-uniq-id=\"dcvrt\" data-generated-css=\"brz-css-bwatq\"><span>Resistencias<\/span><\/p>\n<p class=\"brz-css-jgtkz\" data-generated-css=\"brz-css-vpotn\" data-uniq-id=\"xkgby\"><span>Comunidades<\/span><\/p>\n<\/div>\n<\/div>\n<\/div>\n<div class=\"brz-css-ewmpc brz-wrapper\">\n<div class=\"brz-rich-text brz-rich-text__custom brz-css-pzdrv\" data-custom-id=\"imzwziqzkzgaummubqbkvghlpqnmykoyscdr\">\n<div>\n<p class=\"brz-css-jqakk\" data-uniq-id=\"icvhm\" data-generated-css=\"brz-css-gzhjx\"><\/p>\n<\/div>\n<\/div>\n<\/div>\n<\/div>\n<\/div>\n<div class=\"brz-columns brz-css-rbtnf brz-css-sufst\" data-custom-id=\"vweavhhwtywjlvwtobzunrtkfybgszsfwmoi\">\n<div class=\"brz-bg overflow-hidden absolute top-0 left-0 w-full h-full\"><\/div>\n<div class=\"brz-column__items brz-css-qsovj\">\n<div class=\"brz-css-ewmpc brz-wrapper\">\n<div class=\"brz-rich-text brz-rich-text__custom brz-css-pzdrv\" data-custom-id=\"yuqipqqugxqfpjpkfcexpwembqsekzhvzpjf\">\n<div>\n<p class=\"brz-css-ixkxt\" data-uniq-id=\"wbckk\" data-generated-css=\"brz-css-akbyj\"><span class=\"brz-cp-color8\">S\u00edguenos<\/span><\/p>\n<\/div>\n<\/div>\n<\/div>\n<div class=\"brz-css-ewmpc brz-css-pdnmb brz-wrapper\">\n<div class=\"brz-spacer brz-css-ikrej brz-css-qziyq\"><\/div>\n<\/div>\n<div class=\"brz-css-ewmpc brz-css-oyfwn brz-wrapper\">\n<div class=\"brz-icon-text brz-css-rahdc brz-css-gqbyr\" data-custom-id=\"hydbwhzcpvjqiiorwlilgqxqftkxpkwkywsj\">\n<div id class=\"brz-icon__container\" data-custom-id=\"uqxskthsztuwpwwoqfqmhvqdknuvatiyuwqk\"><span class=\"brz-icon brz-span brz-css-rscko brz-css-adcka\"><\/span><\/div>\n<div class=\"brz-text-btn\">\n<div class=\"brz-rich-text brz-rich-text__custom brz-css-pzdrv\" data-custom-id=\"bgkyxrvclbbxxythvkxjtgqxdhzzsnwwrkmq\">\n<div>\n<p class=\"brz-css-wmqrp\"><span>Twitter<\/span><\/p>\n<\/div>\n<\/div>\n<\/div>\n<\/div>\n<\/div>\n<div class=\"brz-css-ewmpc brz-css-yaiqu brz-wrapper\">\n<div class=\"brz-icon-text brz-css-rahdc brz-css-keahg\" data-custom-id=\"jabsrjtzzoxfchshzqqtimtttlnkjsnwskkq\">\n<div id class=\"brz-icon__container\" data-custom-id=\"cdxdzmlnscinzsmwffqlxwmqhplmzbhprxza\"><span class=\"brz-icon brz-span brz-css-rscko brz-css-qyhli\"><\/span><\/div>\n<div class=\"brz-text-btn\">\n<div class=\"brz-rich-text brz-rich-text__custom brz-css-pzdrv\" data-custom-id=\"txxspklpmzyaxsjzabzltuhbhneozicfdhup\">\n<div>\n<p class=\"brz-css-npezs\"><span>Facebook<\/span><\/p>\n<\/div>\n<\/div>\n<\/div>\n<\/div>\n<\/div>\n<div class=\"brz-css-ewmpc brz-wrapper\">\n<div class=\"brz-icon-text brz-css-rahdc brz-css-ttiuw\" data-custom-id=\"evbxwngmaedzgcjttyjbxbrqilvezuyjizmm\">\n<div id class=\"brz-icon__container\" data-custom-id=\"gburckwvhlgdxkgngoywxugovxipiwturtcd\"><span class=\"brz-icon brz-span brz-css-rscko brz-css-efpal\"><\/span><\/div>\n<div class=\"brz-text-btn\">\n<div class=\"brz-rich-text brz-rich-text__custom brz-css-pzdrv\" data-custom-id=\"cxbjqcvvcsyicwjnumpamepblkgqnskdfjka\">\n<div>\n<p class=\"brz-css-wiwzc\"><span>Youtube<\/span><\/p>\n<\/div>\n<\/div>\n<\/div>\n<\/div>\n<\/div>\n<\/div>\n<\/div>\n<\/div>\n<\/div>\n<div class=\"brz-css-ewmpc brz-wrapper\">\n<div class=\"brz-image brz-css-walok\"><img decoding=\"async\" class=\"brz-img\" src=\"https:\/\/tlatelolcounam.mx\/caminoreal\/wp-content\/uploads\/brizy\/imgs\/escudo-firma-176x88x0x0x176x88x1642108760.png\" alt=\"\" loading=\"lazy\" \/><\/div>\n<\/div>\n<div class=\"brz-css-ewmpc brz-css-jyuuf brz-wrapper\">\n<div class=\"brz-line brz-line-default brz-css-twasm brz-css-yojxz\" data-custom-id=\"wguunchwyulhdtykgwtenhecrqcyxgzhcexc\">\n<hr class=\"brz-hr\" \/><\/div>\n<\/div>\n<div class=\"brz-css-ewmpc brz-wrapper\">\n<div class=\"brz-rich-text brz-rich-text__custom brz-css-pzdrv\" data-custom-id=\"ltuintpcpfoaywaqxegggkzizlpptgxtiful\">\n<div>\n<p class=\"brz-css-bmcqi\" data-uniq-id=\"yqtzc\" data-generated-css=\"brz-css-kwjoz\"><span>Esta p\u00e1gina y el contenido de la misma se encuentran protegidos por propiedad intelectual, confidencialidad entre las partes, as\u00ed como por normativa general y universitaria vigente de Transparencia, Acceso a la Informaci\u00f3n P\u00fablica y Protecci\u00f3n de Datos Personales. UNAM-CCUT.<\/span><\/p>\n<\/div>\n<\/div>\n<\/div>\n<\/div>\n<\/div>\n<\/section>\n<\/div>\n<p><!-- version:1673311737 --><\/p>\n","protected":false},"excerpt":{"rendered":"<p>Inicio Estados Historia NUEVO M\u00c9XICO Naturaleza y aventura Nuevo M\u00e9xico es un lugar con hermosos paisajes y bellezas naturales como La Ventana Arch, la monta\u00f1a de Sangre de Cristo, los Valles Caldera, el m\u00e1s grande sistema de dunas de yeso White Sands y las cavernas de Carlsbad que tiene hermosas formaciones de estalactitas y es [&hellip;]<\/p>\n","protected":false},"author":3,"featured_media":0,"parent":1088,"menu_order":0,"comment_status":"closed","ping_status":"closed","template":"brizy-blank-template.php","meta":{"footnotes":""},"class_list":["post-8146","page","type-page","status-publish","hentry"],"_links":{"self":[{"href":"https:\/\/tlatelolcounam.mx\/caminoreal\/wp-json\/wp\/v2\/pages\/8146","targetHints":{"allow":["GET"]}}],"collection":[{"href":"https:\/\/tlatelolcounam.mx\/caminoreal\/wp-json\/wp\/v2\/pages"}],"about":[{"href":"https:\/\/tlatelolcounam.mx\/caminoreal\/wp-json\/wp\/v2\/types\/page"}],"author":[{"embeddable":true,"href":"https:\/\/tlatelolcounam.mx\/caminoreal\/wp-json\/wp\/v2\/users\/3"}],"replies":[{"embeddable":true,"href":"https:\/\/tlatelolcounam.mx\/caminoreal\/wp-json\/wp\/v2\/comments?post=8146"}],"version-history":[{"count":23,"href":"https:\/\/tlatelolcounam.mx\/caminoreal\/wp-json\/wp\/v2\/pages\/8146\/revisions"}],"predecessor-version":[{"id":41892,"href":"https:\/\/tlatelolcounam.mx\/caminoreal\/wp-json\/wp\/v2\/pages\/8146\/revisions\/41892"}],"up":[{"embeddable":true,"href":"https:\/\/tlatelolcounam.mx\/caminoreal\/wp-json\/wp\/v2\/pages\/1088"}],"wp:attachment":[{"href":"https:\/\/tlatelolcounam.mx\/caminoreal\/wp-json\/wp\/v2\/media?parent=8146"}],"curies":[{"name":"wp","href":"https:\/\/api.w.org\/{rel}","templated":true}]}}