{"id":3235,"date":"2022-05-02T12:44:07","date_gmt":"2022-05-02T12:44:07","guid":{"rendered":"https:\/\/tlatelolcounam.mx\/caminoreal\/?page_id=3235"},"modified":"2025-08-11T12:24:35","modified_gmt":"2025-08-11T12:24:35","slug":"hidalgo-transporte","status":"publish","type":"page","link":"https:\/\/tlatelolcounam.mx\/caminoreal\/hidalgo\/hidalgo-transporte\/","title":{"rendered":"HIdalgo Transporte"},"content":{"rendered":"<div class=\"brz-root__container brz-reset-all\">\n<section data-uid=\"dokjzmexqunazctbloammypxiyzspbnjdvyj\" id=\"dokjzmexqunazctbloammypxiyzspbnjdvyj\" class=\"brz-section brz-css-oubit\">\n<div class=\"brz-section__content brz-section--fullWidth brz-css-thsgu brz-css-xzhpt\" data-custom-id=\"ofodesxequsppebghdddegirgebmibqoghuq\">\n<div class=\"brz-container brz-css-gnnfh brz-css-axrsp\">\n<div class=\"brz-row__container brz-css-ivrls\" data-custom-id=\"chdejypmexhmjyylzdtaywlksgimhwaaynow\">\n<div class=\"brz-bg overflow-hidden absolute top-0 left-0 w-full h-full\"><\/div>\n<div class=\"brz-row brz-css-pccdo brz-css-gwyqw\">\n<div class=\"brz-columns brz-css-bueql brz-css-gezwz\" data-custom-id=\"nnfjqjwaginnkvovilgcxlyvucmjcrlvjkpz\">\n<div class=\"brz-bg overflow-hidden absolute top-0 left-0 w-full h-full\"><\/div>\n<div class=\"brz-column__items brz-css-dqhuo\">\n<div class=\"brz-css-puzlq brz-css-eprkf brz-wrapper\">\n<div class=\"brz-image brz-css-yjwxk brz-css-qmiql\"><img decoding=\"async\" class=\"brz-img\" src=\"https:\/\/tlatelolcounam.mx\/caminoreal\/wp-content\/uploads\/2022\/01\/logo.png\" alt=\"\" loading=\"lazy\" \/><\/div>\n<\/div>\n<\/div>\n<\/div>\n<div class=\"brz-columns brz-css-bueql brz-css-iyxsy\" data-custom-id=\"iwuukhtqfxcnufzfpwctdpmuoxbbbxbhuqcf\">\n<div class=\"brz-bg overflow-hidden absolute top-0 left-0 w-full h-full\"><\/div>\n<div class=\"brz-column__items brz-css-dqhuo\">\n<div class=\"brz-css-puzlq brz-wrapper\">\n<div class=\"brz-menu__container brz-css-hrskg\" data-mmenu-id=\"#pcfljadezttwhyfdvferyzqkjiiflxpgkpal\" data-mmenu-position=\"position-left\" data-mmenu-title=\"Menu\" data-mmenu-stickytitle=\"on\" data-custom-id=\"jpwatmpzyjwrpvgjcxfukctofiqvlphawmjb\">\n<nav class=\"brz-menu brz-menu__preview brz-css-kjxsz\">\n<ul class=\"brz-menu__ul\" data-menu-items-active=\"\">\n<li class=\"brz-menu__item\" data-menu-item-id=\"a45e250d979c9b3c26fe6917797cc038\"><a class=\"brz-a menu-item menu-item-type-post_type menu-item-object-page menu-item-home\" href=\"https:\/\/tlatelolcounam.mx\/caminoreal\/\" data-brz-link-type=\"external\" id><span class=\"brz-span\">Inicio<\/span><\/a><\/li>\n<li class=\"brz-menu__item brz-menu__item-dropdown\" data-menu-item-id=\"ba4a85012b5365c17cdf357587076276\"><a class=\"brz-a brz-anchor menu-item menu-item-type-custom menu-item-object-custom\" href=\"#\" data-brz-link-type=\"anchor\" id><span class=\"brz-span\">Estados<\/span><\/a><\/li>\n<li class=\"brz-menu__item\" data-menu-item-id=\"d3c0c655631b120767a40bd0aed90e47\"><a class=\"brz-a menu-item menu-item-type-post_type menu-item-object-page\" href=\"https:\/\/tlatelolcounam.mx\/caminoreal\/historia\/\" data-brz-link-type=\"external\" id><span class=\"brz-span\">Historia<\/span><\/a><\/li>\n<\/ul>\n<\/nav>\n<div class=\"brz-mm-menu__icon\">\n<\/div>\n<\/div>\n<\/div>\n<\/div>\n<\/div>\n<\/div>\n<\/div>\n<div class=\"brz-row__container brz-css-ivrls\" data-custom-id=\"utyrubatiicuodtfdrsdwpqylqelgarpuuon\">\n<div class=\"brz-bg overflow-hidden absolute top-0 left-0 w-full h-full\"><\/div>\n<div class=\"brz-row brz-css-pccdo brz-css-gwyqw\">\n<div class=\"brz-columns brz-css-bueql brz-css-kfmej\" data-custom-id=\"bwhvzqizgbjedpjcxsmqwrqrinyzgjbgspsj\">\n<div class=\"brz-bg overflow-hidden absolute top-0 left-0 w-full h-full\">\n<div class=\"brz-bg-image absolute top-0 left-0 w-full h-full bg-no-repeat bg-cover\"><\/div>\n<div class=\"brz-bg-color absolute top-0 left-0 w-full h-full\"><\/div>\n<\/div>\n<div class=\"brz-column__items brz-css-dqhuo brz-css-pxrzg\">\n<div class=\"brz-css-puzlq brz-wrapper\">\n<div class=\"brz-rich-text brz-rich-text__custom brz-css-ljnbp\" data-custom-id=\"kbtlxtlajuzyhxrrzyhshqlfsciyhmkwfnxe\">\n<div>\n<p class=\"brz-css-hqmql\" data-uniq-id=\"ntdpw\" data-generated-css=\"brz-css-ccmhc\"><strong>HIDALGO<\/strong><\/p>\n<\/div>\n<\/div>\n<\/div>\n<div class=\"brz-css-puzlq brz-wrapper\">\n<div class=\"brz-rich-text brz-rich-text__custom brz-css-ljnbp\" data-custom-id=\"tcergpogjmwhumerzbbqafigbdbulaojtpyx\">\n<div>\n<p class=\"brz-css-tjycj\" data-generated-css=\"brz-css-icoxt\" data-uniq-id=\"pjghc\"><\/p>\n<\/div>\n<\/div>\n<\/div>\n<div class=\"brz-css-puzlq brz-wrapper\">\n<div class=\"brz-rich-text brz-rich-text__custom brz-css-ljnbp\" data-custom-id=\"xbxuldyrnyhtniylyjxdmmowedzksedlhgay\">\n<div>\n<p class=\"brz-css-brhgh\" data-generated-css=\"brz-css-sypvz\" data-uniq-id=\"xyrmf\"><\/p>\n<\/div>\n<\/div>\n<\/div>\n<div class=\"brz-css-puzlq brz-wrapper\">\n<div class=\"brz-rich-text brz-rich-text__custom brz-css-ljnbp\" data-custom-id=\"qllkbpchvcdlgeckeprfxlpldfrujgscczuz\">\n<div>\n<p class=\"brz-css-lmqph\" data-uniq-id=\"kmxgx\" data-generated-css=\"brz-css-xznke\"><strong>Transporte<\/strong><\/p>\n<\/div>\n<\/div>\n<\/div>\n<\/div>\n<\/div>\n<\/div>\n<\/div>\n<\/div>\n<\/div>\n<\/section>\n<section data-uid=\"vkkdmiywdorcuowqdwgtdcgpjevosqiqxbqd\" id=\"vkkdmiywdorcuowqdwgtdcgpjevosqiqxbqd\" class=\"brz-section brz-css-oubit\">\n<div class=\"brz-section__content brz-section--boxed brz-css-thsgu brz-css-sapnd\" data-custom-id=\"tmgrfkcjjliasesblgtfjhoqvkheinubntyp\">\n<div class=\"brz-container brz-css-gnnfh brz-css-ajvke\">\n<div class=\"brz-row__container brz-css-ivrls brz-css-aiejx\" data-custom-id=\"gzlgajiyfttcybycbsyxjlfsqcygrvwauoch\">\n<div class=\"brz-bg overflow-hidden absolute top-0 left-0 w-full h-full\"><\/div>\n<div class=\"brz-row brz-css-pccdo brz-css-gwyqw\">\n<div class=\"brz-columns brz-css-bueql brz-css-zrusc\" data-custom-id=\"trodzlkflatsxujkfexaatitoryhckyjdufn\">\n<div class=\"brz-bg overflow-hidden absolute top-0 left-0 w-full h-full\"><\/div>\n<div class=\"brz-column__items brz-css-dqhuo brz-css-mabgs\">\n<div class=\"brz-css-puzlq brz-css-enhem brz-wrapper\">\n<div class=\"brz-rich-text brz-rich-text__custom brz-css-ljnbp\" data-custom-id=\"qpytycenfhsetjjiyzdhwpbgrtoibnllzdkj\">\n<div>\n<h2 class=\"brz-css-gmgxp\" data-uniq-id=\"xehgq\" data-generated-css=\"brz-css-sqmya\"><span style=\"background-color: transparent\">Gran parte del estado de Hidalgo se encuentra enclavado en la Sierra Madre Oriental, lo que hace que tenga un alto grado de comunidades aisladas y de dif\u00edcil acceso. Las principales terminales de autobuses son las de Pachuca, Tulancingo, Tula y Actopan, adem\u00e1s cuenta con un aeropuerto nacional para vuelos privados y con diversas opciones de transporte p\u00fablico entre los que destaca el sistema de Tuzob\u00fas.<\/span><\/h2>\n<\/div>\n<\/div>\n<\/div>\n<\/div>\n<\/div>\n<\/div>\n<\/div>\n<div class=\"brz-css-puzlq brz-wrapper\">\n<div class=\"brz-line brz-line-default brz-css-uaioc brz-css-kvkha\" data-custom-id=\"vxlmzpzhiqesinjtklbyrtycwsmvrwyprrvy\">\n<hr class=\"brz-hr\" \/><\/div>\n<\/div>\n<div class=\"brz-row__container brz-css-ivrls\" data-custom-id=\"pxduhuvlsmlbvyoiuvgnepxymvbvboqoxboq\">\n<div class=\"brz-bg overflow-hidden absolute top-0 left-0 w-full h-full\"><\/div>\n<div class=\"brz-row brz-css-pccdo brz-css-gwyqw\">\n<div class=\"brz-columns brz-css-bueql brz-css-ydrvm\" data-custom-id=\"szdimjmmscpnmhbbxtqfdqxfipodflnavhyc\">\n<div class=\"brz-bg overflow-hidden absolute top-0 left-0 w-full h-full\"><\/div>\n<div class=\"brz-column__items brz-css-dqhuo brz-css-lpgit\">\n<div class=\"brz-css-puzlq brz-css-onhqh brz-wrapper\">\n<div class=\"brz-rich-text brz-rich-text__custom brz-css-ljnbp\" data-custom-id=\"uvgszqewclrgtxqypkdmgzxppviqvrbslgue\">\n<div>\n<p class=\"brz-css-jzojb\" data-generated-css=\"brz-css-tutwk\" data-uniq-id=\"saszu\"><strong style=\"background-color: transparent\">Aeropuerto Nacional Ingeniero Juan Guillermo Villasana<\/strong><\/p>\n<p class=\"brz-css-alelp\" data-generated-css=\"brz-css-cksyf\" data-uniq-id=\"suzcu\"><span style=\"background-color: transparent\">Se ocupa del tr\u00e1fico a\u00e9reo local y nacional de Pachuca; debido a su reducido tama\u00f1o, no opera vuelos comerciales. Cuenta con servicios de escuela de aviaci\u00f3n. <\/span><\/p>\n<p class=\"brz-css-gfcfv\" data-generated-css=\"brz-css-rxiyd\" data-uniq-id=\"wuolw\"><strong style=\"background-color: transparent\">Direcci\u00f3n: <\/strong><span style=\"background-color: transparent\">Boulevard Felipe \u00c1ngeles Km 87.5, Aeropuerto Estatal, 42080 Pachuca de Soto, Hidalgo. <\/span><\/p>\n<p class=\"brz-css-jcgqu\" data-generated-css=\"brz-css-wsnyf\" data-uniq-id=\"bkegh\"><strong style=\"background-color: transparent\">Tel\u00e9fono: <\/strong><span style=\"background-color: transparent\">771 711 3299<\/span><\/p>\n<p class=\"brz-css-uemyb\" data-generated-css=\"brz-css-zvmxc\" data-uniq-id=\"aqodv\"><span style=\"background-color: transparent\"> <\/span><\/p>\n<p class=\"brz-css-klmud\" data-generated-css=\"brz-css-ytrgd\" data-uniq-id=\"svjol\"><strong style=\"background-color: transparent\">Central de autobuses de Pachuca \u201cCarlos Mart\u00ednez Balmori\u201d<\/strong><\/p>\n<p class=\"brz-css-gplxu\" data-generated-css=\"brz-css-kheiz\" data-uniq-id=\"yuzmp\"><span style=\"background-color: transparent\">En esta terminal, diversas empresas de autobuses brindan servicio local y for\u00e1neo.<\/span><strong style=\"background-color: transparent\"> <\/strong><\/p>\n<p class=\"brz-css-enqfx\" data-generated-css=\"brz-css-wlnwm\" data-uniq-id=\"kvwwg\"><strong style=\"background-color: transparent\">Direcci\u00f3n: <\/strong><span style=\"background-color: transparent\">Boulevard Javier Rojo G\u00f3mez s\/n, 42064 Pachuca de Soto, Hida\u200b\u200blgo. <\/span><\/p>\n<p class=\"brz-css-fmaoh\" data-generated-css=\"brz-css-tkxsq\" data-uniq-id=\"apvtl\"><strong style=\"background-color: transparent\">Tel\u00e9fono:<\/strong><span style=\"background-color: transparent\"> 771 713 3594<\/span><\/p>\n<p class=\"brz-css-bjnvk\" data-generated-css=\"brz-css-fgkre\" data-uniq-id=\"guwyz\"><strong style=\"background-color: transparent\"> <\/strong><\/p>\n<p class=\"brz-css-fuvql\" data-generated-css=\"brz-css-yflea\" data-uniq-id=\"dzgnl\"><strong style=\"background-color: transparent\">Tuzob\u00fas<\/strong><\/p>\n<p class=\"brz-css-ldtpg\" data-generated-css=\"brz-css-ifgeo\" data-uniq-id=\"oyrfd\"><span style=\"background-color: transparent\">Es un sistema de autob\u00fas de tr\u00e1nsito r\u00e1pido en la ciudad de Pachuca de Soto y su zona metropolitana en el estado de Hidalgo. <\/span><\/p>\n<p class=\"brz-css-rtahz\" data-generated-css=\"brz-css-sezga\" data-uniq-id=\"sctfs\"><strong style=\"background-color: transparent\">Sitio web: <\/strong><span style=\"background-color: transparent\">http:\/\/servicios.hidalgo.gob.mx\/tuzobusv1\/wpglobalmapaapaga.aspx<\/span><\/p>\n<p class=\"brz-css-yzcbv\" data-generated-css=\"brz-css-rdwnu\" data-uniq-id=\"itnqy\"><span style=\"background-color: transparent\"> <\/span><\/p>\n<p class=\"brz-css-irlwt\" data-generated-css=\"brz-css-rnfkg\" data-uniq-id=\"dagls\"><strong style=\"background-color: transparent\">Central de autobuses de Tulancingo<\/strong><\/p>\n<p class=\"brz-css-iwkip\" data-generated-css=\"brz-css-lrnkp\" data-uniq-id=\"vufmw\"><strong style=\"background-color: transparent\">Direcci\u00f3n: <\/strong><span style=\"background-color: transparent\">Carretera M\u00e9xico Tuxpan, Nuevo Tulancingo, 43612 Tulancingo de Bravo, Hidalgo. <\/span><\/p>\n<p class=\"brz-css-wldak\" data-generated-css=\"brz-css-cmwkn\" data-uniq-id=\"yorxy\"><strong style=\"background-color: transparent\">Tel\u00e9fono: <\/strong><span style=\"background-color: transparent\">775 753 3877<\/span><\/p>\n<p class=\"brz-css-ukzwp\" data-generated-css=\"brz-css-psqpw\" data-uniq-id=\"becll\"><span style=\"background-color: transparent\"> <\/span><\/p>\n<p class=\"brz-css-czixt\" data-generated-css=\"brz-css-rztta\" data-uniq-id=\"ymqfr\"><strong style=\"background-color: transparent\">Central de autobuses de Tula<\/strong><\/p>\n<p class=\"brz-css-eutpq\" data-generated-css=\"brz-css-onhdn\" data-uniq-id=\"omjgz\"><strong style=\"background-color: transparent\">Direcci\u00f3n: <\/strong><span style=\"background-color: transparent\">Xicot\u00e9ncatl 14, Centro, 42800 Tula de Allende, Hidalgo.<\/span><strong style=\"background-color: transparent\"> <\/strong><\/p>\n<p class=\"brz-css-wpcse\" data-generated-css=\"brz-css-wvjso\" data-uniq-id=\"vffbj\"><strong style=\"background-color: transparent\">Tel\u00e9fono: <\/strong><span style=\"background-color: transparent\">773 116 3938<\/span><\/p>\n<p class=\"brz-css-gwjjx\" data-generated-css=\"brz-css-olewi\" data-uniq-id=\"avoyb\"><span style=\"background-color: transparent\"> <\/span><\/p>\n<p class=\"brz-css-qpsqo\" data-generated-css=\"brz-css-asuta\" data-uniq-id=\"sdmnx\"><strong style=\"background-color: transparent\">Central de autobuses de Actopan<\/strong><\/p>\n<p class=\"brz-css-yguci\" data-generated-css=\"brz-css-qmzpa\" data-uniq-id=\"xwhsk\"><strong style=\"background-color: transparent\">Direcci\u00f3n: <\/strong><span style=\"background-color: transparent\">Efr\u00e9n Rebolledo, 42510 Actopan, Hidalgo.<\/span><strong style=\"background-color: transparent\"> <\/strong><\/p>\n<p class=\"brz-css-ftpkf\" data-generated-css=\"brz-css-ugelv\" data-uniq-id=\"zendw\"><strong style=\"background-color: transparent\">Tel\u00e9fono: <\/strong><span style=\"background-color: transparent\">772 727 0930<\/span><\/p>\n<p class=\"brz-css-bqsyt\" data-generated-css=\"brz-css-gytyu\" data-uniq-id=\"xgsof\"><span style=\"background-color: transparent\"> <\/span><\/p>\n<p class=\"brz-css-duhoo\" data-generated-css=\"brz-css-jnaxv\" data-uniq-id=\"webmj\"><strong style=\"background-color: transparent\">Central Camionera Tepeji del R\u00edo<\/strong><\/p>\n<p class=\"brz-css-hsyub\" data-generated-css=\"brz-css-zdirj\" data-uniq-id=\"azvvx\"><span style=\"background-color: transparent\">En este municipio existen varios sitios de inter\u00e9s relacionados con el Camino Real de Tierra Adentro. <\/span><\/p>\n<p class=\"brz-css-xnfbz\" data-generated-css=\"brz-css-onydd\" data-uniq-id=\"fzsth\"><strong style=\"background-color: transparent\">Direcci\u00f3n:<\/strong><span style=\"background-color: transparent\"> Revoluci\u00f3n Mexicana 40, San Mateo 1ra, 42853 Tepeji del Rio de Ocampo. <\/span><\/p>\n<p class=\"brz-css-ufkch\" data-generated-css=\"brz-css-uwhwq\" data-uniq-id=\"knzna\"><strong style=\"background-color: transparent\">Horario:<\/strong><span style=\"background-color: transparent\"> De lunes a domingo de 5:00 a 23:00\u00a0hrs.<\/span><\/p>\n<p class=\"brz-css-lfbxm\" data-generated-css=\"brz-css-twtjl\" data-uniq-id=\"wzisc\"><strong style=\"background-color: transparent\">Tel\u00e9fono: <\/strong><span style=\"background-color: transparent\">773 733 0047<\/span><\/p>\n<p class=\"brz-css-sjfsf\" data-generated-css=\"brz-css-ltutm\" data-uniq-id=\"thldy\"><span style=\"background-color: transparent\"> <\/span><\/p>\n<p class=\"brz-css-bybom\" data-generated-css=\"brz-css-cdyff\" data-uniq-id=\"gnbqf\"><strong style=\"background-color: transparent\">Transportes colectivos especiales<\/strong><\/p>\n<p class=\"brz-css-urpoq\" data-generated-css=\"brz-css-jfgfq\" data-uniq-id=\"mfrvd\"><span style=\"background-color: transparent\">Ofrece servicios de transporte p\u00fablico. <\/span><\/p>\n<p class=\"brz-css-ibngg\" data-generated-css=\"brz-css-pvttp\" data-uniq-id=\"zgycm\"><strong style=\"background-color: transparent\">Direcci\u00f3n: <\/strong><span style=\"background-color: transparent\">Av. Melchor Ocampo no. 27, Tepeji del R\u00edo de Ocampo, Hidalgo, 42850. <\/span><\/p>\n<p class=\"brz-css-lpckt\" data-generated-css=\"brz-css-xwqdu\" data-uniq-id=\"lgdph\"><strong style=\"background-color: transparent\">Tel\u00e9fono: <\/strong><span style=\"background-color: transparent\">773 733 3631<\/span><\/p>\n<p class=\"brz-css-fgfbs\" data-generated-css=\"brz-css-nokho\" data-uniq-id=\"yqycv\"><span style=\"background-color: transparent\"> <\/span><\/p>\n<p class=\"brz-css-rwsmr\" data-generated-css=\"brz-css-rnvhs\" data-uniq-id=\"dyxfk\"><strong style=\"background-color: transparent\">Radio Taxi<\/strong><\/p>\n<p class=\"brz-css-klcmh\" data-generated-css=\"brz-css-uedlv\" data-uniq-id=\"frjsg\"><strong style=\"background-color: transparent\">Direcci\u00f3n: <\/strong><span style=\"background-color: transparent\">El Cerrito, Atengo, 42852 Tepeji del Rio de Ocampo, Hidalgo.<\/span><strong style=\"background-color: transparent\"> <\/strong><\/p>\n<p class=\"brz-css-jbgjz\" data-generated-css=\"brz-css-rhqjc\" data-uniq-id=\"rohqi\"><strong style=\"background-color: transparent\">Tel\u00e9fono<\/strong><span style=\"background-color: transparent\">: 773 140 3091<\/span><\/p>\n<\/div>\n<\/div>\n<\/div>\n<\/div>\n<\/div>\n<\/div>\n<\/div>\n<\/div>\n<\/div>\n<\/section>\n<section data-uid=\"rveuamtmysvwswawebijahrjxkuxjvxlxelg\" id=\"rveuamtmysvwswawebijahrjxkuxjvxlxelg\" class=\"brz-section brz-css-oubit brz-css-qzker\">\n<div class=\"brz-section__content brz-section--boxed brz-css-thsgu brz-css-cjgwm\" data-custom-id=\"jevxzucvdlfbjclqnoxdfdxufrptolgfwndq\">\n<div class=\"brz-bg overflow-hidden absolute top-0 left-0 w-full h-full\">\n<div class=\"brz-bg-map absolute top-0 left-0 w-full h-full\"><\/div>\n<\/div>\n<div class=\"brz-container brz-css-gnnfh\">\n<div class=\"brz-css-puzlq brz-wrapper\">\n<div class=\"brz-wp-shortcode brz-css-pfhrm\" data-custom-id=\"vaumvpxxskcrrqrhzkoxiwldmvtwaubzppkh\">\n<div><div class=\"twer-map-wrapper treweler-map-fw\" ><div class=\"twer-iframe-embed\" style=\"height:500px;\"><iframe loading=\"lazy\" class=\"twer-iframe\" src=\"https:\/\/tlatelolcounam.mx\/caminoreal\/treweler-map\/estado-de-mexico\/?tw=iframe&#038;twer-index=1&#038;twer-map-id=474&#038;twer-height=500px&#038;twer-type=fullwidth&#038;twer-scrollzoom=yes&#038;twer-width\"  frameborder=\"0\" title=\"Treweler Map\"><\/iframe><\/div><\/div><\/div>\n<\/div>\n<\/div>\n<\/div>\n<\/div>\n<\/section>\n<section data-uid=\"qkfzfeoawtxqqyvitadwfdeismrzfhwurmii\" id=\"qkfzfeoawtxqqyvitadwfdeismrzfhwurmii\" class=\"brz-section brz-css-oubit\">\n<div class=\"brz-section__content brz-section--boxed brz-css-thsgu brz-css-eoeqe\" data-custom-id=\"furozkipdsfzporznemncmrldghyqktjhmgb\">\n<div class=\"brz-bg overflow-hidden absolute top-0 left-0 w-full h-full\">\n<div class=\"brz-bg-image absolute top-0 left-0 w-full h-full bg-no-repeat bg-cover\"><\/div>\n<div class=\"brz-bg-color absolute top-0 left-0 w-full h-full\"><\/div>\n<\/div>\n<div class=\"brz-container brz-css-gnnfh\">\n<div class=\"brz-row__container brz-css-ivrls\" data-custom-id=\"achsreujasksizjbtnmshsdugxsmfrbryrvr\">\n<div class=\"brz-bg overflow-hidden absolute top-0 left-0 w-full h-full\"><\/div>\n<div class=\"brz-row brz-css-pccdo brz-css-gwyqw\">\n<div class=\"brz-columns brz-css-bueql brz-css-vthns\" data-custom-id=\"zokmicasrntzzshjxniwzjkuppixtkmaqdzz\">\n<div class=\"brz-bg overflow-hidden absolute top-0 left-0 w-full h-full\"><\/div>\n<div class=\"brz-column__items brz-css-dqhuo brz-css-biopy\">\n<div class=\"brz-css-puzlq brz-css-qqafc brz-wrapper\">\n<div class=\"brz-image brz-css-bjxig\"><img decoding=\"async\" class=\"brz-img\" src=\"https:\/\/tlatelolcounam.mx\/caminoreal\/wp-content\/uploads\/brizy\/imgs\/logo-1-293x101x0x1x293x100x1642108354.png\" alt=\"\" loading=\"lazy\" \/><\/div>\n<\/div>\n<div class=\"brz-css-puzlq brz-css-zqsgx brz-wrapper\">\n<div class=\"brz-spacer brz-css-bwtrx brz-css-aqrvs\"><\/div>\n<\/div>\n<div class=\"brz-css-puzlq brz-wrapper\">\n<div class=\"brz-rich-text brz-rich-text__custom brz-css-ljnbp\" data-custom-id=\"kywuxuscztrrhlidoxrxnbhrmlsoucwdrdvp\">\n<div>\n<p class=\"brz-css-cefqa\" data-uniq-id=\"euomf\" data-generated-css=\"brz-css-qlfmh\"><span>Ricardo Flores Mag\u00f3n 1. <\/span><\/p>\n<p class=\"brz-css-rqlzq\" data-uniq-id=\"fkrdx\" data-generated-css=\"brz-css-lepkg\"><span>Col. Nonoalco-Tlatelolco C.P. 06995. <\/span><\/p>\n<p class=\"brz-css-qdpuc\" data-uniq-id=\"gutxj\" data-generated-css=\"brz-css-zxvpu\"><span>ccutlatelolco@gmail.com<\/span><\/p>\n<p class=\"brz-css-ywdhx\" data-generated-css=\"brz-css-fwbyw\" data-uniq-id=\"yzdzu\"><span>5117 2818 ext. 49613<\/span><\/p>\n<\/div>\n<\/div>\n<\/div>\n<\/div>\n<\/div>\n<div class=\"brz-columns brz-css-bueql brz-css-dsawy\" data-custom-id=\"ueceosewmvdlocaoiccxqzaqsdrbhugdlqwp\">\n<div class=\"brz-bg overflow-hidden absolute top-0 left-0 w-full h-full\"><\/div>\n<div class=\"brz-column__items brz-css-dqhuo\">\n<div class=\"brz-css-puzlq brz-wrapper\">\n<div class=\"brz-rich-text brz-rich-text__custom brz-css-ljnbp\" data-custom-id=\"yieydbdefqqzosmqedrukrhhuflrrnwhnfme\">\n<div>\n<p class=\"brz-css-rwcnh\" data-uniq-id=\"pdybz\" data-generated-css=\"brz-css-custc\"><span>M\u00e1s sobre el CCUT<\/span><\/p>\n<\/div>\n<\/div>\n<\/div>\n<div class=\"brz-css-puzlq brz-css-zqsgx brz-wrapper\">\n<div class=\"brz-spacer brz-css-bwtrx brz-css-zfmcj\"><\/div>\n<\/div>\n<div class=\"brz-css-puzlq brz-wrapper\">\n<div class=\"brz-rich-text brz-rich-text__custom brz-css-ljnbp\" data-custom-id=\"ynfeweewrtxixsrhnduzblhwsykqywcbwrbd\">\n<div>\n<p class=\"brz-css-lymlj\" data-uniq-id=\"frwjr\" data-generated-css=\"brz-css-laqsj\"><span>Seminario <\/span><\/p>\n<p class=\"brz-css-bmihw\" data-uniq-id=\"vnkoo\" data-generated-css=\"brz-css-dmrvc\"><span>Memorias<\/span><\/p>\n<p class=\"brz-css-cijle\" data-uniq-id=\"dcvrt\" data-generated-css=\"brz-css-bwatq\"><span>Resistencias<\/span><\/p>\n<p class=\"brz-css-vvydo\" data-generated-css=\"brz-css-vpotn\" data-uniq-id=\"xkgby\"><span>Comunidades<\/span><\/p>\n<\/div>\n<\/div>\n<\/div>\n<div class=\"brz-css-puzlq brz-wrapper\">\n<div class=\"brz-rich-text brz-rich-text__custom brz-css-ljnbp\" data-custom-id=\"imzwziqzkzgaummubqbkvghlpqnmykoyscdr\">\n<div>\n<p class=\"brz-css-txrcz\" data-uniq-id=\"icvhm\" data-generated-css=\"brz-css-gzhjx\"><\/p>\n<\/div>\n<\/div>\n<\/div>\n<\/div>\n<\/div>\n<div class=\"brz-columns brz-css-bueql brz-css-bvswp\" data-custom-id=\"vweavhhwtywjlvwtobzunrtkfybgszsfwmoi\">\n<div class=\"brz-bg overflow-hidden absolute top-0 left-0 w-full h-full\"><\/div>\n<div class=\"brz-column__items brz-css-dqhuo\">\n<div class=\"brz-css-puzlq brz-wrapper\">\n<div class=\"brz-rich-text brz-rich-text__custom brz-css-ljnbp\" data-custom-id=\"yuqipqqugxqfpjpkfcexpwembqsekzhvzpjf\">\n<div>\n<p class=\"brz-css-hajda\" data-uniq-id=\"wbckk\" data-generated-css=\"brz-css-akbyj\"><span class=\"brz-cp-color8\">S\u00edguenos<\/span><\/p>\n<\/div>\n<\/div>\n<\/div>\n<div class=\"brz-css-puzlq brz-css-zqsgx brz-wrapper\">\n<div class=\"brz-spacer brz-css-bwtrx brz-css-pgdzx\"><\/div>\n<\/div>\n<div class=\"brz-css-puzlq brz-css-wyfne brz-wrapper\">\n<div class=\"brz-icon-text brz-css-sfhps brz-css-hkiaj\" data-custom-id=\"hydbwhzcpvjqiiorwlilgqxqftkxpkwkywsj\">\n<div id class=\"brz-icon__container\" data-custom-id=\"uqxskthsztuwpwwoqfqmhvqdknuvatiyuwqk\"><span class=\"brz-icon brz-span brz-css-unbkq brz-css-ccjas\"><\/span><\/div>\n<div class=\"brz-text-btn\">\n<div class=\"brz-rich-text brz-rich-text__custom brz-css-ljnbp\" data-custom-id=\"bgkyxrvclbbxxythvkxjtgqxdhzzsnwwrkmq\">\n<div>\n<p class=\"brz-css-bhlda\"><span>Twitter<\/span><\/p>\n<\/div>\n<\/div>\n<\/div>\n<\/div>\n<\/div>\n<div class=\"brz-css-puzlq brz-css-maqtz brz-wrapper\">\n<div class=\"brz-icon-text brz-css-sfhps brz-css-rbnnf\" data-custom-id=\"jabsrjtzzoxfchshzqqtimtttlnkjsnwskkq\">\n<div id class=\"brz-icon__container\" data-custom-id=\"cdxdzmlnscinzsmwffqlxwmqhplmzbhprxza\"><span class=\"brz-icon brz-span brz-css-unbkq brz-css-zqssh\"><\/span><\/div>\n<div class=\"brz-text-btn\">\n<div class=\"brz-rich-text brz-rich-text__custom brz-css-ljnbp\" data-custom-id=\"txxspklpmzyaxsjzabzltuhbhneozicfdhup\">\n<div>\n<p class=\"brz-css-xttqy\"><span>Facebook<\/span><\/p>\n<\/div>\n<\/div>\n<\/div>\n<\/div>\n<\/div>\n<div class=\"brz-css-puzlq brz-wrapper\">\n<div class=\"brz-icon-text brz-css-sfhps brz-css-zteem\" data-custom-id=\"evbxwngmaedzgcjttyjbxbrqilvezuyjizmm\">\n<div id class=\"brz-icon__container\" data-custom-id=\"gburckwvhlgdxkgngoywxugovxipiwturtcd\"><span class=\"brz-icon brz-span brz-css-unbkq brz-css-gpahd\"><\/span><\/div>\n<div class=\"brz-text-btn\">\n<div class=\"brz-rich-text brz-rich-text__custom brz-css-ljnbp\" data-custom-id=\"cxbjqcvvcsyicwjnumpamepblkgqnskdfjka\">\n<div>\n<p class=\"brz-css-wimip\"><span>Youtube<\/span><\/p>\n<\/div>\n<\/div>\n<\/div>\n<\/div>\n<\/div>\n<\/div>\n<\/div>\n<\/div>\n<\/div>\n<div class=\"brz-css-puzlq brz-wrapper\">\n<div class=\"brz-image brz-css-nwsnv\"><img decoding=\"async\" class=\"brz-img\" src=\"https:\/\/tlatelolcounam.mx\/caminoreal\/wp-content\/uploads\/brizy\/imgs\/escudo-firma-176x88x0x0x176x88x1642108760.png\" alt=\"\" loading=\"lazy\" \/><\/div>\n<\/div>\n<div class=\"brz-css-puzlq brz-css-igmpl brz-wrapper\">\n<div class=\"brz-line brz-line-default brz-css-uaioc brz-css-osklg\" data-custom-id=\"wguunchwyulhdtykgwtenhecrqcyxgzhcexc\">\n<hr class=\"brz-hr\" \/><\/div>\n<\/div>\n<div class=\"brz-css-puzlq brz-wrapper\">\n<div class=\"brz-rich-text brz-rich-text__custom brz-css-ljnbp\" data-custom-id=\"ltuintpcpfoaywaqxegggkzizlpptgxtiful\">\n<div>\n<p class=\"brz-css-fagjp\" data-uniq-id=\"yqtzc\" data-generated-css=\"brz-css-kwjoz\"><span>Esta p\u00e1gina y el contenido de la misma se encuentran protegidos por propiedad intelectual, confidencialidad entre las partes, as\u00ed como por normativa general y universitaria vigente de Transparencia, Acceso a la Informaci\u00f3n P\u00fablica y Protecci\u00f3n de Datos Personales. UNAM-CCUT.<\/span><\/p>\n<\/div>\n<\/div>\n<\/div>\n<\/div>\n<\/div>\n<\/section>\n<\/div>\n<p><!-- version:1673309882 --><\/p>\n","protected":false},"excerpt":{"rendered":"<p>Inicio Estados Historia HIDALGO Transporte Gran parte del estado de Hidalgo se encuentra enclavado en la Sierra Madre Oriental, lo que hace que tenga un alto grado de comunidades aisladas y de dif\u00edcil acceso. Las principales terminales de autobuses son las de Pachuca, Tulancingo, Tula y Actopan, adem\u00e1s cuenta con un aeropuerto nacional para vuelos [&hellip;]<\/p>\n","protected":false},"author":3,"featured_media":0,"parent":1004,"menu_order":0,"comment_status":"closed","ping_status":"closed","template":"brizy-blank-template.php","meta":{"footnotes":""},"class_list":["post-3235","page","type-page","status-publish","hentry"],"_links":{"self":[{"href":"https:\/\/tlatelolcounam.mx\/caminoreal\/wp-json\/wp\/v2\/pages\/3235","targetHints":{"allow":["GET"]}}],"collection":[{"href":"https:\/\/tlatelolcounam.mx\/caminoreal\/wp-json\/wp\/v2\/pages"}],"about":[{"href":"https:\/\/tlatelolcounam.mx\/caminoreal\/wp-json\/wp\/v2\/types\/page"}],"author":[{"embeddable":true,"href":"https:\/\/tlatelolcounam.mx\/caminoreal\/wp-json\/wp\/v2\/users\/3"}],"replies":[{"embeddable":true,"href":"https:\/\/tlatelolcounam.mx\/caminoreal\/wp-json\/wp\/v2\/comments?post=3235"}],"version-history":[{"count":30,"href":"https:\/\/tlatelolcounam.mx\/caminoreal\/wp-json\/wp\/v2\/pages\/3235\/revisions"}],"predecessor-version":[{"id":42037,"href":"https:\/\/tlatelolcounam.mx\/caminoreal\/wp-json\/wp\/v2\/pages\/3235\/revisions\/42037"}],"up":[{"embeddable":true,"href":"https:\/\/tlatelolcounam.mx\/caminoreal\/wp-json\/wp\/v2\/pages\/1004"}],"wp:attachment":[{"href":"https:\/\/tlatelolcounam.mx\/caminoreal\/wp-json\/wp\/v2\/media?parent=3235"}],"curies":[{"name":"wp","href":"https:\/\/api.w.org\/{rel}","templated":true}]}}