{"id":1621,"date":"2022-04-30T04:18:52","date_gmt":"2022-04-30T04:18:52","guid":{"rendered":"https:\/\/tlatelolcounam.mx\/caminoreal\/?page_id=1621"},"modified":"2025-08-11T22:26:07","modified_gmt":"2025-08-11T22:26:07","slug":"guanajuato-fiestasdanzasyrituales","status":"publish","type":"page","link":"https:\/\/tlatelolcounam.mx\/caminoreal\/guanajuato\/guanajuato-fiestasdanzasyrituales\/","title":{"rendered":"Guanajuato- Fiestas, danzas y rituales"},"content":{"rendered":"<div class=\"brz-root__container brz-reset-all\">\n<section data-uid=\"cdkeghlziiohoukivthemcomadlvolvjzyzx\" id=\"cdkeghlziiohoukivthemcomadlvolvjzyzx\" class=\"brz-section brz-css-gnspq\">\n<div class=\"brz-section__content brz-section--boxed brz-css-kvrwx brz-css-twubi\" data-custom-id=\"kxtylskpqchveijjrewfnyruqtatzgwljyzm\">\n<div class=\"brz-container brz-css-ehtqh\">\n<div class=\"brz-row__container brz-css-qcbfq\" data-custom-id=\"tnecfxcdykoambyuufnshbafyloyrkvzbfkf\">\n<div class=\"brz-bg overflow-hidden absolute top-0 left-0 w-full h-full\"><\/div>\n<div class=\"brz-row brz-css-hdmed brz-css-jgexp\">\n<div class=\"brz-columns brz-css-anglg brz-css-tfmmg\" data-custom-id=\"epxscrxbxahcngbhbcghkwdykelzrjhfzqft\">\n<div class=\"brz-bg overflow-hidden absolute top-0 left-0 w-full h-full\"><\/div>\n<div class=\"brz-column__items brz-css-fmkbi brz-css-ivuyw\">\n<div class=\"brz-css-kiypg brz-css-pwtzc brz-wrapper\">\n<div class=\"brz-image brz-css-dcpwy brz-css-xilzp\"><img decoding=\"async\" class=\"brz-img\" src=\"https:\/\/tlatelolcounam.mx\/caminoreal\/wp-content\/uploads\/2022\/01\/logo.png\" alt=\"\" loading=\"lazy\" \/><\/div>\n<\/div>\n<\/div>\n<\/div>\n<div class=\"brz-columns brz-css-anglg brz-css-xvruh\" data-custom-id=\"pzxzuttxxgqksrrdgcwhaktqjdmukvkhahfe\">\n<div class=\"brz-bg overflow-hidden absolute top-0 left-0 w-full h-full\"><\/div>\n<div class=\"brz-column__items brz-css-fmkbi brz-css-ccxrk\">\n<div class=\"brz-css-kiypg brz-wrapper\">\n<div class=\"brz-menu__container brz-css-vuptk\" data-mmenu-id=\"#rdwxyatrgmzukxwnytjnqtqlqpklsbxryhuf\" data-mmenu-position=\"position-left\" data-mmenu-title=\"Menu\" data-mmenu-stickytitle=\"on\" data-custom-id=\"xbqtfmrcedukngnyygmfwgkwektymnnnuzxj\">\n<nav class=\"brz-menu brz-menu__preview brz-css-qksnf\">\n<ul class=\"brz-menu__ul\" data-menu-items-active=\"\">\n<li class=\"brz-menu__item\" data-menu-item-id=\"a45e250d979c9b3c26fe6917797cc038\"><a class=\"brz-a menu-item menu-item-type-post_type menu-item-object-page menu-item-home\" href=\"https:\/\/tlatelolcounam.mx\/caminoreal\/\" data-brz-link-type=\"external\" id><span class=\"brz-span\">Inicio<\/span><\/a><\/li>\n<li class=\"brz-menu__item brz-menu__item-dropdown\" data-menu-item-id=\"ba4a85012b5365c17cdf357587076276\"><a class=\"brz-a brz-anchor menu-item menu-item-type-custom menu-item-object-custom\" href=\"#\" data-brz-link-type=\"anchor\" id><span class=\"brz-span\">Estados<\/span><\/a><\/li>\n<li class=\"brz-menu__item\" data-menu-item-id=\"d3c0c655631b120767a40bd0aed90e47\"><a class=\"brz-a menu-item menu-item-type-post_type menu-item-object-page\" href=\"https:\/\/tlatelolcounam.mx\/caminoreal\/historia\/\" data-brz-link-type=\"external\" id><span class=\"brz-span\">Historia<\/span><\/a><\/li>\n<\/ul>\n<\/nav>\n<div class=\"brz-mm-menu__icon\">\n<\/div>\n<\/div>\n<\/div>\n<\/div>\n<\/div>\n<\/div>\n<\/div>\n<\/div>\n<\/div>\n<\/section>\n<section data-uid=\"dokjzmexqunazctbloammypxiyzspbnjdvyj\" id=\"dokjzmexqunazctbloammypxiyzspbnjdvyj\" class=\"brz-section brz-css-gnspq\">\n<div class=\"brz-section__content brz-section--fullWidth brz-css-kvrwx brz-css-qrtmi\" data-custom-id=\"ofodesxequsppebghdddegirgebmibqoghuq\">\n<div class=\"brz-container brz-css-ehtqh brz-css-tdtlm\">\n<div class=\"brz-row__container brz-css-qcbfq\" data-custom-id=\"utyrubatiicuodtfdrsdwpqylqelgarpuuon\">\n<div class=\"brz-bg overflow-hidden absolute top-0 left-0 w-full h-full\"><\/div>\n<div class=\"brz-row brz-css-hdmed brz-css-jgexp\">\n<div class=\"brz-columns brz-css-anglg brz-css-hcbrt\" data-custom-id=\"bwhvzqizgbjedpjcxsmqwrqrinyzgjbgspsj\">\n<div class=\"brz-bg overflow-hidden absolute top-0 left-0 w-full h-full\">\n<div class=\"brz-bg-image absolute top-0 left-0 w-full h-full bg-no-repeat bg-cover\"><\/div>\n<div class=\"brz-bg-color absolute top-0 left-0 w-full h-full\"><\/div>\n<\/div>\n<div class=\"brz-column__items brz-css-fmkbi brz-css-xnjju\">\n<div class=\"brz-css-kiypg brz-wrapper\">\n<div class=\"brz-rich-text brz-rich-text__custom brz-css-nqleq\" data-custom-id=\"atuhnspvgcydjrdrlzxicvxoxmnpvqzfvupj\">\n<div>\n<p class=\"brz-css-wztgl\" data-generated-css=\"brz-css-pcvwt\" data-uniq-id=\"wykre\"><strong class=\"brz-capitalize-on\">Guanajuato<\/strong><\/p>\n<\/div>\n<\/div>\n<\/div>\n<div class=\"brz-css-kiypg brz-wrapper\">\n<div class=\"brz-rich-text brz-rich-text__custom brz-css-nqleq\" data-custom-id=\"ogxjpfaljqqmakdgwlvzokwivxqqjzyfpusn\">\n<div>\n<p class=\"brz-css-anpey\" data-uniq-id=\"zmsrf\" data-generated-css=\"brz-css-kpkoy\"><\/p>\n<\/div>\n<\/div>\n<\/div>\n<div class=\"brz-css-kiypg brz-wrapper\">\n<div class=\"brz-rich-text brz-rich-text__custom brz-css-nqleq\" data-custom-id=\"eclzytwownhslyxyjyusijcvflhgzoptatfd\">\n<div>\n<p class=\"brz-css-fxrzw\" data-uniq-id=\"sxsin\" data-generated-css=\"brz-css-ybave\"><\/p>\n<\/div>\n<\/div>\n<\/div>\n<div class=\"brz-css-kiypg brz-wrapper\">\n<div class=\"brz-rich-text brz-rich-text__custom brz-css-nqleq\" data-custom-id=\"umublbtzyckehdgtojtyljimqopexswiamzb\">\n<div>\n<p class=\"brz-css-bqgil\" data-uniq-id=\"wwlpu\" data-generated-css=\"brz-css-bbdwc\"><strong>Fiestas, danzas y rituales<\/strong><\/p>\n<\/div>\n<\/div>\n<\/div>\n<\/div>\n<\/div>\n<\/div>\n<\/div>\n<\/div>\n<\/div>\n<\/section>\n<section data-uid=\"vkkdmiywdorcuowqdwgtdcgpjevosqiqxbqd\" id=\"vkkdmiywdorcuowqdwgtdcgpjevosqiqxbqd\" class=\"brz-section brz-css-gnspq\">\n<div class=\"brz-section__content brz-section--boxed brz-css-kvrwx brz-css-ppbsm\" data-custom-id=\"tmgrfkcjjliasesblgtfjhoqvkheinubntyp\">\n<div class=\"brz-container brz-css-ehtqh brz-css-wzlna\">\n<div class=\"brz-row__container brz-css-qcbfq brz-css-yahez\" data-custom-id=\"gzlgajiyfttcybycbsyxjlfsqcygrvwauoch\">\n<div class=\"brz-bg overflow-hidden absolute top-0 left-0 w-full h-full\"><\/div>\n<div class=\"brz-row brz-css-hdmed brz-css-jgexp\">\n<div class=\"brz-columns brz-css-anglg brz-css-jmvsq\" data-custom-id=\"trodzlkflatsxujkfexaatitoryhckyjdufn\">\n<div class=\"brz-bg overflow-hidden absolute top-0 left-0 w-full h-full\"><\/div>\n<div class=\"brz-column__items brz-css-fmkbi brz-css-punkk\">\n<div class=\"brz-css-kiypg brz-css-qwrvi brz-wrapper\">\n<div class=\"brz-rich-text brz-rich-text__custom brz-css-nqleq\" data-custom-id=\"qpytycenfhsetjjiyzdhwpbgrtoibnllzdkj\">\n<div>\n<h2 class=\"brz-css-uzehx\" data-generated-css=\"brz-css-pdwmf\" data-uniq-id=\"kigxs\">A trav\u00e9s del Camino Real de Tierra Adentro los frailes y misioneros difundieron la veneraci\u00f3n hacia V\u00edrgenes y Santos. En la actualidad, se sigue conservando el culto en diversas regiones del estado de Guanajuato, principalmente a trav\u00e9s de festividades y celebraciones de car\u00e1cter religioso.<\/h2>\n<\/div>\n<\/div>\n<\/div>\n<\/div>\n<\/div>\n<\/div>\n<\/div>\n<div class=\"brz-css-kiypg brz-wrapper\">\n<div class=\"brz-line brz-line-default brz-css-qwiwj brz-css-iinwv\" data-custom-id=\"vxlmzpzhiqesinjtklbyrtycwsmvrwyprrvy\">\n<hr class=\"brz-hr\" \/><\/div>\n<\/div>\n<div class=\"brz-css-kiypg brz-css-mrqdy brz-wrapper\">\n<div class=\"brz-rich-text brz-rich-text__custom brz-css-nqleq\" data-custom-id=\"lrhiqngwgxszpjdumwprfudjfcodrlatsmty\">\n<div>\n<p class=\"brz-css-igsrp\" data-uniq-id=\"fmpyo\" data-generated-css=\"brz-css-fqfqd\"><strong>Aniversario de la toma de la Alh\u00f3ndiga de Granaditas<\/strong><\/p>\n<p class=\"brz-css-oazrk\" data-uniq-id=\"lqkgg\" data-generated-css=\"brz-css-kjeuu\">La toma de la Alh\u00f3ndiga de Granaditas es uno de los eventos m\u00e1s representativos en la historia nacional. Anualmente, cada 28 de septiembre, se conmemora esta haza\u00f1a realizada en 1810 a trav\u00e9s de un desfile c\u00edvico militar. Participan estudiantes, civiles representando a personajes hist\u00f3ricos, distintas escuelas militares y la polic\u00eda de los cuarenta y seis ayuntamientos que existen en el estado de Guanajuato.<\/p>\n<p class=\"brz-css-ertmo\" data-uniq-id=\"iwpyb\" data-generated-css=\"brz-css-hizyr\">\u00a0<\/p>\n<p class=\"brz-css-yztjz\" data-uniq-id=\"vnlev\" data-generated-css=\"brz-css-iigzb\"><strong>Danza de Paloteros<\/strong><\/p>\n<p class=\"brz-css-gazar\" data-uniq-id=\"uzfry\" data-generated-css=\"brz-css-eqjbb\">Es una festividad que est\u00e1 conectada con las culturas prehisp\u00e1nicas, es decir, las ra\u00edces de M\u00e9xico. Se trata de una danza b\u00e9lica de la familia de moros y cristianos, la cual hermanaba a distintas comunidades en los l\u00edmites de Guanajuato y Michoac\u00e1n. Se llama paloteros porque el elemento central es un palo que cada integrante del grupo lleva en la mano y que, conforme avanza el baile, van chocando los palos produciendo un sonido muy caracter\u00edstico.<\/p>\n<p class=\"brz-css-lgfeu\" data-uniq-id=\"xgwaf\" data-generated-css=\"brz-css-glsvm\">\u00a0<\/p>\n<p class=\"brz-css-amzmv\" data-uniq-id=\"fpdeu\" data-generated-css=\"brz-css-moqum\"><strong>Danza del torito<\/strong><\/p>\n<p class=\"brz-css-zgbiy\" data-uniq-id=\"houff\" data-generated-css=\"brz-css-cpzvz\">Es una danza tradicional que alude a las debilidades humanas, es muy representativa de los municipios de Guanajuato, Romita y Silao. Tiene su origen gracias a una historia que sucedi\u00f3 en la Hacienda Chichimequillas en el a\u00f1o 1837. Se comenta que todo comenz\u00f3 cuando un peque\u00f1o toro se escap\u00f3 del corral y comenz\u00f3 a causar problemas. El due\u00f1o de la Hacienda jinete\u00f3 con su caballo para atraparlo pero fall\u00f3, por lo que otros invitados del evento trataron de atraparlo.<\/p>\n<p class=\"brz-css-twopy\" data-uniq-id=\"xipeb\" data-generated-css=\"brz-css-sdxpl\">\u00a0<\/p>\n<p class=\"brz-css-qptgm\" data-uniq-id=\"pzxpx\" data-generated-css=\"brz-css-akygd\"><strong>Festival Internacional Cervantino<\/strong><\/p>\n<p class=\"brz-css-qycmv\" data-uniq-id=\"ufnfq\" data-generated-css=\"brz-css-lihqe\">El Festival Internacional Cervantino es uno de los acontecimientos art\u00edsticos y culturales m\u00e1s importantes de M\u00e9xico y Latinoam\u00e9rica. Desde 1972, a\u00f1o de su creaci\u00f3n, el FIC tiene como escenario la ciudad de Guanajuato, fundada en 1546 y declarada por la UNESCO Patrimonio Cultural de la Humanidad. Uno de sus objetivos es crear nuevos p\u00fablicos a trav\u00e9s de una programaci\u00f3n diversa y cercana a los distintos intereses, demostrando que el arte s\u00ed importa.<\/p>\n<p class=\"brz-css-jcwsj\" data-uniq-id=\"hrvkc\" data-generated-css=\"brz-css-ejsma\">\u00a0<\/p>\n<p class=\"brz-css-gxzbu\" data-uniq-id=\"mouyk\" data-generated-css=\"brz-css-ukvfs\"><strong>Fiestas de San Juan y Presa de la Olla<\/strong><\/p>\n<p class=\"brz-css-nntpe\" data-uniq-id=\"ofpge\" data-generated-css=\"brz-css-qlzpy\">Se trata de un gran evento cultural y art\u00edstico que se celebra anualmente el primer lunes de julio. Esta celebraci\u00f3n tiene su origen en el a\u00f1o 1749, cuando se termin\u00f3 la construcci\u00f3n de la Presa la Olla, en la que se ten\u00eda que abrir la represa para que el r\u00edo pudiera dar agua fresca debido a la carencia de tuber\u00edas. Esta fecha es un referente de la vida cultural de la ciudad de Guanajuato, pues ha permitido que las familias disfruten de diversos espect\u00e1culos y actividades.<\/p>\n<p class=\"brz-css-vlpae\" data-uniq-id=\"tdzty\" data-generated-css=\"brz-css-mbmtd\">\u00a0<\/p>\n<p class=\"brz-css-mwjhu\" data-uniq-id=\"keoim\" data-generated-css=\"brz-css-ghwgr\"><strong>La Judea<\/strong><\/p>\n<p class=\"brz-css-ezkfl\" data-uniq-id=\"xohnw\" data-generated-css=\"brz-css-zrgqo\">La Judea es una tradici\u00f3n de Semana Santa en Guanajuato, la cual desarrolla la representaci\u00f3n sarc\u00e1stica del pueblo jud\u00edo, quienes buscan aprehender y dar muerte a Jes\u00fas vali\u00e9ndose del ap\u00f3stol Judas Iscariote. Es un movimiento de teatro popular de contenido profano-religioso, heredado por Hermenegildo Bustos. Se utilizan m\u00e1s de 300 m\u00e1scaras, elaboradas por artesanos purimenses.<\/p>\n<p class=\"brz-css-njlzm\" data-uniq-id=\"lnsca\" data-generated-css=\"brz-css-ypfct\">\u00a0<\/p>\n<p class=\"brz-css-xurny\" data-uniq-id=\"gdumb\" data-generated-css=\"brz-css-asrov\"><strong>Viernes de Dolores<\/strong><\/p>\n<p class=\"brz-css-jfvah\" data-uniq-id=\"yrsnh\" data-generated-css=\"brz-css-cqrjq\">Se festeja el \u00faltimo d\u00eda de la Cuaresma (antes de que se celebre Semana Santa) en honor a la Virgen de Dolores, patrona de los mineros. En el curso de este d\u00eda, se conmemora a los siete dolores que experiment\u00f3 la Virgen Mar\u00eda durante la pasi\u00f3n y la muerte de Cristo. Es com\u00fan que en esta celebraci\u00f3n se regalen flores, velas y agua.<\/p>\n<\/div>\n<\/div>\n<\/div>\n<\/div>\n<\/div>\n<\/section>\n<section data-uid=\"rveuamtmysvwswawebijahrjxkuxjvxlxelg\" id=\"rveuamtmysvwswawebijahrjxkuxjvxlxelg\" class=\"brz-section brz-css-gnspq brz-css-hjywm\">\n<div class=\"brz-section__content brz-section--boxed brz-css-kvrwx brz-css-fvgpf\" data-custom-id=\"jevxzucvdlfbjclqnoxdfdxufrptolgfwndq\">\n<div class=\"brz-bg overflow-hidden absolute top-0 left-0 w-full h-full\">\n<div class=\"brz-bg-map absolute top-0 left-0 w-full h-full\"><\/div>\n<\/div>\n<div class=\"brz-container brz-css-ehtqh\">\n<div class=\"brz-css-kiypg brz-wrapper\">\n<div class=\"brz-wp-shortcode brz-css-eiwqp\" data-custom-id=\"vaumvpxxskcrrqrhzkoxiwldmvtwaubzppkh\">\n<div><div class=\"twer-map-wrapper treweler-map-fw\" ><div class=\"twer-iframe-embed\" style=\"height:500px;\"><iframe loading=\"lazy\" class=\"twer-iframe\" src=\"https:\/\/tlatelolcounam.mx\/caminoreal\/treweler-map\/estado-de-mexico\/?tw=iframe&#038;twer-index=1&#038;twer-map-id=474&#038;twer-height=500px&#038;twer-type=fullwidth&#038;twer-scrollzoom=yes&#038;twer-width\"  frameborder=\"0\" title=\"Treweler Map\"><\/iframe><\/div><\/div><\/div>\n<\/div>\n<\/div>\n<\/div>\n<\/div>\n<\/section>\n<section data-uid=\"qkfzfeoawtxqqyvitadwfdeismrzfhwurmii\" id=\"qkfzfeoawtxqqyvitadwfdeismrzfhwurmii\" class=\"brz-section brz-css-gnspq\">\n<div class=\"brz-section__content brz-section--boxed brz-css-kvrwx brz-css-vqaxj\" data-custom-id=\"furozkipdsfzporznemncmrldghyqktjhmgb\">\n<div class=\"brz-bg overflow-hidden absolute top-0 left-0 w-full h-full\">\n<div class=\"brz-bg-image absolute top-0 left-0 w-full h-full bg-no-repeat bg-cover\"><\/div>\n<div class=\"brz-bg-color absolute top-0 left-0 w-full h-full\"><\/div>\n<\/div>\n<div class=\"brz-container brz-css-ehtqh\">\n<div class=\"brz-row__container brz-css-qcbfq\" data-custom-id=\"achsreujasksizjbtnmshsdugxsmfrbryrvr\">\n<div class=\"brz-bg overflow-hidden absolute top-0 left-0 w-full h-full\"><\/div>\n<div class=\"brz-row brz-css-hdmed brz-css-jgexp\">\n<div class=\"brz-columns brz-css-anglg brz-css-nalec\" data-custom-id=\"zokmicasrntzzshjxniwzjkuppixtkmaqdzz\">\n<div class=\"brz-bg overflow-hidden absolute top-0 left-0 w-full h-full\"><\/div>\n<div class=\"brz-column__items brz-css-fmkbi brz-css-ebkjg\">\n<div class=\"brz-css-kiypg brz-css-ryvqi brz-wrapper\">\n<div class=\"brz-image brz-css-iunpr\"><img decoding=\"async\" class=\"brz-img\" src=\"https:\/\/tlatelolcounam.mx\/caminoreal\/wp-content\/uploads\/brizy\/imgs\/logo-1-293x101x0x1x293x100x1642108354.png\" alt=\"\" loading=\"lazy\" \/><\/div>\n<\/div>\n<div class=\"brz-css-kiypg brz-css-noffu brz-wrapper\">\n<div class=\"brz-spacer brz-css-kczeh brz-css-cyqdc\"><\/div>\n<\/div>\n<div class=\"brz-css-kiypg brz-wrapper\">\n<div class=\"brz-rich-text brz-rich-text__custom brz-css-nqleq\" data-custom-id=\"kywuxuscztrrhlidoxrxnbhrmlsoucwdrdvp\">\n<div>\n<p class=\"brz-css-copoq\" data-uniq-id=\"euomf\" data-generated-css=\"brz-css-qlfmh\"><span>Ricardo Flores Mag\u00f3n 1. <\/span><\/p>\n<p class=\"brz-css-xnkru\" data-uniq-id=\"fkrdx\" data-generated-css=\"brz-css-lepkg\"><span>Col. Nonoalco-Tlatelolco C.P. 06995. <\/span><\/p>\n<p class=\"brz-css-enkvq\" data-uniq-id=\"gutxj\" data-generated-css=\"brz-css-zxvpu\"><span>ccutlatelolco@gmail.com<\/span><\/p>\n<p class=\"brz-css-ragau\" data-generated-css=\"brz-css-fwbyw\" data-uniq-id=\"yzdzu\"><span>5117 2818 ext. 49613<\/span><\/p>\n<\/div>\n<\/div>\n<\/div>\n<\/div>\n<\/div>\n<div class=\"brz-columns brz-css-anglg brz-css-wodwo\" data-custom-id=\"ueceosewmvdlocaoiccxqzaqsdrbhugdlqwp\">\n<div class=\"brz-bg overflow-hidden absolute top-0 left-0 w-full h-full\"><\/div>\n<div class=\"brz-column__items brz-css-fmkbi\">\n<div class=\"brz-css-kiypg brz-wrapper\">\n<div class=\"brz-rich-text brz-rich-text__custom brz-css-nqleq\" data-custom-id=\"yieydbdefqqzosmqedrukrhhuflrrnwhnfme\">\n<div>\n<p class=\"brz-css-wfayu\" data-uniq-id=\"pdybz\" data-generated-css=\"brz-css-custc\"><span>M\u00e1s sobre el CCUT<\/span><\/p>\n<\/div>\n<\/div>\n<\/div>\n<div class=\"brz-css-kiypg brz-css-noffu brz-wrapper\">\n<div class=\"brz-spacer brz-css-kczeh brz-css-qdech\"><\/div>\n<\/div>\n<div class=\"brz-css-kiypg brz-wrapper\">\n<div class=\"brz-rich-text brz-rich-text__custom brz-css-nqleq\" data-custom-id=\"ynfeweewrtxixsrhnduzblhwsykqywcbwrbd\">\n<div>\n<p class=\"brz-css-utddq\" data-uniq-id=\"frwjr\" data-generated-css=\"brz-css-laqsj\"><span>Seminario <\/span><\/p>\n<p class=\"brz-css-vthnf\" data-uniq-id=\"vnkoo\" data-generated-css=\"brz-css-dmrvc\"><span>Memorias<\/span><\/p>\n<p class=\"brz-css-ayilr\" data-uniq-id=\"dcvrt\" data-generated-css=\"brz-css-bwatq\"><span>Resistencias<\/span><\/p>\n<p class=\"brz-css-akelx\" data-generated-css=\"brz-css-vpotn\" data-uniq-id=\"xkgby\"><span>Comunidades<\/span><\/p>\n<\/div>\n<\/div>\n<\/div>\n<div class=\"brz-css-kiypg brz-wrapper\">\n<div class=\"brz-rich-text brz-rich-text__custom brz-css-nqleq\" data-custom-id=\"imzwziqzkzgaummubqbkvghlpqnmykoyscdr\">\n<div>\n<p class=\"brz-css-xykft\" data-uniq-id=\"icvhm\" data-generated-css=\"brz-css-gzhjx\"><\/p>\n<\/div>\n<\/div>\n<\/div>\n<\/div>\n<\/div>\n<div class=\"brz-columns brz-css-anglg brz-css-wfuxk\" data-custom-id=\"vweavhhwtywjlvwtobzunrtkfybgszsfwmoi\">\n<div class=\"brz-bg overflow-hidden absolute top-0 left-0 w-full h-full\"><\/div>\n<div class=\"brz-column__items brz-css-fmkbi\">\n<div class=\"brz-css-kiypg brz-wrapper\">\n<div class=\"brz-rich-text brz-rich-text__custom brz-css-nqleq\" data-custom-id=\"yuqipqqugxqfpjpkfcexpwembqsekzhvzpjf\">\n<div>\n<p class=\"brz-css-btzzx\" data-uniq-id=\"wbckk\" data-generated-css=\"brz-css-akbyj\"><span class=\"brz-cp-color8\">S\u00edguenos<\/span><\/p>\n<\/div>\n<\/div>\n<\/div>\n<div class=\"brz-css-kiypg brz-css-noffu brz-wrapper\">\n<div class=\"brz-spacer brz-css-kczeh brz-css-yvbeh\"><\/div>\n<\/div>\n<div class=\"brz-css-kiypg brz-css-evnba brz-wrapper\">\n<div class=\"brz-icon-text brz-css-ztowe brz-css-axbec\" data-custom-id=\"hydbwhzcpvjqiiorwlilgqxqftkxpkwkywsj\">\n<div id class=\"brz-icon__container\" data-custom-id=\"uqxskthsztuwpwwoqfqmhvqdknuvatiyuwqk\"><span class=\"brz-icon brz-span brz-css-forsp brz-css-perwa\"><\/span><\/div>\n<div class=\"brz-text-btn\">\n<div class=\"brz-rich-text brz-rich-text__custom brz-css-nqleq\" data-custom-id=\"bgkyxrvclbbxxythvkxjtgqxdhzzsnwwrkmq\">\n<div>\n<p class=\"brz-css-porop\"><span>Twitter<\/span><\/p>\n<\/div>\n<\/div>\n<\/div>\n<\/div>\n<\/div>\n<div class=\"brz-css-kiypg brz-css-wbgwq brz-wrapper\">\n<div class=\"brz-icon-text brz-css-ztowe brz-css-jcgbw\" data-custom-id=\"jabsrjtzzoxfchshzqqtimtttlnkjsnwskkq\">\n<div id class=\"brz-icon__container\" data-custom-id=\"cdxdzmlnscinzsmwffqlxwmqhplmzbhprxza\"><span class=\"brz-icon brz-span brz-css-forsp brz-css-hkvsj\"><\/span><\/div>\n<div class=\"brz-text-btn\">\n<div class=\"brz-rich-text brz-rich-text__custom brz-css-nqleq\" data-custom-id=\"txxspklpmzyaxsjzabzltuhbhneozicfdhup\">\n<div>\n<p class=\"brz-css-rnwmz\"><span>Facebook<\/span><\/p>\n<\/div>\n<\/div>\n<\/div>\n<\/div>\n<\/div>\n<div class=\"brz-css-kiypg brz-wrapper\">\n<div class=\"brz-icon-text brz-css-ztowe brz-css-tviyi\" data-custom-id=\"evbxwngmaedzgcjttyjbxbrqilvezuyjizmm\">\n<div id class=\"brz-icon__container\" data-custom-id=\"gburckwvhlgdxkgngoywxugovxipiwturtcd\"><span class=\"brz-icon brz-span brz-css-forsp brz-css-zdbhf\"><\/span><\/div>\n<div class=\"brz-text-btn\">\n<div class=\"brz-rich-text brz-rich-text__custom brz-css-nqleq\" data-custom-id=\"cxbjqcvvcsyicwjnumpamepblkgqnskdfjka\">\n<div>\n<p class=\"brz-css-tjqxo\"><span>Youtube<\/span><\/p>\n<\/div>\n<\/div>\n<\/div>\n<\/div>\n<\/div>\n<\/div>\n<\/div>\n<\/div>\n<\/div>\n<div class=\"brz-css-kiypg brz-wrapper\">\n<div class=\"brz-image brz-css-mmhvf\"><img decoding=\"async\" class=\"brz-img\" src=\"https:\/\/tlatelolcounam.mx\/caminoreal\/wp-content\/uploads\/brizy\/imgs\/escudo-firma-176x88x0x0x176x88x1642108760.png\" alt=\"\" loading=\"lazy\" \/><\/div>\n<\/div>\n<div class=\"brz-css-kiypg brz-css-oginl brz-wrapper\">\n<div class=\"brz-line brz-line-default brz-css-qwiwj brz-css-cdkiu\" data-custom-id=\"wguunchwyulhdtykgwtenhecrqcyxgzhcexc\">\n<hr class=\"brz-hr\" \/><\/div>\n<\/div>\n<div class=\"brz-css-kiypg brz-wrapper\">\n<div class=\"brz-rich-text brz-rich-text__custom brz-css-nqleq\" data-custom-id=\"ltuintpcpfoaywaqxegggkzizlpptgxtiful\">\n<div>\n<p class=\"brz-css-czfxj\" data-uniq-id=\"yqtzc\" data-generated-css=\"brz-css-kwjoz\"><span>Esta p\u00e1gina y el contenido de la misma se encuentran protegidos por propiedad intelectual, confidencialidad entre las partes, as\u00ed como por normativa general y universitaria vigente de Transparencia, Acceso a la Informaci\u00f3n P\u00fablica y Protecci\u00f3n de Datos Personales. UNAM-CCUT.<\/span><\/p>\n<\/div>\n<\/div>\n<\/div>\n<\/div>\n<\/div>\n<\/section>\n<\/div>\n<p><!-- version:1673309300 --><\/p>\n","protected":false},"excerpt":{"rendered":"<p>Inicio Estados Historia Guanajuato Fiestas, danzas y rituales A trav\u00e9s del Camino Real de Tierra Adentro los frailes y misioneros difundieron la veneraci\u00f3n hacia V\u00edrgenes y Santos. En la actualidad, se sigue conservando el culto en diversas regiones del estado de Guanajuato, principalmente a trav\u00e9s de festividades y celebraciones de car\u00e1cter religioso. Aniversario de la [&hellip;]<\/p>\n","protected":false},"author":11,"featured_media":0,"parent":1009,"menu_order":0,"comment_status":"closed","ping_status":"closed","template":"brizy-blank-template.php","meta":{"footnotes":""},"class_list":["post-1621","page","type-page","status-publish","hentry"],"_links":{"self":[{"href":"https:\/\/tlatelolcounam.mx\/caminoreal\/wp-json\/wp\/v2\/pages\/1621","targetHints":{"allow":["GET"]}}],"collection":[{"href":"https:\/\/tlatelolcounam.mx\/caminoreal\/wp-json\/wp\/v2\/pages"}],"about":[{"href":"https:\/\/tlatelolcounam.mx\/caminoreal\/wp-json\/wp\/v2\/types\/page"}],"author":[{"embeddable":true,"href":"https:\/\/tlatelolcounam.mx\/caminoreal\/wp-json\/wp\/v2\/users\/11"}],"replies":[{"embeddable":true,"href":"https:\/\/tlatelolcounam.mx\/caminoreal\/wp-json\/wp\/v2\/comments?post=1621"}],"version-history":[{"count":30,"href":"https:\/\/tlatelolcounam.mx\/caminoreal\/wp-json\/wp\/v2\/pages\/1621\/revisions"}],"predecessor-version":[{"id":40579,"href":"https:\/\/tlatelolcounam.mx\/caminoreal\/wp-json\/wp\/v2\/pages\/1621\/revisions\/40579"}],"up":[{"embeddable":true,"href":"https:\/\/tlatelolcounam.mx\/caminoreal\/wp-json\/wp\/v2\/pages\/1009"}],"wp:attachment":[{"href":"https:\/\/tlatelolcounam.mx\/caminoreal\/wp-json\/wp\/v2\/media?parent=1621"}],"curies":[{"name":"wp","href":"https:\/\/api.w.org\/{rel}","templated":true}]}}