{"id":1009,"date":"2022-04-28T18:47:12","date_gmt":"2022-04-28T18:47:12","guid":{"rendered":"https:\/\/tlatelolcounam.mx\/caminoreal\/?page_id=1009"},"modified":"2025-08-11T16:19:31","modified_gmt":"2025-08-11T16:19:31","slug":"guanajuato","status":"publish","type":"page","link":"https:\/\/tlatelolcounam.mx\/caminoreal\/guanajuato\/","title":{"rendered":"Guanajuato"},"content":{"rendered":"<div class=\"brz-root__container brz-reset-all\">\n<section data-uid=\"cdkeghlziiohoukivthemcomadlvolvjzyzx\" id=\"cdkeghlziiohoukivthemcomadlvolvjzyzx\" class=\"brz-section brz-css-pgilv\">\n<div class=\"brz-section__content brz-section--boxed brz-css-syrqq brz-css-esvvd\" data-custom-id=\"kxtylskpqchveijjrewfnyruqtatzgwljyzm\">\n<div class=\"brz-container brz-css-pjqdd\">\n<div class=\"brz-row__container brz-css-dtyka\" data-custom-id=\"tnecfxcdykoambyuufnshbafyloyrkvzbfkf\">\n<div class=\"brz-bg overflow-hidden absolute top-0 left-0 w-full h-full\"><\/div>\n<div class=\"brz-row brz-css-aikwg brz-css-zievm\">\n<div class=\"brz-columns brz-css-hqjut brz-css-evymg\" data-custom-id=\"epxscrxbxahcngbhbcghkwdykelzrjhfzqft\">\n<div class=\"brz-bg overflow-hidden absolute top-0 left-0 w-full h-full\"><\/div>\n<div class=\"brz-column__items brz-css-eoedx brz-css-xkxqc\">\n<div class=\"brz-css-yuecz brz-css-qzezp brz-wrapper\">\n<div class=\"brz-image brz-css-qpxju brz-css-tsqhe\"><img decoding=\"async\" class=\"brz-img\" src=\"https:\/\/tlatelolcounam.mx\/caminoreal\/wp-content\/uploads\/2022\/01\/logo.png\" alt=\"\" loading=\"lazy\" \/><\/div>\n<\/div>\n<\/div>\n<\/div>\n<div class=\"brz-columns brz-css-hqjut brz-css-xahny\" data-custom-id=\"pzxzuttxxgqksrrdgcwhaktqjdmukvkhahfe\">\n<div class=\"brz-bg overflow-hidden absolute top-0 left-0 w-full h-full\"><\/div>\n<div class=\"brz-column__items brz-css-eoedx brz-css-bamig\">\n<div class=\"brz-css-yuecz brz-wrapper\">\n<div class=\"brz-menu__container brz-css-etclf\" data-mmenu-id=\"#qhnizfmxcobszgoupddfdtdsusiisyuncvfk\" data-mmenu-position=\"position-left\" data-mmenu-title=\"Menu\" data-mmenu-stickytitle=\"on\" data-custom-id=\"xbqtfmrcedukngnyygmfwgkwektymnnnuzxj\">\n<nav class=\"brz-menu brz-menu__preview brz-css-zoude\">\n<ul class=\"brz-menu__ul\" data-menu-items-active=\"\">\n<li class=\"brz-menu__item\" data-menu-item-id=\"a45e250d979c9b3c26fe6917797cc038\"><a class=\"brz-a menu-item menu-item-type-post_type menu-item-object-page menu-item-home\" href=\"https:\/\/tlatelolcounam.mx\/caminoreal\/\" data-brz-link-type=\"external\" id><span class=\"brz-span\">Inicio<\/span><\/a><\/li>\n<li class=\"brz-menu__item brz-menu__item--current brz-menu__item-dropdown\" data-menu-item-id=\"ba4a85012b5365c17cdf357587076276\"><a class=\"brz-a brz-anchor menu-item menu-item-type-custom menu-item-object-custom current-menu-ancestor current-menu-parent\" href=\"#\" data-brz-link-type=\"anchor\" id><span class=\"brz-span\">Estados<\/span><\/a><\/li>\n<li class=\"brz-menu__item\" data-menu-item-id=\"d3c0c655631b120767a40bd0aed90e47\"><a class=\"brz-a menu-item menu-item-type-post_type menu-item-object-page\" href=\"https:\/\/tlatelolcounam.mx\/caminoreal\/historia\/\" data-brz-link-type=\"external\" id><span class=\"brz-span\">Historia<\/span><\/a><\/li>\n<\/ul>\n<\/nav>\n<div class=\"brz-mm-menu__icon\">\n<\/div>\n<\/div>\n<\/div>\n<\/div>\n<\/div>\n<\/div>\n<\/div>\n<\/div>\n<\/div>\n<\/section>\n<section data-uid=\"dokjzmexqunazctbloammypxiyzspbnjdvyj\" id=\"dokjzmexqunazctbloammypxiyzspbnjdvyj\" class=\"brz-section brz-css-pgilv brz-css-umnpj\">\n<div class=\"brz-section__content brz-section--fullWidth brz-css-syrqq brz-css-fvanq\" data-custom-id=\"ofodesxequsppebghdddegirgebmibqoghuq\">\n<div class=\"brz-bg overflow-hidden absolute top-0 left-0 w-full h-full\">\n<div class=\"brz-bg-color absolute top-0 left-0 w-full h-full\"><\/div>\n<\/div>\n<div class=\"brz-container brz-css-pjqdd brz-css-bjxeb\">\n<div class=\"brz-row__container brz-css-dtyka\" data-custom-id=\"utyrubatiicuodtfdrsdwpqylqelgarpuuon\">\n<div class=\"brz-bg overflow-hidden absolute top-0 left-0 w-full h-full\"><\/div>\n<div class=\"brz-row brz-css-aikwg brz-css-zievm\">\n<div class=\"brz-columns brz-css-hqjut brz-css-jhquu\" data-custom-id=\"bwhvzqizgbjedpjcxsmqwrqrinyzgjbgspsj\">\n<div class=\"brz-bg overflow-hidden absolute top-0 left-0 w-full h-full\">\n<div class=\"brz-bg-image absolute top-0 left-0 w-full h-full bg-no-repeat bg-cover\"><\/div>\n<div class=\"brz-bg-color absolute top-0 left-0 w-full h-full\"><\/div>\n<\/div>\n<div class=\"brz-column__items brz-css-eoedx brz-css-xfzli\">\n<div class=\"brz-css-yuecz brz-css-ieszh brz-wrapper\">\n<div class=\"brz-rich-text brz-rich-text__custom brz-css-ezkms\" data-custom-id=\"izorsycabgqshdvrjbcfkgyetwgynrgveamm\">\n<div>\n<p class=\"brz-css-ambcr\" data-generated-css=\"brz-css-craat\" data-uniq-id=\"mctoj\"><span class=\"brz-capitalize-on brz-scp-color2\"> GUANAJUATO<\/span><\/p>\n<\/div>\n<\/div>\n<\/div>\n<div class=\"brz-css-yuecz brz-css-mxzta brz-wrapper\">\n<div class=\"brz-spacer brz-css-duvul brz-css-hawhk\"><\/div>\n<\/div>\n<div class=\"brz-row__container brz-css-dtyka\" data-custom-id=\"ccmledsmdbltizudknaczgekmmjdnxnbpudt\">\n<div class=\"brz-bg overflow-hidden absolute top-0 left-0 w-full h-full\"><\/div>\n<div class=\"brz-row brz-row--inner brz-css-aikwg brz-css-zievm\">\n<div class=\"brz-columns brz-css-hqjut brz-css-asyhg\" data-custom-id=\"xfbtauugsmueowzyayiauwgoyjcrscucyzxv\">\n<div class=\"brz-bg overflow-hidden absolute top-0 left-0 w-full h-full\"><\/div>\n<div class=\"brz-column__items brz-css-eoedx\"><\/div>\n<\/div>\n<div class=\"brz-columns brz-css-hqjut brz-css-tzkpf\" data-custom-id=\"lpulbmlojzqxuvfpuzczrspnlnymkwytcyue\">\n<div class=\"brz-bg overflow-hidden absolute top-0 left-0 w-full h-full\"><\/div>\n<div class=\"brz-column__items brz-css-eoedx\">\n<div class=\"brz-css-yuecz brz-wrapper\">\n<div class=\"brz-rich-text brz-rich-text__custom brz-css-ezkms\" data-custom-id=\"aealpkdghlpywxfnvepiigwpqidarfrkfgvy\">\n<div>\n<p class=\"brz-css-lkohi\" data-uniq-id=\"qqoaf\" data-generated-css=\"brz-css-ovurp\"><span>El Camino Real de Tierra Adentro atravesaba 200 km por el estado de Guanajuato. Gracias a la b\u00fasqueda de agua potable por soldados y ganaderos, fue posible forjar las rutas de este camino, pues la ubicaci\u00f3n geogr\u00e1fica de este estado convert\u00eda al agua en un recurso escaso.<\/span><\/p>\n<p class=\"brz-css-hmkii\" data-uniq-id=\"uscoa\" data-generated-css=\"brz-css-pggjj\"><span>La UNESCO destaca seis sitios del Camino Real de Tierra Adentro en Guanajuato como Patrimonio Mundial: el Puente La Quemada, el Puente de San Rafael, el Centro hist\u00f3rico de la ciudad de Guanajuato y sus minas adyacentes, el Puente de El Fraile, el Antiguo Real Hospital de San Juan de Dios de San Miguel de Allende y la Villa Protectora de San Miguel el Grande y Santuario de Jes\u00fas Nazareno de Atotonilco.<\/span><\/p>\n<\/div>\n<\/div>\n<\/div>\n<\/div>\n<\/div>\n<div class=\"brz-columns brz-css-hqjut brz-css-eqhcq\" data-custom-id=\"eyjquciazmwsdpjmcpznicyjpgszqqaxyett\">\n<div class=\"brz-bg overflow-hidden absolute top-0 left-0 w-full h-full\"><\/div>\n<div class=\"brz-column__items brz-css-eoedx\"><\/div>\n<\/div>\n<\/div>\n<\/div>\n<\/div>\n<\/div>\n<\/div>\n<\/div>\n<\/div>\n<\/div>\n<\/section>\n<section data-uid=\"xbhrizblxdkmlqhrspiolqcmdstswqsqquxa\" id=\"xbhrizblxdkmlqhrspiolqcmdstswqsqquxa\" class=\"brz-section brz-css-pgilv\">\n<div class=\"brz-section__content brz-section--boxed brz-css-syrqq brz-css-huevw\" data-custom-id=\"gmkaprjgggcuibzvcutclilzjrekrrrjazop\">\n<div class=\"brz-bg overflow-hidden absolute top-0 left-0 w-full h-full\">\n<div class=\"brz-bg-image absolute top-0 left-0 w-full h-full bg-no-repeat bg-cover brz-bg-image-parallax\"><\/div>\n<\/div>\n<div class=\"brz-container brz-css-pjqdd\">\n<div class=\"brz-row__container brz-css-dtyka\" data-custom-id=\"oztjppprxrqmyupwtsrcyrfxqvnlhelfgutw\">\n<div class=\"brz-bg overflow-hidden absolute top-0 left-0 w-full h-full\"><\/div>\n<div class=\"brz-row brz-css-aikwg brz-css-zievm\">\n<div class=\"brz-columns brz-css-hqjut brz-css-luhzs\" data-custom-id=\"wzsjuvwgwznberiehdxycgsqdugltnfotlrf\">\n<div class=\"brz-bg overflow-hidden absolute top-0 left-0 w-full h-full\"><\/div>\n<div class=\"brz-column__items brz-css-eoedx brz-css-lmlfy\">\n<div class=\"brz-css-yuecz brz-css-lozyc brz-wrapper\">\n<div class=\"brz-image brz-css-kxnif brz-css-ozxpq\"><a class=\"brz-a\" href=\"https:\/\/tlatelolcounam.mx\/caminoreal\/guanajuato\/guanajuato-trans\" data-brz-link-type=\"external\" id data-custom-id=\"dkaixjncvthdezykkaimumwweskkwhpmldca\"><img decoding=\"async\" class=\"brz-img\" src=\"https:\/\/tlatelolcounam.mx\/caminoreal\/wp-content\/uploads\/brizy\/imgs\/TRANSPORTE-360x360x0x14x360x332x1649224137.png\" alt=\"\" loading=\"lazy\" \/><\/a><\/div>\n<\/div>\n<div class=\"brz-css-yuecz brz-css-xhger brz-wrapper\">\n<div class=\"brz-image brz-css-jhxoq brz-css-zhawx\"><a class=\"brz-a\" href=\"https:\/\/tlatelolcounam.mx\/caminoreal\/guanajuato\/guanajuato-guiadeturismo\/\" data-brz-link-type=\"external\" id data-custom-id=\"dvayhoaltrdwrfbxprvkrteztvasqsilvdpe\"><img decoding=\"async\" class=\"brz-img\" src=\"https:\/\/tlatelolcounam.mx\/caminoreal\/wp-content\/uploads\/brizy\/imgs\/TURISMO-331x331x0x40x331x212x1649224165.png\" alt=\"\" loading=\"lazy\" \/><\/a><\/div>\n<\/div>\n<div class=\"brz-css-yuecz brz-css-nzclf brz-wrapper\">\n<div class=\"brz-image brz-css-tybth brz-css-xxypd\"><a class=\"brz-a\" href=\"https:\/\/tlatelolcounam.mx\/caminoreal\/guanajuato\/guanajuato-sitiosarqueologicos\/\" data-brz-link-type=\"external\" id data-custom-id=\"vyvygxfpbmrsanfthgnbzizhvfzxaikckybg\"><img decoding=\"async\" class=\"brz-img\" src=\"https:\/\/tlatelolcounam.mx\/caminoreal\/wp-content\/uploads\/brizy\/imgs\/ARQUEOLOGICOS-396x396x18x0x360x396x1649223890.png\" alt=\"\" loading=\"lazy\" \/><\/a><\/div>\n<\/div>\n<\/div>\n<\/div>\n<div class=\"brz-columns brz-css-hqjut brz-css-ompvs\" data-custom-id=\"ghvactfmtlkylihokkzbxvzzhuaqftvmbnfx\">\n<div class=\"brz-bg overflow-hidden absolute top-0 left-0 w-full h-full\"><\/div>\n<div class=\"brz-column__items brz-css-eoedx\">\n<div class=\"brz-css-yuecz brz-css-xbzcd brz-wrapper\">\n<div class=\"brz-image brz-css-sbtro brz-css-ozdeg\"><a class=\"brz-a\" href=\"https:\/\/tlatelolcounam.mx\/caminoreal\/guanajuato\/guanajuato-fiestasdanzasyrituales\/\" data-brz-link-type=\"external\" id data-custom-id=\"evsitswzukpgmmkuaueugnfoffyzijqdgyje\"><img decoding=\"async\" class=\"brz-img\" src=\"https:\/\/tlatelolcounam.mx\/caminoreal\/wp-content\/uploads\/brizy\/imgs\/FIESTAS-DANZAS-360x360x0x31x360x298x1649223996.png\" alt=\"\" loading=\"lazy\" \/><\/a><\/div>\n<\/div>\n<div class=\"brz-css-yuecz brz-css-qajyu brz-wrapper\">\n<div class=\"brz-image brz-css-axjhe brz-css-yjfzb\"><a class=\"brz-a\" href=\"https:\/\/tlatelolcounam.mx\/caminoreal\/guanajuato\/guanajuato-cultura\/\" data-brz-link-type=\"external\" id data-custom-id=\"cszzetwcuelibbzwakbnpfymgnxtwbpeosot\"><img decoding=\"async\" class=\"brz-img\" src=\"https:\/\/tlatelolcounam.mx\/caminoreal\/wp-content\/uploads\/brizy\/imgs\/CULTURA-442x442x41x0x360x442x1649223967.png\" alt=\"\" loading=\"lazy\" \/><\/a><\/div>\n<\/div>\n<div class=\"brz-css-yuecz brz-css-qfpls brz-wrapper\">\n<div class=\"brz-image brz-css-vcqrw brz-css-jabpi\"><a class=\"brz-a\" href=\"https:\/\/tlatelolcounam.mx\/caminoreal\/guanajuato\/guanajuato-arq\/\" data-brz-link-type=\"external\" id data-custom-id=\"ponksmqoohckslmdnwxunykqeurdsnlqpafu\"><img decoding=\"async\" class=\"brz-img\" src=\"https:\/\/tlatelolcounam.mx\/caminoreal\/wp-content\/uploads\/brizy\/imgs\/ARQUITECTURA-360x360x0x14x360x332x1649223920.png\" alt=\"\" loading=\"lazy\" \/><\/a><\/div>\n<\/div>\n<\/div>\n<\/div>\n<div class=\"brz-columns brz-css-hqjut brz-css-hlksz\" data-custom-id=\"gdoxbuhzessbqyalltyohvpdokzfdlyevzmb\">\n<div class=\"brz-bg overflow-hidden absolute top-0 left-0 w-full h-full\"><\/div>\n<div class=\"brz-column__items brz-css-eoedx\">\n<div class=\"brz-css-yuecz brz-css-mxzta brz-css-jwzay brz-wrapper\">\n<div class=\"brz-spacer brz-css-duvul brz-css-vrtsr\"><\/div>\n<\/div>\n<div class=\"brz-css-yuecz brz-css-bzhsg brz-wrapper\">\n<div class=\"brz-image brz-css-yupdb brz-css-nnnay\"><a class=\"brz-a\" href=\"https:\/\/tlatelolcounam.mx\/caminoreal\/guanajuato\/guanajuato-naturalezayaventura\/\" data-brz-link-type=\"external\" id data-custom-id=\"ysncbvxawyzkvkmwffwyxkyqohwaibnleunz\"><img decoding=\"async\" class=\"brz-img\" src=\"https:\/\/tlatelolcounam.mx\/caminoreal\/wp-content\/uploads\/brizy\/imgs\/NATURALEZA-332x332x0x0x332x306x1649224068.png\" alt=\"\" loading=\"lazy\" \/><\/a><\/div>\n<\/div>\n<div class=\"brz-css-yuecz brz-css-fuvhp brz-wrapper\">\n<div class=\"brz-image brz-css-caqvb brz-css-sppys\"><a class=\"brz-a\" href=\"https:\/\/tlatelolcounam.mx\/caminoreal\/guanajuato\/guanajuato-gastronomia\/\" data-brz-link-type=\"external\" id data-custom-id=\"bvjbxklkyytbxvriqjbgbweipfgypmbocxgx\"><img decoding=\"async\" class=\"brz-img\" src=\"https:\/\/tlatelolcounam.mx\/caminoreal\/wp-content\/uploads\/brizy\/imgs\/GASTRONOMIA-361x361x0x14x361x333x1649224018.png\" alt=\"\" loading=\"lazy\" \/><\/a><\/div>\n<\/div>\n<div class=\"brz-css-yuecz brz-css-yskgy brz-wrapper\">\n<div class=\"brz-image brz-css-gwjuh brz-css-gzbyh\"><a class=\"brz-a\" href=\"https:\/\/tlatelolcounam.mx\/caminoreal\/guanajuato\/guanajuato-cronistas\/\" data-brz-link-type=\"external\" id data-custom-id=\"ssefxrwjqjavojxfyogftfeqwkgcpluplwin\"><img decoding=\"async\" class=\"brz-img\" src=\"https:\/\/tlatelolcounam.mx\/caminoreal\/wp-content\/uploads\/brizy\/imgs\/CRONISTAS-361x361x0x51x361x260x1649223937.png\" alt=\"\" loading=\"lazy\" \/><\/a><\/div>\n<\/div>\n<div class=\"brz-css-yuecz brz-css-ofiix brz-wrapper\">\n<div class=\"brz-image brz-css-crtdm brz-css-tszst\"><a class=\"brz-a\" href=\"https:\/\/tlatelolcounam.mx\/caminoreal\/guanajuato\/guanajuato-hospedaje\/\" data-brz-link-type=\"external\" id data-custom-id=\"leyxodyxayhupzkerwgclafoetaeabmjeopb\"><img decoding=\"async\" class=\"brz-img\" src=\"https:\/\/tlatelolcounam.mx\/caminoreal\/wp-content\/uploads\/brizy\/imgs\/HOSPEDAJE-1-361x361x0x83x361x260x1651034933.png\" alt=\"\" loading=\"lazy\" \/><\/a><\/div>\n<\/div>\n<\/div>\n<\/div>\n<\/div>\n<\/div>\n<\/div>\n<\/div>\n<\/section>\n<section data-uid=\"qbfkutxzivuqimzwvurwhlzlevsnqhyozokv\" id=\"qbfkutxzivuqimzwvurwhlzlevsnqhyozokv\" class=\"brz-section brz-css-pgilv\">\n<div class=\"brz-section__content brz-section--boxed brz-css-syrqq brz-css-mglqy\" data-custom-id=\"pjcqvnotppncubgjpoptfczrkxvbldbgpubs\">\n<div class=\"brz-bg overflow-hidden absolute top-0 left-0 w-full h-full\">\n<div class=\"brz-bg-image absolute top-0 left-0 w-full h-full bg-no-repeat bg-cover\"><\/div>\n<\/div>\n<div class=\"brz-container brz-css-pjqdd\">\n<div class=\"brz-row__container brz-css-dtyka\" data-custom-id=\"uuhodzzbtqloidrwysguigayydrgcpevkakg\">\n<div class=\"brz-bg overflow-hidden absolute top-0 left-0 w-full h-full\"><\/div>\n<div class=\"brz-row brz-css-aikwg brz-css-zievm\">\n<div class=\"brz-columns brz-css-hqjut brz-css-ciiqt\" data-custom-id=\"btzjjiuwgvaygazqnpzkdwkkzkkneihkeioo\">\n<div class=\"brz-bg overflow-hidden absolute top-0 left-0 w-full h-full\"><\/div>\n<div class=\"brz-column__items brz-css-eoedx brz-css-ggkrf\">\n<div class=\"brz-css-yuecz brz-wrapper\">\n<div class=\"brz-image brz-css-aoulw brz-css-sstyl\"><img decoding=\"async\" class=\"brz-img\" src=\"https:\/\/tlatelolcounam.mx\/caminoreal\/wp-content\/uploads\/brizy\/imgs\/SECRETARI\u0301A-DE-TURISMO-505x505x52x0x411x505x1649224133.png\" alt=\"\" loading=\"lazy\" \/><\/div>\n<\/div>\n<\/div>\n<\/div>\n<div class=\"brz-columns brz-css-hqjut brz-css-zifym\" data-custom-id=\"khwrzdrpaamenuwourpzzggvyyqknqnuvanm\">\n<div class=\"brz-bg overflow-hidden absolute top-0 left-0 w-full h-full\"><\/div>\n<div class=\"brz-column__items brz-css-eoedx brz-css-qdtaw\">\n<div class=\"brz-css-yuecz brz-wrapper\">\n<div class=\"brz-image brz-css-puqqz brz-css-muzga\"><img decoding=\"async\" class=\"brz-img\" src=\"https:\/\/tlatelolcounam.mx\/caminoreal\/wp-content\/uploads\/brizy\/imgs\/ALIADOS-524x524x51x0x433x524x1649223886.png\" alt=\"\" loading=\"lazy\" \/><\/div>\n<\/div>\n<\/div>\n<\/div>\n<\/div>\n<\/div>\n<\/div>\n<\/div>\n<\/section>\n<section data-uid=\"rveuamtmysvwswawebijahrjxkuxjvxlxelg\" id=\"rveuamtmysvwswawebijahrjxkuxjvxlxelg\" class=\"brz-section brz-css-pgilv brz-css-qwtzz\">\n<div class=\"brz-section__content brz-section--boxed brz-css-syrqq brz-css-hraai\" data-custom-id=\"jevxzucvdlfbjclqnoxdfdxufrptolgfwndq\">\n<div class=\"brz-bg overflow-hidden absolute top-0 left-0 w-full h-full\">\n<div class=\"brz-bg-map absolute top-0 left-0 w-full h-full\"><\/div>\n<\/div>\n<div class=\"brz-container brz-css-pjqdd\">\n<div class=\"brz-row__container brz-css-dtyka\" data-custom-id=\"muhnzjongognzcnvvgvaclkcabsqqxfrjaxe\">\n<div class=\"brz-bg overflow-hidden absolute top-0 left-0 w-full h-full\"><\/div>\n<div class=\"brz-row brz-css-aikwg brz-css-zievm\">\n<div class=\"brz-columns brz-css-hqjut brz-css-tcapm\" data-custom-id=\"hchivtzhhztivnxnzntzxvwvlxaurklibfzs\">\n<div class=\"brz-bg overflow-hidden absolute top-0 left-0 w-full h-full\"><\/div>\n<div class=\"brz-column__items brz-css-eoedx\">\n<div class=\"brz-css-yuecz brz-wrapper\">\n<div class=\"brz-wp-shortcode brz-css-sivvl\" data-custom-id=\"zaywgxnmxjejptywhkbaoiabgsfmupczvdfq\">\n<div><div class=\"twer-map-wrapper treweler-map-fw\" ><div class=\"twer-iframe-embed\" style=\"height:500px;\"><iframe loading=\"lazy\" class=\"twer-iframe\" src=\"https:\/\/tlatelolcounam.mx\/caminoreal\/treweler-map\/guanajuato\/?tw=iframe&#038;twer-index=1&#038;twer-map-id=506&#038;twer-height=500px&#038;twer-type=fullwidth&#038;twer-scrollzoom=yes&#038;twer-width\"  frameborder=\"0\" title=\"Treweler Map\"><\/iframe><\/div><\/div><\/div>\n<\/div>\n<\/div>\n<\/div>\n<\/div>\n<\/div>\n<\/div>\n<\/div>\n<\/div>\n<\/section>\n<section data-uid=\"ndbrjwlkpgkbutqkhndxtwlghyzthupgxoer\" id=\"ndbrjwlkpgkbutqkhndxtwlghyzthupgxoer\" class=\"brz-section brz-css-pgilv\">\n<div class=\"brz-section__content brz-section--boxed brz-css-syrqq brz-css-nwhzr\" data-custom-id=\"pmpyqmquwlwwnbbqravyfmyyfwzjmupdrqwm\">\n<div class=\"brz-bg overflow-hidden absolute top-0 left-0 w-full h-full\">\n<div class=\"brz-bg-image absolute top-0 left-0 w-full h-full bg-no-repeat bg-cover\"><\/div>\n<div class=\"brz-bg-color absolute top-0 left-0 w-full h-full\"><\/div>\n<\/div>\n<div class=\"brz-container brz-css-pjqdd\">\n<div class=\"brz-row__container brz-css-dtyka\" data-custom-id=\"rqwpjjxbxtlnqzmsrcnossttmlptixpkffzd\">\n<div class=\"brz-bg overflow-hidden absolute top-0 left-0 w-full h-full\"><\/div>\n<div class=\"brz-row brz-css-aikwg brz-css-zievm\">\n<div class=\"brz-columns brz-css-hqjut brz-css-ymgaa\" data-custom-id=\"xaaalhzkzqlrmtdjmawghruivhqtxdirzppf\">\n<div class=\"brz-bg overflow-hidden absolute top-0 left-0 w-full h-full\"><\/div>\n<div class=\"brz-column__items brz-css-eoedx brz-css-fjiui\">\n<div class=\"brz-css-yuecz brz-css-arnqe brz-wrapper\">\n<div class=\"brz-image brz-css-wtkvx\"><img decoding=\"async\" class=\"brz-img\" src=\"https:\/\/tlatelolcounam.mx\/caminoreal\/wp-content\/uploads\/brizy\/imgs\/logo-1-293x101x0x1x293x100x1642108354.png\" alt=\"\" loading=\"lazy\" \/><\/div>\n<\/div>\n<div class=\"brz-css-yuecz brz-css-mxzta brz-wrapper\">\n<div class=\"brz-spacer brz-css-duvul brz-css-bwths\"><\/div>\n<\/div>\n<div class=\"brz-css-yuecz brz-wrapper\">\n<div class=\"brz-rich-text brz-rich-text__custom brz-css-ezkms\" data-custom-id=\"gjegktnrmoofavhpkpcvkadjakmwzcgirice\">\n<div>\n<p class=\"brz-css-qesxg\" data-uniq-id=\"euomf\" data-generated-css=\"brz-css-qlfmh\"><span>Ricardo Flores Mag\u00f3n 1. <\/span><\/p>\n<p class=\"brz-css-onmhj\" data-uniq-id=\"fkrdx\" data-generated-css=\"brz-css-lepkg\"><span>Col. Nonoalco-Tlatelolco C.P. 06995. <\/span><\/p>\n<p class=\"brz-css-dscwp\" data-uniq-id=\"gutxj\" data-generated-css=\"brz-css-zxvpu\"><span>ccutlatelolco@gmail.com<\/span><\/p>\n<p class=\"brz-css-tlngm\" data-generated-css=\"brz-css-fwbyw\" data-uniq-id=\"yzdzu\"><span>5117 2818 ext. 49613<\/span><\/p>\n<\/div>\n<\/div>\n<\/div>\n<\/div>\n<\/div>\n<div class=\"brz-columns brz-css-hqjut brz-css-hldhk\" data-custom-id=\"jybrkyhtenvuwpnijtazsyakuxqgnnoseczd\">\n<div class=\"brz-bg overflow-hidden absolute top-0 left-0 w-full h-full\"><\/div>\n<div class=\"brz-column__items brz-css-eoedx\">\n<div class=\"brz-css-yuecz brz-wrapper\">\n<div class=\"brz-rich-text brz-rich-text__custom brz-css-ezkms\" data-custom-id=\"oimqqfmucarphaxhwlmqbfdxkftpbxtovvqc\">\n<div>\n<p class=\"brz-css-bmnml\" data-uniq-id=\"pdybz\" data-generated-css=\"brz-css-custc\"><span>M\u00e1s sobre el CCUT<\/span><\/p>\n<\/div>\n<\/div>\n<\/div>\n<div class=\"brz-css-yuecz brz-css-mxzta brz-wrapper\">\n<div class=\"brz-spacer brz-css-duvul brz-css-zsyni\"><\/div>\n<\/div>\n<div class=\"brz-css-yuecz brz-wrapper\">\n<div class=\"brz-rich-text brz-rich-text__custom brz-css-ezkms\" data-custom-id=\"gxigcfbxvzsgnlvlwcdybycvapjuwmneuqll\">\n<div>\n<p class=\"brz-css-frkgi\" data-uniq-id=\"frwjr\" data-generated-css=\"brz-css-laqsj\"><span>Seminario <\/span><\/p>\n<p class=\"brz-css-oktjy\" data-uniq-id=\"vnkoo\" data-generated-css=\"brz-css-dmrvc\"><span>Memorias<\/span><\/p>\n<p class=\"brz-css-ompoy\" data-uniq-id=\"dcvrt\" data-generated-css=\"brz-css-bwatq\"><span>Resistencias<\/span><\/p>\n<p class=\"brz-css-duhmn\" data-generated-css=\"brz-css-vpotn\" data-uniq-id=\"xkgby\"><span>Comunidades<\/span><\/p>\n<\/div>\n<\/div>\n<\/div>\n<div class=\"brz-css-yuecz brz-wrapper\">\n<div class=\"brz-rich-text brz-rich-text__custom brz-css-ezkms\" data-custom-id=\"xtcvlflqpoikgxvqpzuaqmrqxcjfkrkjwfvv\">\n<div>\n<p class=\"brz-css-auzkz\" data-uniq-id=\"icvhm\" data-generated-css=\"brz-css-gzhjx\"><\/p>\n<\/div>\n<\/div>\n<\/div>\n<\/div>\n<\/div>\n<div class=\"brz-columns brz-css-hqjut brz-css-azwur\" data-custom-id=\"obkciwtkkjpitsdmktdwoxjnkingtwlwtwex\">\n<div class=\"brz-bg overflow-hidden absolute top-0 left-0 w-full h-full\"><\/div>\n<div class=\"brz-column__items brz-css-eoedx\">\n<div class=\"brz-css-yuecz brz-wrapper\">\n<div class=\"brz-rich-text brz-rich-text__custom brz-css-ezkms\" data-custom-id=\"hejxlkpgheztqygkkhovvbvsxhxiclvfflwn\">\n<div>\n<p class=\"brz-css-bjyaw\" data-uniq-id=\"wbckk\" data-generated-css=\"brz-css-akbyj\"><span class=\"brz-cp-color8\">S\u00edguenos<\/span><\/p>\n<\/div>\n<\/div>\n<\/div>\n<div class=\"brz-css-yuecz brz-css-mxzta brz-wrapper\">\n<div class=\"brz-spacer brz-css-duvul brz-css-wgpmu\"><\/div>\n<\/div>\n<div class=\"brz-css-yuecz brz-css-syvlj brz-wrapper\">\n<div class=\"brz-icon-text brz-css-cjbwj brz-css-fhdkl\" data-custom-id=\"hkvvxjleyubdmhedbanhlqpxwtdhpvhyaszc\">\n<div id class=\"brz-icon__container\" data-custom-id=\"ucwnefmefgnvdcmiyczgokacmmcsujrcytip\"><span class=\"brz-icon brz-span brz-css-sevhl brz-css-gjsgi\"><\/span><\/div>\n<div class=\"brz-text-btn\">\n<div class=\"brz-rich-text brz-rich-text__custom brz-css-ezkms\" data-custom-id=\"wcbuysdkccpjzkbekfchujzptciggqhompzj\">\n<div>\n<p class=\"brz-css-hktat\"><span>Twitter<\/span><\/p>\n<\/div>\n<\/div>\n<\/div>\n<\/div>\n<\/div>\n<div class=\"brz-css-yuecz brz-css-ezzal brz-wrapper\">\n<div class=\"brz-icon-text brz-css-cjbwj brz-css-rjifz\" data-custom-id=\"ikszxadkeozaifxojioelesmfywtcarnsmca\">\n<div id class=\"brz-icon__container\" data-custom-id=\"mtfapomewsekpqgrftisobranvbrmcougqdc\"><span class=\"brz-icon brz-span brz-css-sevhl brz-css-xgmob\"><\/span><\/div>\n<div class=\"brz-text-btn\">\n<div class=\"brz-rich-text brz-rich-text__custom brz-css-ezkms\" data-custom-id=\"nqdzfkxbnrjlhusyjbvndfwedytoicbgawti\">\n<div>\n<p class=\"brz-css-oxugt\"><span>Facebook<\/span><\/p>\n<\/div>\n<\/div>\n<\/div>\n<\/div>\n<\/div>\n<div class=\"brz-css-yuecz brz-wrapper\">\n<div class=\"brz-icon-text brz-css-cjbwj brz-css-makqx\" data-custom-id=\"acmefhnhhauqwjkazatdzpivjexylgfhynym\">\n<div id class=\"brz-icon__container\" data-custom-id=\"sqmtawdmrzpfwksomrrdsabkeuddcaptlfna\"><span class=\"brz-icon brz-span brz-css-sevhl brz-css-vmyrr\"><\/span><\/div>\n<div class=\"brz-text-btn\">\n<div class=\"brz-rich-text brz-rich-text__custom brz-css-ezkms\" data-custom-id=\"gqpegedfnkrbdkvwkrdxddisxzrfmkmnfwnr\">\n<div>\n<p class=\"brz-css-oafmz\"><span>Youtube<\/span><\/p>\n<\/div>\n<\/div>\n<\/div>\n<\/div>\n<\/div>\n<\/div>\n<\/div>\n<\/div>\n<\/div>\n<div class=\"brz-css-yuecz brz-wrapper\">\n<div class=\"brz-image brz-css-ixoii\"><img decoding=\"async\" class=\"brz-img\" src=\"https:\/\/tlatelolcounam.mx\/caminoreal\/wp-content\/uploads\/brizy\/imgs\/escudo-firma-176x88x0x0x176x88x1642108760.png\" alt=\"\" loading=\"lazy\" \/><\/div>\n<\/div>\n<div class=\"brz-css-yuecz brz-css-lmxgh brz-wrapper\">\n<div class=\"brz-line brz-line-default brz-css-abczx brz-css-tojfu\" data-custom-id=\"ajxbhuiaiipvpvmusgjbijyjphdxtqzilafc\">\n<hr class=\"brz-hr\" \/><\/div>\n<\/div>\n<div class=\"brz-css-yuecz brz-wrapper\">\n<div class=\"brz-rich-text brz-rich-text__custom brz-css-ezkms\" data-custom-id=\"mvzortkfjmkxciwtzjnvltotxinxijsnuqnu\">\n<div>\n<p class=\"brz-css-djmxj\" data-uniq-id=\"yqtzc\" data-generated-css=\"brz-css-kwjoz\"><span>Esta p\u00e1gina y el contenido de la misma se encuentran protegidos por propiedad intelectual, confidencialidad entre las partes, as\u00ed como por normativa general y universitaria vigente de Transparencia, Acceso a la Informaci\u00f3n P\u00fablica y Protecci\u00f3n de Datos Personales. UNAM-CCUT.<\/span><\/p>\n<\/div>\n<\/div>\n<\/div>\n<\/div>\n<\/div>\n<\/section>\n<\/div>\n<p><!-- version:1673298583 --><\/p>\n","protected":false},"excerpt":{"rendered":"<p>Inicio Estados Historia GUANAJUATO El Camino Real de Tierra Adentro atravesaba 200 km por el estado de Guanajuato. Gracias a la b\u00fasqueda de agua potable por soldados y ganaderos, fue posible forjar las rutas de este camino, pues la ubicaci\u00f3n geogr\u00e1fica de este estado convert\u00eda al agua en un recurso escaso. La UNESCO destaca seis [&hellip;]<\/p>\n","protected":false},"author":7,"featured_media":0,"parent":0,"menu_order":0,"comment_status":"closed","ping_status":"closed","template":"brizy-blank-template.php","meta":{"footnotes":""},"class_list":["post-1009","page","type-page","status-publish","hentry"],"_links":{"self":[{"href":"https:\/\/tlatelolcounam.mx\/caminoreal\/wp-json\/wp\/v2\/pages\/1009","targetHints":{"allow":["GET"]}}],"collection":[{"href":"https:\/\/tlatelolcounam.mx\/caminoreal\/wp-json\/wp\/v2\/pages"}],"about":[{"href":"https:\/\/tlatelolcounam.mx\/caminoreal\/wp-json\/wp\/v2\/types\/page"}],"author":[{"embeddable":true,"href":"https:\/\/tlatelolcounam.mx\/caminoreal\/wp-json\/wp\/v2\/users\/7"}],"replies":[{"embeddable":true,"href":"https:\/\/tlatelolcounam.mx\/caminoreal\/wp-json\/wp\/v2\/comments?post=1009"}],"version-history":[{"count":30,"href":"https:\/\/tlatelolcounam.mx\/caminoreal\/wp-json\/wp\/v2\/pages\/1009\/revisions"}],"predecessor-version":[{"id":39542,"href":"https:\/\/tlatelolcounam.mx\/caminoreal\/wp-json\/wp\/v2\/pages\/1009\/revisions\/39542"}],"wp:attachment":[{"href":"https:\/\/tlatelolcounam.mx\/caminoreal\/wp-json\/wp\/v2\/media?parent=1009"}],"curies":[{"name":"wp","href":"https:\/\/api.w.org\/{rel}","templated":true}]}}